{"id":13087,"date":"2025-06-29T14:49:28","date_gmt":"2025-06-29T12:49:28","guid":{"rendered":"https:\/\/uj.adatbank.ro\/lexikon\/termek\/kovats-imre-2\/"},"modified":"2025-06-29T14:49:28","modified_gmt":"2025-06-29T12:49:28","slug":"kovats-imre-2","status":"publish","type":"product","link":"https:\/\/uj.adatbank.ro\/lexikon\/termek\/kovats-imre-2\/","title":{"rendered":"KOV\u00c1TS Imre"},"content":{"rendered":"<p>Ny\u00e1r\u00e1dremete (Maros), 1817., \u2020 Ny\u00e1r\u00e1dremete, 1901.: jog\u00e1sz. \u2013 Iskol\u00e1it Remet\u00e9n kezdte, jogi tanulm\u00e1nyai befejez\u00e9se ut\u00e1n visszat\u00e9rt sz\u00fcl\u0151f\u00f6ldj\u00e9re. R\u00e9szt vett az 1848\u201349-es forradalomban \u00e9s szabads\u00e1gharcban mint Marossz\u00e9k nemzet\u0151rs\u00e9g\u00e9nek egyik biztosa, a nemzet\u0151rs\u00e9g \u00f6nk\u00e9ntese, k\u00e9s\u0151bb \u0151rnagya (1848 m\u00e1j. \u2013). Marossz\u00e9k k\u00e9pvisel\u0151-v\u00e1lasztm\u00e1ny\u00e1nak tagja lett (1849 m\u00e1j. 13\u2013). A forradalom lever\u00e9se ut\u00e1n sz\u00fcl\u0151faluj\u00e1nak a jegyegyz\u0151je. A m\u00e1sodik tan\u00edt\u00f3i lak\u00e1s telk\u00e9nek megszerz\u00e9s\u00e9re 400 ft. -t adom\u00e1nyozott, majd kezdem\u00e9nyez\u0151je \u00e9s t\u00e1mogat\u00f3ja volt a ny\u00e1r\u00e1dremetei Ezred\u00e9vi Eml\u00e9km\u0171 fel\u00e1ll\u00edt\u00e1s\u00e1nak. Az egyetlen erd\u00e9lyi politikus, akinek 1848 \u0151sz\u00e9n siker\u00fclt m. -rom\u00e1n k\u00f6lcs\u00f6n\u00f6s megnemt\u00e1mad\u00e1si szerz\u0151d\u00e9st tet\u0151 al\u00e1 hoznia. <br \/><strong>Irod.:<\/strong> Ny\u00e1r\u00e1dremete<\/br><\/p>\n","protected":false},"excerpt":{"rendered":"<p>Ny\u00e1r\u00e1dremete (Maros), 1817., \u2020 Ny\u00e1r\u00e1dremete, 1901.: jog\u00e1sz. \u2013 Iskol\u00e1it Remet\u00e9n kezdte, jogi tanulm\u00e1nyai befejez\u00e9se ut\u00e1n visszat\u00e9rt sz\u00fcl\u0151f\u00f6ldj\u00e9re. R\u00e9szt vett az 1848\u201349-es forradalomban \u00e9s szabads\u00e1gharcban mint Marossz\u00e9k nemzet\u0151rs\u00e9g\u00e9nek egyik biztosa, a nemzet\u0151rs\u00e9g \u00f6nk\u00e9ntese, k\u00e9s\u0151bb \u0151rnagya (1848 m\u00e1j. \u2013). Marossz\u00e9k k\u00e9pvisel\u0151-v\u00e1lasztm\u00e1ny\u00e1nak tagja lett (1849 m\u00e1j. 13\u2013). A forradalom lever\u00e9se ut\u00e1n sz\u00fcl\u0151faluj\u00e1nak a jegyegyz\u0151je. A m\u00e1sodik tan\u00edt\u00f3i lak\u00e1s [&hellip;]<\/p>\n","protected":false},"featured_media":0,"comment_status":"open","ping_status":"closed","template":"","meta":[],"product_brand":[],"product_cat":[137],"product_tag":[],"class_list":{"0":"post-13087","1":"product","2":"type-product","3":"status-publish","5":"product_cat-maros-megyei-eletrajzi-lexikon","7":"first","8":"instock","9":"shipping-taxable","10":"product-type-simple"},"_links":{"self":[{"href":"https:\/\/uj.adatbank.ro\/lexikon\/wp-json\/wp\/v2\/product\/13087","targetHints":{"allow":["GET"]}}],"collection":[{"href":"https:\/\/uj.adatbank.ro\/lexikon\/wp-json\/wp\/v2\/product"}],"about":[{"href":"https:\/\/uj.adatbank.ro\/lexikon\/wp-json\/wp\/v2\/types\/product"}],"replies":[{"embeddable":true,"href":"https:\/\/uj.adatbank.ro\/lexikon\/wp-json\/wp\/v2\/comments?post=13087"}],"wp:attachment":[{"href":"https:\/\/uj.adatbank.ro\/lexikon\/wp-json\/wp\/v2\/media?parent=13087"}],"wp:term":[{"taxonomy":"product_brand","embeddable":true,"href":"https:\/\/uj.adatbank.ro\/lexikon\/wp-json\/wp\/v2\/product_brand?post=13087"},{"taxonomy":"product_cat","embeddable":true,"href":"https:\/\/uj.adatbank.ro\/lexikon\/wp-json\/wp\/v2\/product_cat?post=13087"},{"taxonomy":"product_tag","embeddable":true,"href":"https:\/\/uj.adatbank.ro\/lexikon\/wp-json\/wp\/v2\/product_tag?post=13087"}],"curies":[{"name":"wp","href":"https:\/\/api.w.org\/{rel}","templated":true}]}}

KOVÁTS Imre

<p>Nyárádremete (Maros), 1817., † Nyárádremete, 1901.: jogász. – Iskoláit Remetén kezdte, jogi tanulmányai befejezése után visszatért szülőföldjére. Részt vett az 1848–49-es forradalomban és szabadságharcban mint Marosszék nemzetőrségének egyik biztosa, a nemzetőrség önkéntese, később őrnagya (1848 máj. –). Marosszék képviselő-választmányának tagja lett (1849 máj. 13–). A forradalom leverése után szülőfalujának a jegyegyzője. A második tanítói lakás telkének megszerzésére 400 ft. -t adományozott, majd kezdeményezője és támogatója volt a nyárádremetei Ezredévi Emlékmű felállításának. Az egyetlen erdélyi politikus, akinek 1848 őszén sikerült m. -román kölcsönös megnemtámadási szerződést tető alá hoznia. <br /><strong>Irod.:</strong> Nyárádremete</br></p>

<p>Nyárádremete (Maros), 1817., † Nyárádremete, 1901.: jogász. – Iskoláit Remetén kezdte, jogi tanulmányai befejezése után visszatért szülőföldjére. Részt vett az 1848–49-es forradalomban és szabadságharcban mint Marosszék nemzetőrségének egyik biztosa, a nemzetőrség önkéntese, később őrnagya (1848 máj. –). Marosszék képviselő-választmányának tagja lett (1849 máj. 13–). A forradalom leverése után szülőfalujának a jegyegyzője. A második tanítói lakás [&hellip;]</p>
