{"id":13090,"date":"2025-06-29T14:49:35","date_gmt":"2025-06-29T12:49:35","guid":{"rendered":"https:\/\/uj.adatbank.ro\/lexikon\/termek\/kovats-ivan\/"},"modified":"2025-06-29T14:49:35","modified_gmt":"2025-06-29T12:49:35","slug":"kovats-ivan","status":"publish","type":"product","link":"https:\/\/uj.adatbank.ro\/lexikon\/termek\/kovats-ivan\/","title":{"rendered":"KOV\u00c1TS Iv\u00e1n"},"content":{"rendered":"<p>Kv., 1921. dec. 11., \u2020 K\u00f6ln, 1983 : m\u0171kritikus. \u2013 K. Benedek fia. \u2013 A mv.-i Ref. Koll.-ban v\u00e9gezte els\u0151 k\u00e9t gimn\u00e1ziumi oszt\u00e1ly\u00e1t, majd a Mih\u00e1ly rom\u00e1n tr\u00f3n\u00f6r\u00f6k\u00f6s sz\u00e1m\u00e1ra l\u00e9tes\u00edtett s egy-egy kisebbs\u00e9gi tanul\u00f3t is befogad\u00f3 k\u00fcl\u00f6nleges oszt\u00e1lyban tanult Buk.-ben \u00e9s a sinaiai Peles kast\u00e9lyban (1934\u201338), az utlos\u00f3 k\u00e9t \u00e9vet ism\u00e9t Mv.-en v\u00e9gezte (1940); a kv.-i Tudom\u00e1nmyegyetem orvosi kar\u00e1n n\u00e9gy \u00e9vet hallgatott, ek\u00f6zben k\u00e9t orvosi dolgozata jelent meg Hadnagy Csab\u00e1val k\u00f6z\u00f6sen; a KZST tagja (1947\u2013), sz\u00e9kfoglal\u00f3j\u00e1t a H\u00e1bor\u00fa c. novell\u00e1j\u00e1val tartotta. Az 1960-as \u00e9vekben az El\u0151re munkat\u00e1rsa, a 70-es \u00e9vek elej\u00e9n N\u00e9meto. -ba disszid\u00e1lt, ahol egyes inform\u00e1ci\u00f3k a SZER m. m\u0171sorai sz\u00e1m\u00e1ra \u00edrt \u00e9s ford\u00edtott, de soha nem volt a SZER munkat\u00e1rsa. K\u00f6lnben a Detsche Welle szerkeszt\u0151s\u00e9g\u00e9ben dolgozott, m. t\u00e9m\u00e1j\u00fa \u00edr\u00e1sait olvasta fel. F\u0151leg sz\u00ednh\u00e1zi, zenei, k\u00e9pz\u0151m\u0171v\u00e9szeti t\u00e1rgy\u00fa riportokkal, megeml\u00e9kez\u00e9sekkel szereppelt az Igaz Sz\u00f3, \u00daj \u00c9let, V\u00f6r\u00f6s Z\u00e1szl\u00f3 A H\u00e9t, Korunk has\u00e1bjain. Haszontalan giccs, vagy hasznos m\u0171v\u00e9szet? c. \u00edr\u00e1sa a Korunkban jelent meg (1962\/8). Ugyanitt \u00edr Gy. Szab\u00f3 B\u00e9la Dante-metszeteinek forr\u00e1sair\u00f3l (1965\/5) \u00e9s k\u00f6zli Az utca eszt\u00e9tik\u00e1ja c. tanulm\u00e1ny\u00e1t (1965\/11). <br \/><strong>Irod.:<\/strong> Beke Gy\u00f6rgy: Kir\u00e1lyi oszt\u00e1lyt\u00e1rs (Sz\u00e9kelyf\u00f6ld, 1. sz., 1997); Ol\u00e1h-G\u00e1l R\u00f3bert: Eml\u00e9kek nyom\u00e1ban: K. B. \u00e9s a Nagyhegysz\u0151l\u0151 (N\u00fa., Sz\u00ednes Vil\u00e1g, 2008. febr. 9..); RMIL<\/br><\/p>\n","protected":false},"excerpt":{"rendered":"<p>Kv., 1921. dec. 11., \u2020 K\u00f6ln, 1983 : m\u0171kritikus. \u2013 K. Benedek fia. \u2013 A mv.-i Ref. Koll.-ban v\u00e9gezte els\u0151 k\u00e9t gimn\u00e1ziumi oszt\u00e1ly\u00e1t, majd a Mih\u00e1ly rom\u00e1n tr\u00f3n\u00f6r\u00f6k\u00f6s sz\u00e1m\u00e1ra l\u00e9tes\u00edtett s egy-egy kisebbs\u00e9gi tanul\u00f3t is befogad\u00f3 k\u00fcl\u00f6nleges oszt\u00e1lyban tanult Buk.-ben \u00e9s a sinaiai Peles kast\u00e9lyban (1934\u201338), az utlos\u00f3 k\u00e9t \u00e9vet ism\u00e9t Mv.-en v\u00e9gezte (1940); a [&hellip;]<\/p>\n","protected":false},"featured_media":0,"comment_status":"open","ping_status":"closed","template":"","meta":[],"product_brand":[],"product_cat":[137],"product_tag":[],"class_list":{"0":"post-13090","1":"product","2":"type-product","3":"status-publish","5":"product_cat-maros-megyei-eletrajzi-lexikon","7":"first","8":"instock","9":"shipping-taxable","10":"product-type-simple"},"_links":{"self":[{"href":"https:\/\/uj.adatbank.ro\/lexikon\/wp-json\/wp\/v2\/product\/13090","targetHints":{"allow":["GET"]}}],"collection":[{"href":"https:\/\/uj.adatbank.ro\/lexikon\/wp-json\/wp\/v2\/product"}],"about":[{"href":"https:\/\/uj.adatbank.ro\/lexikon\/wp-json\/wp\/v2\/types\/product"}],"replies":[{"embeddable":true,"href":"https:\/\/uj.adatbank.ro\/lexikon\/wp-json\/wp\/v2\/comments?post=13090"}],"wp:attachment":[{"href":"https:\/\/uj.adatbank.ro\/lexikon\/wp-json\/wp\/v2\/media?parent=13090"}],"wp:term":[{"taxonomy":"product_brand","embeddable":true,"href":"https:\/\/uj.adatbank.ro\/lexikon\/wp-json\/wp\/v2\/product_brand?post=13090"},{"taxonomy":"product_cat","embeddable":true,"href":"https:\/\/uj.adatbank.ro\/lexikon\/wp-json\/wp\/v2\/product_cat?post=13090"},{"taxonomy":"product_tag","embeddable":true,"href":"https:\/\/uj.adatbank.ro\/lexikon\/wp-json\/wp\/v2\/product_tag?post=13090"}],"curies":[{"name":"wp","href":"https:\/\/api.w.org\/{rel}","templated":true}]}}

KOVÁTS Iván

<p>Kv., 1921. dec. 11., † Köln, 1983 : műkritikus. – K. Benedek fia. – A mv.-i Ref. Koll.-ban végezte első két gimnáziumi osztályát, majd a Mihály román trónörökös számára létesített s egy-egy kisebbségi tanulót is befogadó különleges osztályban tanult Buk.-ben és a sinaiai Peles kastélyban (1934–38), az utlosó két évet ismét Mv.-en végezte (1940); a kv.-i Tudománmyegyetem orvosi karán négy évet hallgatott, eközben két orvosi dolgozata jelent meg Hadnagy Csabával közösen; a KZST tagja (1947–), székfoglalóját a Háború c. novellájával tartotta. Az 1960-as években az Előre munkatársa, a 70-es évek elején Németo. -ba disszidált, ahol egyes információk a SZER m. műsorai számára írt és fordított, de soha nem volt a SZER munkatársa. Kölnben a Detsche Welle szerkesztőségében dolgozott, m. témájú írásait olvasta fel. Főleg színházi, zenei, képzőművészeti tárgyú riportokkal, megemlékezésekkel szereppelt az Igaz Szó, Új Élet, Vörös Zászló A Hét, Korunk hasábjain. Haszontalan giccs, vagy hasznos művészet? c. írása a Korunkban jelent meg (1962/8). Ugyanitt ír Gy. Szabó Béla Dante-metszeteinek forrásairól (1965/5) és közli Az utca esztétikája c. tanulmányát (1965/11). <br /><strong>Irod.:</strong> Beke György: Királyi osztálytárs (Székelyföld, 1. sz., 1997); Oláh-Gál Róbert: Emlékek nyomában: K. B. és a Nagyhegyszőlő (Nú., Színes Világ, 2008. febr. 9..); RMIL</br></p>

<p>Kv., 1921. dec. 11., † Köln, 1983 : műkritikus. – K. Benedek fia. – A mv.-i Ref. Koll.-ban végezte első két gimnáziumi osztályát, majd a Mihály román trónörökös számára létesített s egy-egy kisebbségi tanulót is befogadó különleges osztályban tanult Buk.-ben és a sinaiai Peles kastélyban (1934–38), az utlosó két évet ismét Mv.-en végezte (1940); a [&hellip;]</p>
