{"id":13103,"date":"2025-06-29T14:50:02","date_gmt":"2025-06-29T12:50:02","guid":{"rendered":"https:\/\/uj.adatbank.ro\/lexikon\/termek\/kovats-lajos-kovats-ludovicus\/"},"modified":"2025-06-29T14:50:02","modified_gmt":"2025-06-29T12:50:02","slug":"kovats-lajos-kovats-ludovicus","status":"publish","type":"product","link":"https:\/\/uj.adatbank.ro\/lexikon\/termek\/kovats-lajos-kovats-ludovicus\/","title":{"rendered":"KOV\u00c1TS Lajos, Kov\u00e1ts Ludovicus"},"content":{"rendered":"<p>K\u00e9zdiv\u00e1s\u00e1rhely, 1811. k.? \u2020 ? : egyetemihallgat\u00f3. \u2013 Apja K. J\u00e1nos, gy\u00f3gyszer\u00e9sz Mv.-en (\u2020 Mv., 1845. aug. 26.). Pesten, 22 \u00e9vesen, gy\u00f3gyszer\u00e9szetet tanult, gyakorlati vizsg\u00e1t tett, szigorlatozott, felesk\u00fcd\u00f6tt \u00e9s diplom\u00e1t kapott (1832. aug. 13.). Vizsga\u00e9rtekez\u00e9s\u00e9t a cs\u00edktusn\u00e1di Kov\u00e1ts Mikl\u00f3s (1769\u20131852) erd\u00e9lyi katolikus p\u00fcsp\u00f6knek aj\u00e1nlotta. \u2013 <strong>F. m.:<\/strong> Gy\u00f3gyszeres \u00e9rtekez\u00e9sek a K\u00e9nsavas R\u00e9z-H\u00fagyagr\u00f3l (De Sulfate cupri Ammoniacali) \u00e9s lep\u00e1rolt Dippel olajr\u00f3l, (De Oleo Destillato Dippelii) (Pest, 1833). <br \/><strong>Irod.:<\/strong> D\u00f6rnyei 2010; Szab\u00f3 Mikl\u00f3s 2005<\/br><\/p>\n","protected":false},"excerpt":{"rendered":"<p>K\u00e9zdiv\u00e1s\u00e1rhely, 1811. k.? \u2020 ? : egyetemihallgat\u00f3. \u2013 Apja K. J\u00e1nos, gy\u00f3gyszer\u00e9sz Mv.-en (\u2020 Mv., 1845. aug. 26.). Pesten, 22 \u00e9vesen, gy\u00f3gyszer\u00e9szetet tanult, gyakorlati vizsg\u00e1t tett, szigorlatozott, felesk\u00fcd\u00f6tt \u00e9s diplom\u00e1t kapott (1832. aug. 13.). Vizsga\u00e9rtekez\u00e9s\u00e9t a cs\u00edktusn\u00e1di Kov\u00e1ts Mikl\u00f3s (1769\u20131852) erd\u00e9lyi katolikus p\u00fcsp\u00f6knek aj\u00e1nlotta. \u2013 F. m.: Gy\u00f3gyszeres \u00e9rtekez\u00e9sek a K\u00e9nsavas R\u00e9z-H\u00fagyagr\u00f3l (De Sulfate cupri [&hellip;]<\/p>\n","protected":false},"featured_media":0,"comment_status":"open","ping_status":"closed","template":"","meta":[],"product_brand":[],"product_cat":[137],"product_tag":[],"class_list":{"0":"post-13103","1":"product","2":"type-product","3":"status-publish","5":"product_cat-maros-megyei-eletrajzi-lexikon","7":"first","8":"instock","9":"shipping-taxable","10":"product-type-simple"},"_links":{"self":[{"href":"https:\/\/uj.adatbank.ro\/lexikon\/wp-json\/wp\/v2\/product\/13103","targetHints":{"allow":["GET"]}}],"collection":[{"href":"https:\/\/uj.adatbank.ro\/lexikon\/wp-json\/wp\/v2\/product"}],"about":[{"href":"https:\/\/uj.adatbank.ro\/lexikon\/wp-json\/wp\/v2\/types\/product"}],"replies":[{"embeddable":true,"href":"https:\/\/uj.adatbank.ro\/lexikon\/wp-json\/wp\/v2\/comments?post=13103"}],"wp:attachment":[{"href":"https:\/\/uj.adatbank.ro\/lexikon\/wp-json\/wp\/v2\/media?parent=13103"}],"wp:term":[{"taxonomy":"product_brand","embeddable":true,"href":"https:\/\/uj.adatbank.ro\/lexikon\/wp-json\/wp\/v2\/product_brand?post=13103"},{"taxonomy":"product_cat","embeddable":true,"href":"https:\/\/uj.adatbank.ro\/lexikon\/wp-json\/wp\/v2\/product_cat?post=13103"},{"taxonomy":"product_tag","embeddable":true,"href":"https:\/\/uj.adatbank.ro\/lexikon\/wp-json\/wp\/v2\/product_tag?post=13103"}],"curies":[{"name":"wp","href":"https:\/\/api.w.org\/{rel}","templated":true}]}}