{"id":13112,"date":"2025-06-29T14:50:23","date_gmt":"2025-06-29T12:50:23","guid":{"rendered":"https:\/\/uj.adatbank.ro\/lexikon\/termek\/kovats-peter-2\/"},"modified":"2025-06-29T14:50:23","modified_gmt":"2025-06-29T12:50:23","slug":"kovats-peter-2","status":"publish","type":"product","link":"https:\/\/uj.adatbank.ro\/lexikon\/termek\/kovats-peter-2\/","title":{"rendered":"KOV\u00c1TS P\u00e9ter"},"content":{"rendered":"<p>? \u2020 ? : k\u00f6lt\u0151. \u2013 <strong>F. m.:<\/strong> T\u00fck\u00f6r el\u0151tt (Versek, Tg. M., 1937). <br \/><strong>Irod.:<\/strong> F\u00fcl\u00f6p\u2013Ferencz; Valentiny 1938<\/br><\/p>\n","protected":false},"excerpt":{"rendered":"<p>? \u2020 ? : k\u00f6lt\u0151. \u2013 F. m.: T\u00fck\u00f6r el\u0151tt (Versek, Tg. M., 1937). Irod.: F\u00fcl\u00f6p\u2013Ferencz; Valentiny 1938<\/p>\n","protected":false},"featured_media":0,"comment_status":"open","ping_status":"closed","template":"","meta":[],"product_brand":[],"product_cat":[137],"product_tag":[],"class_list":{"0":"post-13112","1":"product","2":"type-product","3":"status-publish","5":"product_cat-maros-megyei-eletrajzi-lexikon","7":"first","8":"instock","9":"shipping-taxable","10":"product-type-simple"},"_links":{"self":[{"href":"https:\/\/uj.adatbank.ro\/lexikon\/wp-json\/wp\/v2\/product\/13112","targetHints":{"allow":["GET"]}}],"collection":[{"href":"https:\/\/uj.adatbank.ro\/lexikon\/wp-json\/wp\/v2\/product"}],"about":[{"href":"https:\/\/uj.adatbank.ro\/lexikon\/wp-json\/wp\/v2\/types\/product"}],"replies":[{"embeddable":true,"href":"https:\/\/uj.adatbank.ro\/lexikon\/wp-json\/wp\/v2\/comments?post=13112"}],"wp:attachment":[{"href":"https:\/\/uj.adatbank.ro\/lexikon\/wp-json\/wp\/v2\/media?parent=13112"}],"wp:term":[{"taxonomy":"product_brand","embeddable":true,"href":"https:\/\/uj.adatbank.ro\/lexikon\/wp-json\/wp\/v2\/product_brand?post=13112"},{"taxonomy":"product_cat","embeddable":true,"href":"https:\/\/uj.adatbank.ro\/lexikon\/wp-json\/wp\/v2\/product_cat?post=13112"},{"taxonomy":"product_tag","embeddable":true,"href":"https:\/\/uj.adatbank.ro\/lexikon\/wp-json\/wp\/v2\/product_tag?post=13112"}],"curies":[{"name":"wp","href":"https:\/\/api.w.org\/{rel}","templated":true}]}}