{"id":13119,"date":"2025-06-29T14:50:38","date_gmt":"2025-06-29T12:50:38","guid":{"rendered":"https:\/\/uj.adatbank.ro\/lexikon\/termek\/kovendi-alias-nagy-kovendi\/"},"modified":"2025-06-29T14:50:38","modified_gmt":"2025-06-29T12:50:38","slug":"kovendi-alias-nagy-kovendi","status":"publish","type":"product","link":"https:\/\/uj.adatbank.ro\/lexikon\/termek\/kovendi-alias-nagy-kovendi\/","title":{"rendered":"K\u00d6VENDI alias NAGY, k\u00f6vendi"},"content":{"rendered":"<p>a csal\u00e1d t\u00f6bb tagj\u00e1nak nemess\u00e9g\u00e9t meg\u00faj\u00edtott\u00e1k \u00e9s c\u00edmert kaptak (1703. j\u00fan. 6.). <br \/><strong>Irod.:<\/strong> P\u00e1lmay<\/br><\/p>\n","protected":false},"excerpt":{"rendered":"<p>a csal\u00e1d t\u00f6bb tagj\u00e1nak nemess\u00e9g\u00e9t meg\u00faj\u00edtott\u00e1k \u00e9s c\u00edmert kaptak (1703. j\u00fan. 6.). Irod.: P\u00e1lmay<\/p>\n","protected":false},"featured_media":0,"comment_status":"open","ping_status":"closed","template":"","meta":[],"product_brand":[],"product_cat":[137],"product_tag":[],"class_list":{"0":"post-13119","1":"product","2":"type-product","3":"status-publish","5":"product_cat-maros-megyei-eletrajzi-lexikon","7":"first","8":"instock","9":"shipping-taxable","10":"product-type-simple"},"_links":{"self":[{"href":"https:\/\/uj.adatbank.ro\/lexikon\/wp-json\/wp\/v2\/product\/13119","targetHints":{"allow":["GET"]}}],"collection":[{"href":"https:\/\/uj.adatbank.ro\/lexikon\/wp-json\/wp\/v2\/product"}],"about":[{"href":"https:\/\/uj.adatbank.ro\/lexikon\/wp-json\/wp\/v2\/types\/product"}],"replies":[{"embeddable":true,"href":"https:\/\/uj.adatbank.ro\/lexikon\/wp-json\/wp\/v2\/comments?post=13119"}],"wp:attachment":[{"href":"https:\/\/uj.adatbank.ro\/lexikon\/wp-json\/wp\/v2\/media?parent=13119"}],"wp:term":[{"taxonomy":"product_brand","embeddable":true,"href":"https:\/\/uj.adatbank.ro\/lexikon\/wp-json\/wp\/v2\/product_brand?post=13119"},{"taxonomy":"product_cat","embeddable":true,"href":"https:\/\/uj.adatbank.ro\/lexikon\/wp-json\/wp\/v2\/product_cat?post=13119"},{"taxonomy":"product_tag","embeddable":true,"href":"https:\/\/uj.adatbank.ro\/lexikon\/wp-json\/wp\/v2\/product_tag?post=13119"}],"curies":[{"name":"wp","href":"https:\/\/api.w.org\/{rel}","templated":true}]}}