{"id":13127,"date":"2025-06-29T14:50:54","date_gmt":"2025-06-29T12:50:54","guid":{"rendered":"https:\/\/uj.adatbank.ro\/lexikon\/termek\/kover-andras\/"},"modified":"2025-06-29T14:50:54","modified_gmt":"2025-06-29T12:50:54","slug":"kover-andras","status":"publish","type":"product","link":"https:\/\/uj.adatbank.ro\/lexikon\/termek\/kover-andras\/","title":{"rendered":"K\u00d6V\u00c9R Andr\u00e1s"},"content":{"rendered":"<p>\u00c9rsek\u00fajv\u00e1r, 1699. m\u00e1rc. 12., \u2020 Kom\u00e1rom, 1765. nov. 11.: Jezsuita hitsz\u00f3nok, \u00e1ldoz\u00f3 pap, tan\u00e1r. \u2013 14 \u00e9ves kor\u00e1ban l\u00e9pett a rendbe. A teol\u00f3gi\u00e1t Nagyszombaton v\u00e9gezte. Tan\u00e1r volt K\u0151szegen (1731\u2013), Esztergomban (1733\u201334), Kv.-on (1736\u20131737). A mv.-i r\u00f3mai katolikus altanoda \u00e9s neveldeh\u00e1z igazgat\u00f3ja (1738\u201341), majd h\u00e1zf\u00f6n\u00f6k, rektor t\u00f6bb helyen. A minorit\u00e1k boltj\u00e1nak m\u0171k\u00f6dtet\u00e9s\u00e9re egy Todor Luk\u00e1cs nev\u0171 \u00f6rm\u00e9ny keresked\u0151t alkalmazott (1739) ami\u00e9rt tax\u00e1t fizet a v\u00e1rosnak (50 r\u00e9nes forintot). T\u00f6bb egyh\u00e1zi besz\u00e9de jelent meg. \u2013 <strong>F. m.:<\/strong> Epistolae heroum et heroidum Hungariae (Cassoviae, 1825); Palaestra litteraria super argumenta polemico-moralia oratorie disputans (Cassoviae, 1726); Oratio de SS. Virginis intaminato conceptu (Tyrnaviae, 1728). <br \/><strong>Irod.:<\/strong> H\u00edres polg\u00e1rok; Id\u0151t\u00e1r 1; Kr\u00f3n. F\u00fcz. (1940. 4\/10); P\u00e1l-Antal S\u00e1ndor: \u00d6rm\u00e9nyek Mv.-en 1848 el\u0151tt=Pusk\u00e1s-Sz\u00e1sz \u00c1v\u00e9d; Pusk\u00e1s -Sz\u00e1sz \u00c1v\u00e9d; R. k. okt. \u2013 1; R. k. okt. \u20132; Szinnyei<\/br><\/p>\n","protected":false},"excerpt":{"rendered":"<p>\u00c9rsek\u00fajv\u00e1r, 1699. m\u00e1rc. 12., \u2020 Kom\u00e1rom, 1765. nov. 11.: Jezsuita hitsz\u00f3nok, \u00e1ldoz\u00f3 pap, tan\u00e1r. \u2013 14 \u00e9ves kor\u00e1ban l\u00e9pett a rendbe. A teol\u00f3gi\u00e1t Nagyszombaton v\u00e9gezte. Tan\u00e1r volt K\u0151szegen (1731\u2013), Esztergomban (1733\u201334), Kv.-on (1736\u20131737). A mv.-i r\u00f3mai katolikus altanoda \u00e9s neveldeh\u00e1z igazgat\u00f3ja (1738\u201341), majd h\u00e1zf\u00f6n\u00f6k, rektor t\u00f6bb helyen. A minorit\u00e1k boltj\u00e1nak m\u0171k\u00f6dtet\u00e9s\u00e9re egy Todor Luk\u00e1cs nev\u0171 [&hellip;]<\/p>\n","protected":false},"featured_media":0,"comment_status":"open","ping_status":"closed","template":"","meta":[],"product_brand":[],"product_cat":[137],"product_tag":[],"class_list":{"0":"post-13127","1":"product","2":"type-product","3":"status-publish","5":"product_cat-maros-megyei-eletrajzi-lexikon","7":"first","8":"instock","9":"shipping-taxable","10":"product-type-simple"},"_links":{"self":[{"href":"https:\/\/uj.adatbank.ro\/lexikon\/wp-json\/wp\/v2\/product\/13127","targetHints":{"allow":["GET"]}}],"collection":[{"href":"https:\/\/uj.adatbank.ro\/lexikon\/wp-json\/wp\/v2\/product"}],"about":[{"href":"https:\/\/uj.adatbank.ro\/lexikon\/wp-json\/wp\/v2\/types\/product"}],"replies":[{"embeddable":true,"href":"https:\/\/uj.adatbank.ro\/lexikon\/wp-json\/wp\/v2\/comments?post=13127"}],"wp:attachment":[{"href":"https:\/\/uj.adatbank.ro\/lexikon\/wp-json\/wp\/v2\/media?parent=13127"}],"wp:term":[{"taxonomy":"product_brand","embeddable":true,"href":"https:\/\/uj.adatbank.ro\/lexikon\/wp-json\/wp\/v2\/product_brand?post=13127"},{"taxonomy":"product_cat","embeddable":true,"href":"https:\/\/uj.adatbank.ro\/lexikon\/wp-json\/wp\/v2\/product_cat?post=13127"},{"taxonomy":"product_tag","embeddable":true,"href":"https:\/\/uj.adatbank.ro\/lexikon\/wp-json\/wp\/v2\/product_tag?post=13127"}],"curies":[{"name":"wp","href":"https:\/\/api.w.org\/{rel}","templated":true}]}}

KÖVÉR András

<p>Érsekújvár, 1699. márc. 12., † Komárom, 1765. nov. 11.: Jezsuita hitszónok, áldozó pap, tanár. – 14 éves korában lépett a rendbe. A teológiát Nagyszombaton végezte. Tanár volt Kőszegen (1731–), Esztergomban (1733–34), Kv.-on (1736–1737). A mv.-i római katolikus altanoda és neveldeház igazgatója (1738–41), majd házfönök, rektor több helyen. A minoriták boltjának működtetésére egy Todor Lukács nevű örmény kereskedőt alkalmazott (1739) amiért taxát fizet a városnak (50 rénes forintot). Több egyházi beszéde jelent meg. – <strong>F. m.:</strong> Epistolae heroum et heroidum Hungariae (Cassoviae, 1825); Palaestra litteraria super argumenta polemico-moralia oratorie disputans (Cassoviae, 1726); Oratio de SS. Virginis intaminato conceptu (Tyrnaviae, 1728). <br /><strong>Irod.:</strong> Híres polgárok; Időtár 1; Krón. Füz. (1940. 4/10); Pál-Antal Sándor: Örmények Mv.-en 1848 előtt=Puskás-Szász Ávéd; Puskás -Szász Ávéd; R. k. okt. – 1; R. k. okt. –2; Szinnyei</br></p>

<p>Érsekújvár, 1699. márc. 12., † Komárom, 1765. nov. 11.: Jezsuita hitszónok, áldozó pap, tanár. – 14 éves korában lépett a rendbe. A teológiát Nagyszombaton végezte. Tanár volt Kőszegen (1731–), Esztergomban (1733–34), Kv.-on (1736–1737). A mv.-i római katolikus altanoda és neveldeház igazgatója (1738–41), majd házfönök, rektor több helyen. A minoriták boltjának működtetésére egy Todor Lukács nevű [&hellip;]</p>
