{"id":13157,"date":"2025-06-29T14:51:57","date_gmt":"2025-06-29T12:51:57","guid":{"rendered":"https:\/\/uj.adatbank.ro\/lexikon\/termek\/kozma-endre-kissolymosi\/"},"modified":"2025-06-29T14:51:57","modified_gmt":"2025-06-29T12:51:57","slug":"kozma-endre-kissolymosi","status":"publish","type":"product","link":"https:\/\/uj.adatbank.ro\/lexikon\/termek\/kozma-endre-kissolymosi\/","title":{"rendered":"KOZMA Endre, kissolymosi"},"content":{"rendered":"<p>1817. szept. 24., \u2020 Mv., 1887. m\u00e1j. 19.: \u00fcgyv\u00e9d. \u2013 Apja. Gergely, lelk\u00e9sz., (\u2020 1849), anyja d\u00e9sfalvi Pataki Anna. Testv\u00e9re: K. Tam\u00e1s, cseh\u00e9dfalvi unit. lelk\u00e9sz. Feles\u00e9ge: Krerszta M\u00e1ria. Gyermekeik: K. Jen\u0151; K. Anna Engel Imr\u00e9n\u00e9. \u2013 Mv.-en hites \u00fcgyv\u00e9d, kincst\u00e1ri uradalmi \u00fcgy\u00e9sz. A szabads\u00e1gharc alatt hadb\u00edr\u00f3k\u00e9nt harcolt. Jogi gyakorlatotmv.-en szezett, gyakorl\u00f3 \u00fcgyv\u00e9d is. \u00c1llami uradalmi vegy\u00e9sz (1872\u2013). <br \/><strong>Irod.:<\/strong> Gy\u00e1szjelent\u0151; Kelemen; P\u00e1lmay J\u00f3zsef<\/br><\/p>\n","protected":false},"excerpt":{"rendered":"<p>1817. szept. 24., \u2020 Mv., 1887. m\u00e1j. 19.: \u00fcgyv\u00e9d. \u2013 Apja. Gergely, lelk\u00e9sz., (\u2020 1849), anyja d\u00e9sfalvi Pataki Anna. Testv\u00e9re: K. Tam\u00e1s, cseh\u00e9dfalvi unit. lelk\u00e9sz. Feles\u00e9ge: Krerszta M\u00e1ria. Gyermekeik: K. Jen\u0151; K. Anna Engel Imr\u00e9n\u00e9. \u2013 Mv.-en hites \u00fcgyv\u00e9d, kincst\u00e1ri uradalmi \u00fcgy\u00e9sz. A szabads\u00e1gharc alatt hadb\u00edr\u00f3k\u00e9nt harcolt. Jogi gyakorlatotmv.-en szezett, gyakorl\u00f3 \u00fcgyv\u00e9d is. \u00c1llami uradalmi [&hellip;]<\/p>\n","protected":false},"featured_media":0,"comment_status":"open","ping_status":"closed","template":"","meta":[],"product_brand":[],"product_cat":[137],"product_tag":[],"class_list":{"0":"post-13157","1":"product","2":"type-product","3":"status-publish","5":"product_cat-maros-megyei-eletrajzi-lexikon","7":"first","8":"instock","9":"shipping-taxable","10":"product-type-simple"},"_links":{"self":[{"href":"https:\/\/uj.adatbank.ro\/lexikon\/wp-json\/wp\/v2\/product\/13157","targetHints":{"allow":["GET"]}}],"collection":[{"href":"https:\/\/uj.adatbank.ro\/lexikon\/wp-json\/wp\/v2\/product"}],"about":[{"href":"https:\/\/uj.adatbank.ro\/lexikon\/wp-json\/wp\/v2\/types\/product"}],"replies":[{"embeddable":true,"href":"https:\/\/uj.adatbank.ro\/lexikon\/wp-json\/wp\/v2\/comments?post=13157"}],"wp:attachment":[{"href":"https:\/\/uj.adatbank.ro\/lexikon\/wp-json\/wp\/v2\/media?parent=13157"}],"wp:term":[{"taxonomy":"product_brand","embeddable":true,"href":"https:\/\/uj.adatbank.ro\/lexikon\/wp-json\/wp\/v2\/product_brand?post=13157"},{"taxonomy":"product_cat","embeddable":true,"href":"https:\/\/uj.adatbank.ro\/lexikon\/wp-json\/wp\/v2\/product_cat?post=13157"},{"taxonomy":"product_tag","embeddable":true,"href":"https:\/\/uj.adatbank.ro\/lexikon\/wp-json\/wp\/v2\/product_tag?post=13157"}],"curies":[{"name":"wp","href":"https:\/\/api.w.org\/{rel}","templated":true}]}}