{"id":13162,"date":"2025-06-29T14:52:07","date_gmt":"2025-06-29T12:52:07","guid":{"rendered":"https:\/\/uj.adatbank.ro\/lexikon\/termek\/kozma-gergely\/"},"modified":"2025-06-29T14:52:07","modified_gmt":"2025-06-29T12:52:07","slug":"kozma-gergely","status":"publish","type":"product","link":"https:\/\/uj.adatbank.ro\/lexikon\/termek\/kozma-gergely\/","title":{"rendered":"KOZMA Gergely"},"content":{"rendered":"<p>Szentgerice, 1774. szept. 19., \u2020 K\u00f6vend, 1849. aug. 14.: unit. esperes-lelk\u00e9sz. \u2013 K. Mih\u00e1ly unit. lelk\u00e9sz \u00edr\u00f3 \u00e9s M\u00e1t\u00e9 Kata fia. Feles\u00e9ge: Pataki Anna. Tanul\u00e1s\u00e1t a tordai Unit\u00e1rius F\u0151gimn\u00e1ziumban kezdte (1792) s a kv.-i Unit\u00e1rius F\u0151gimn\u00e1ziumban \u00e9s papnevel\u0151ben v\u00e9gezte (1797. szept. 10.). K\u00f6zben k\u00f6ztan\u00edt\u00f3k\u00e9nt \u00e9s mag\u00e1ntan\u00edt\u00f3k\u00e9nt dolgozott. A szebeni Brukenthal csal\u00e1dn\u00e1l volt mag\u00e1ntan\u00edt\u00f3. Apja, K. Mih\u00e1ly lelk\u00e9sz, mell\u00e9 Szentgeric\u00e9re ment k\u00e1pl\u00e1nnak (1797), majd ennek hal\u00e1la ut\u00e1n ut\u00f3da volt (1798. nov. 27. \u2013 1833. m\u00e1j. 26.); k\u00f6ri jegyz\u0151 (1816), esperes (1817\u20131833), k\u00e9s\u0151bb egyh\u00e1zi k\u00f6zigazgat\u00f3 volt; K\u00f6vendre (Aranyossz\u00e9k) ment papnak (1833\u2013). Az 1848-as forradalom lelkes apostola. Kazinczy Ferenccel \u00e9s D\u00f6bbrentei G\u00e1borral levelezett. Levelei Kazinczy Ferenczhez (Sz. -Gericze, 1802. szept. 23. 1803. m\u00e1rcz. 10., j\u00fal. 31., 1805. jan. 28); \u00e9s D\u00f6brentei G\u00e1borhoz, (Sz. -Gericze, 1814. szept. 17). \u00cdr\u00f3i p\u00e1lyafut\u00e1s\u00e1t m\u0171ford\u00edt\u00f3k\u00e9nt kezdte. A pesti Landerer Mih\u00e1ly nyomd\u00e1j\u00e1nak ford\u00edtott n\u00e9metb\u0151l. Kotzebue: Szerecsen rabok c. sz\u00ednm\u0171v\u00e9t a kv.-i sz\u00ednh\u00e1z az \u0151 ford\u00edt\u00e1s\u00e1ban adta el\u0151 (1798\u20131803.), majd a m\u0171kedvel\u0151 t\u00e1rsas\u00e1g t\u00f6bbsz\u00f6r el\u0151adta, Pesten, 1809. febru\u00e1r 24-\u00e9n 1810., 1811., 1813., 1814., Sz\u00e9kesfeh\u00e9rv\u00e1rt 1814., G\u00e1lyarabok c. is.); majd nyomtat\u00e1sban is megjelent. Ugyancsak leford\u00edtotta Martinovics: K\u00e1t\u00e9chisisse c. jakobinus k\u00e1t\u00e9j\u00e1t, \u00e9s lelkesen kapcsol\u00f3dott a felvil\u00e1gosod\u00e1s \u00e9s a francia forradalom eszm\u00e9ihez. A Kolozsv\u00e1ri Akad\u00e9miai K\u00f6nyvt\u00e1r Unit\u00e1rius r\u00e9szleg\u00e9n \u0151rz\u00f6tt k\u00f6nyvei k\u00f6z\u00f6tt ma is megtal\u00e1lhat\u00f3 egy kiad\u00e1sra sz\u00e1nt k\u00e9zirat (K\u2013336 \u00e9s K\u20131655), mely ezeket az eszm\u00e9ket terjesztette az erd\u00e9lyi t\u00e1rsadalom forradalmi \u00e1talakul\u00e1sa \u00e9rdek\u00e9ben. A k\u00f6nyvvel egy titkos szervezked\u00e9s alapjait k\u00edv\u00e1nta l\u00e9trehozni. Egyh\u00e1zi m\u0171veket \u00edrt \u00e9s az Uzoni-Kozma-f\u00e9le unit\u00e1rius egyh\u00e1zt\u00f6rt\u00e9net folytat\u00e1s\u00e1ban is k\u00f6zrem\u0171k\u00f6d\u00f6tt. \u2013 <strong>F. m.:<\/strong> Congregatio mixta marcalis moralis Avagy olyan halotti tan\u00edt\u00e1s, melyben a k\u00f6z\u00f6ns\u00e9ges hivatalt meg\u00e9rdeml\u0151 aszszonynak tulajdons\u00e1gai leiratnak \u00e9s egy r\u00e9golta \u00fcressen volt asszonyi hivatalra canditatio is l\u00e9szen. Melyet minekut\u00e1nna m\u00e1r a ns. Maros- sz\u00e9ki marcalis congregationak napja mart. 15-re hat\u00e1rozottnak lenni kihirdettetve volt, n\u00e9hai Ny\u00e1r\u00e1d G\u00e1lfalvi Nagy Sus\u00e1nna aszszonynak. n\u00e9h. Botos P\u00e9ter ur \u00f6zvegy\u00e9nek \u00e9rdemlett utols\u00f3 f\u00f6ldi tisztess\u00e9ge megad\u00e1s\u00e1ra k\u00e9sz\u00edtett, \u00e9s el is mondott Geritz\u00e9n, 1802. m\u00e1rc. 7. (Kv, 1802); <strong>ford.:<\/strong> Kotzebue: A szerecsen-rabok, val\u00f3s\u00e1gos t\u00f6rt\u00e9neten \u00e9p\u00fclt \u00e9rz\u00e9keny j\u00e1t\u00e9k h\u00e1rom felvon\u00e1sban (Pozsony \u00e9s Pest, 1802). Zoriada, vagy a nagy mongol le\u00e1nya csud\u00e1s t\u00f6rt\u00e9netei. N\u00e9metb\u0151l magyaros\u00edttatott (Pozsony, 1805); Salamon J\u00f3zsef, Erd\u00e9lyi Pr\u00e9dik\u00e1tori T\u00e1r\u00e1ban (Kolozsv\u00e1r, 1836); Egy ima a franczia h\u00e1bor\u00fak idej\u00e9re s egy m\u00e1sik ima \u00f6tven\u00e9ves papi jubileum\u00e1ra : a jubileumi \u00fcnnep\u00e9lyre kiadott besz\u00e9dekkel, (Kolozsv\u00e1r, 1847.); k\u00e9ziratai: Kleist, Seneca, Szomor\u00faj\u00e1t\u00e9k 3 felv., ford. (1794).: Uj kertecske \u00f3da gr\u00f3f Teleki Mih\u00e1lyhoz; Marin: Histoire de Saladin c. munka magyar ford. k\u00e9t k\u00f6tet; ABC- \u00e9s k\u00f6nyv a tanul\u00e1st kezd\u0151 gyermek sz\u00e1m\u00e1ra (1805); Reimar S\u00e1muel, A term\u00e9szeti vall\u00e1s f\u0151bb \u00e1gazatair\u00f3l \u00edrt elm\u00e9lked\u00e9sei, 1805\u201308. (ezek a k\u00e9ziratok unok\u00e1ja K. Ferencz birtok\u00e1ban vannak). <br \/><strong>Irod.:<\/strong> Bi\u00e1s; Jubilaeumi \u00fcnnep\u00e9ly. K. G. \u00f6tven \u00e9ves paps\u00e1ga mel\u00e9k\u00e9re. (Kv., 1847); Kelemen; Kelemen Lajos 1982.; K\u00e9nosi-Uzoni 1.; Kozma Ferenc: Kozma Gergely unit\u00e1rius pap \u00e9s esperes \u00e9letirata (Kv., 1876); M\u00c9L; N\u00fa (1998. \u00e1pr. 23); Rugonfalvi Kiss; Szab\u00f3 Mikl\u00f3s: K. G. \u2013 Szentgerice sz\u00fcl\u00f6ttje \u00e9s papja, az 1848-as forradalom lelkes apostola (N\u00fa., 1998. \u00e1pr. 23.); Szab\u00f3 Mikl\u00f3s; Szinnyei, Szinnyei J.; Unit\u00e1rius egyh\u00e1zt\u00fcrt\u00e9net\u0171 adatok (Mv., 1910)<\/br><\/p>\n","protected":false},"excerpt":{"rendered":"<p>Szentgerice, 1774. szept. 19., \u2020 K\u00f6vend, 1849. aug. 14.: unit. esperes-lelk\u00e9sz. \u2013 K. Mih\u00e1ly unit. lelk\u00e9sz \u00edr\u00f3 \u00e9s M\u00e1t\u00e9 Kata fia. Feles\u00e9ge: Pataki Anna. Tanul\u00e1s\u00e1t a tordai Unit\u00e1rius F\u0151gimn\u00e1ziumban kezdte (1792) s a kv.-i Unit\u00e1rius F\u0151gimn\u00e1ziumban \u00e9s papnevel\u0151ben v\u00e9gezte (1797. szept. 10.). K\u00f6zben k\u00f6ztan\u00edt\u00f3k\u00e9nt \u00e9s mag\u00e1ntan\u00edt\u00f3k\u00e9nt dolgozott. A szebeni Brukenthal csal\u00e1dn\u00e1l volt mag\u00e1ntan\u00edt\u00f3. Apja, K. [&hellip;]<\/p>\n","protected":false},"featured_media":0,"comment_status":"open","ping_status":"closed","template":"","meta":[],"product_brand":[],"product_cat":[137],"product_tag":[],"class_list":{"0":"post-13162","1":"product","2":"type-product","3":"status-publish","5":"product_cat-maros-megyei-eletrajzi-lexikon","7":"first","8":"instock","9":"shipping-taxable","10":"product-type-simple"},"_links":{"self":[{"href":"https:\/\/uj.adatbank.ro\/lexikon\/wp-json\/wp\/v2\/product\/13162","targetHints":{"allow":["GET"]}}],"collection":[{"href":"https:\/\/uj.adatbank.ro\/lexikon\/wp-json\/wp\/v2\/product"}],"about":[{"href":"https:\/\/uj.adatbank.ro\/lexikon\/wp-json\/wp\/v2\/types\/product"}],"replies":[{"embeddable":true,"href":"https:\/\/uj.adatbank.ro\/lexikon\/wp-json\/wp\/v2\/comments?post=13162"}],"wp:attachment":[{"href":"https:\/\/uj.adatbank.ro\/lexikon\/wp-json\/wp\/v2\/media?parent=13162"}],"wp:term":[{"taxonomy":"product_brand","embeddable":true,"href":"https:\/\/uj.adatbank.ro\/lexikon\/wp-json\/wp\/v2\/product_brand?post=13162"},{"taxonomy":"product_cat","embeddable":true,"href":"https:\/\/uj.adatbank.ro\/lexikon\/wp-json\/wp\/v2\/product_cat?post=13162"},{"taxonomy":"product_tag","embeddable":true,"href":"https:\/\/uj.adatbank.ro\/lexikon\/wp-json\/wp\/v2\/product_tag?post=13162"}],"curies":[{"name":"wp","href":"https:\/\/api.w.org\/{rel}","templated":true}]}}