{"id":13163,"date":"2025-06-29T14:52:11","date_gmt":"2025-06-29T12:52:11","guid":{"rendered":"https:\/\/uj.adatbank.ro\/lexikon\/termek\/kozma-geza-%c2%a7\/"},"modified":"2025-06-29T14:52:11","modified_gmt":"2025-06-29T12:52:11","slug":"kozma-geza-%c2%a7","status":"publish","type":"product","link":"https:\/\/uj.adatbank.ro\/lexikon\/termek\/kozma-geza-%c2%a7\/","title":{"rendered":"KOZMA G\u00e9za, \u00a7"},"content":{"rendered":"<p>Segesv\u00e1r, 1902. febr. 26., \u2020 Mv., 1986. okt. 5.: zeneszerz\u0151, gordonkam\u0171vesz, karmester, tan\u00e1r. \u2013 Feles\u00e9ge Csiky Magdolna (zongoram\u0171v\u00e9szn\u0151). Fi\u00fak: M\u00e1ty\u00e1s. A csal\u00e1d Dics\u0151szentm\u00e1rtonba k\u00f6lt\u00f6z\u00f6tt (1906) \u00e9s itt v\u00e9gezte az elemi iskol\u00e1t, majd Mv. -re telepedtek, ahol \u00e9retts\u00e9gizett (1919); zenei tanulm\u00e1nyait a mv.-i Zeneiskol\u00e1ban a kezdte kilenc\u00e9ves kor\u00e1ban (1911), a heged\u0171 tanul\u00e1sr\u00f3l Metz Albert tan\u00e1cs\u00e1ra \u00e1tt\u00e9rt a br\u00e1cs\u00e1ra, \u00edgy lett a Tonh\u00e1zi Ferenc n\u00f6vend\u00e9ke, majd Metz Piroska, Zsizsmann Rezs\u0151, Antalffy Endre tan\u00edtv\u00e1nya (1911\u201321), azut\u00e1n Berlinben Hug\u00f3 Beckern\u00e9l a Hochschule f\u00fcr Music \u2013ot v\u00e9gezte (1921\u201322). Ebb\u0151l az id\u0151b\u0151l sz\u00e1rmaznak els\u0151 kompozici\u00f3i. A bp.-i Liszt Ferenc Zenem\u0171v\u00e9szeti F\u0151iskol\u00e1n szerzett tan\u00e1ri diplom\u00e1t gordonka szakon (1942). Mv.-en a hadapr\u00f3d iskol\u00e1ban zongora \u00e9s gordonka tan\u00e1r (1922\u201325). A tan\u00edt\u00e1s mellett a mv.-i polg\u00e1rmeteri hivatal oszt\u00e1lyvezet\u0151je (1939-ben is az). A helyi Katolikus F\u0151gimn.-ban zeneelm\u00e9letet tan\u00edtott (1923), majd Metz Albert megh\u00edvta tan\u00e1rnak a V\u00e1rosi Zeneiskol\u00e1ba, ahol gordonk\u00e1t, zeneelm\u00e9letet \u00e9s kamarazen\u00e9t tan\u00edtott 49 \u00e9vig (1923\u201372), az iskola igazgat\u00f3ja (1947\u201349; 1950\u201352), k\u00f6zben a kv.-i zenei f\u0151iskol\u00e1nak is tan\u00e1ra (1948\u201349). H\u00e1rom \u00e9nekkart is vezetett: amat\u00f6r \u00e9nekkarok vezet\u00e9s\u00e9t is v\u00e1llalta, az ipari dalk\u00f6r tev\u00e9kenys\u00e9g\u00e9t ir\u00e1ny\u00edtotta, kamarak\u00f3rust vez\u00e9nyelt (1945\u201347). Mv.-i tri\u00f3 n\u00e9ven dr. L\u00e1ni Oszk\u00e1r \u00e9s Magoss Etelka k\u00f6zrem\u0171k\u00f6d\u00e9s\u00e9vel hangverseny sorozatot rendeztek k\u00f6zel 100 alkalommal (1945\u201346), n\u00e9pnevel\u0151 c\u00e9lzattal. Els\u0151 igazgat\u00f3-karmestere volt a Zeno Vancea \u00e1ltal beind\u00edtott \u00e1llami zenekarnak (1948\u2013) \u00e9s az 1950. jan. 1. beind\u00edtott \u00f6nn\u00e1ll\u00f3 Mv.-i \u00c1llami Filharm\u00f3ni\u00e1nak (\u20131958). Mint vend\u00e9gkarmester sz\u00e1mos erd\u00e9lyi v\u00e1rosban dirig\u00e1lt. Nyugalomba vonult (1972). Csell\u00f3m\u0171v\u00e9szk\u00e9nt sz\u00e1mtalan bel- \u00e9s k\u00fclf\u00f6ldi hangversenyen szerepelt. El\u0151sz\u00f6r a mv.-i Kult\u00farpalota nagyterm\u00e9ben l\u00e9pett fel Misz Magda \u00e9nekesn\u0151vel (1924). Zsizsmann Rezs\u0151vel nagysiker\u0171 olaszo.-i turn\u00e9n vett r\u00e9szt (1925). A KZST tagja (1935\u2013), gyakran fell\u00e9pet a t\u00e1rsas\u00e1g estjein mint kamaramuzsikus \u00e9s sz\u00f3lista (1932\u201348); a r\u00e1di\u00f3ban el\u0151sz\u00f6r Theodor Rogalski vez\u00e9nylet\u00e9vel szerepelt (1936), majd gordonka sz\u00f3listak\u00e9nt t\u00f6bbsz\u00f6r fell\u00e9pett ott (1941\u201342). T\u00f6bb k\u00f3rust szervezett \u00e9s vezetett Mv.-en (1945\u2013). K\u00f6z\u00f6lt a M\u0171vel\u0151d\u00e9si \u00datmutat\u00f3ban. Szerzem\u00e9nyei t\u00falnyom\u00f3r\u00e9szt kamaram\u0171vek \u00e9s csell\u00f3 darabok. \u00c1rva fi\u00fa k\u00f3rusm\u0171v\u00e9\u00e9rt d\u00edjat kapott (1929). 23 gordonkam\u0171vet, t\u00f6bb heged\u0171- nagyb\u0151g\u0151- zongoram\u0171vet, von\u00f3sn\u00e9gyest, dalokat szerzett. Megismerkedett Domokos P\u00e1l P\u00e9terrel, aki felh\u00edvta figyelm\u00e9t a n\u00e9pzene fontoss\u00e1g\u00e1ra. A B\u00f6lcs\u0151dalt (1929), fia sz\u00fclet\u00e9s\u00e9re \u00edrt munk\u00e1j\u00e1t a n\u00e9pzene ihlette, ezt k\u00f6vet\u0151en t\u00f6bb hasonl\u00f3 ihlet\u00e9s\u0171 gordonka m\u0171ve jelent meg. A rom\u00e1n Zeneszerz\u0151 Sz\u00f6vets\u00e9g tagja (1950\u2013). A Munkaerdemrend III. fokozataval t\u00fcntett\u00e9k ki (1953). A munka \u00e9rdemrend kit\u00fcntetettje (1958). \u2013 <strong>F. m.:<\/strong> Els\u0151 von\u00f3sn\u00e9gyes (1928), a Szelistyei asszonyok dalj\u00e1t\u00e9k (Mv., 1932); Sz\u00e9kely t\u00e1nc (1932)2. sz. Von\u00f3sn\u00e9gyes (1936), Csell\u00f3verseny (1940); 3 kant\u00e1ta Pet\u0151fi, Salamon Ern\u0151, Antalffy Endre verseire (1950\u201354), Marosmenti k\u00e9pek (1952); 6 dal Antalffy Endre, Szab\u00f3 L\u0151rinc, Szombati-Szab\u00f3 Istv\u00e1n, \u00e9s m\u00e1sok verseire (1929\u201354); 11 karm\u0171 Arany J\u00e1nos, Hajdu Zolt\u00e1n, Horv\u00e1th Istv\u00e1n, Majt\u00e9nyi Erik, P\u00e1sk\u00e1ndi G\u00e9za, Pet\u0151fi, Rem\u00e9nyik S\u00e1ndor, Salamon Ern\u0151, Szeml\u00e9r Ferenc, V\u00e1rnai Zseni verseire (1929\u201365); V\u00e1ltozatok egy magyar n\u00e9pdalra (1957); Szvit szologordonk\u00e1ra; Gordonk\u00e1ra \u00e9s zenekarra \u00edrt koncert (els\u0151 v\u00e1ltozata 1940 \u00e9s \u00e1tdolgozta 1953); 3. sz. Von\u00f3sn\u00e9gyes (1956), V\u00e1ltozatok egy m. n\u00e9pdalra (1957); 4. sz. Von\u00f3sn\u00e9gyes (1960); 4 piese pentru violoncel \u015fi pian. C\u00eentec de leag\u0103n. Poem adagio. Balada secuiasc\u0103 (Buc., 1970); 8 miniat\u00fcr von\u00f3szenekarra (1971), bem\u00fatat\u00f3 (1972). <br \/><strong>Irod.:<\/strong> Anuarul Conservatorului Municipiului Tg. M. (1927\u20131928); Benk\u0151 Andr\u00e1s: K. G. (M\u0171vel\u0151d\u00e9s, 3. sz., 1970); csal\u00e1di inf.; Filarmonica 50; Hajd\u00f3 K\u00e1roly: A mv.-i zeneiskola \u00e9vfordul\u00f3j\u00e1ra (N\u00fa., 1999. jan. 12.); Hubesz Valter: Alkot\u00f3k m\u0171helye: K. G.; Portr\u00e9 S\u00fck\u00f6sd Ferenc rajza (V. Z., 1968. aug. 3.); Id\u0151t\u00e1r 3; J\u00e1szber\u00e9nyi Emese: Mindene a zene volt (N\u00fa., M\u00fazsa, 2009. okt. 31.); Katona Szab\u00f3 Istv\u00e1n: Az \u00daj \u00c9let lexikona, 92. (\u00daj \u00c9let, 8. sz. 1974.); Kim; K. G. \u00e9s Csiky Boldizs\u00e1r: K. G. 70 \u00e9ves (V. Z., 1972. febr. 20); Marosi-KZST; MRL; Muzicieni din Rom. 5; Mv. m\u0171v. v\u00e1r.; Mv.-i R. K. okt.; [Nekrol\u00f3g] (V. Z., 1986. okt. 7.); N\u00e9p\u00fajs\u00e1g (1950. febr. 1.); Ni\u0163ulescu P. Muzica rom. De azi (Buc., 1939); Pan\u0103; Predescu; RMI; R\u00daL; Sava; Sava-Vartolomei; Todea 2013; Verest\u00f3y Ilona: \u00c9lete \u2013 a muzsika (V. Z., 1982. febr. 27.); Zenei lex.; Zenetud. \u00edr\u00e1sok 1998<\/br><\/p>\n","protected":false},"excerpt":{"rendered":"<p>Segesv\u00e1r, 1902. febr. 26., \u2020 Mv., 1986. okt. 5.: zeneszerz\u0151, gordonkam\u0171vesz, karmester, tan\u00e1r. \u2013 Feles\u00e9ge Csiky Magdolna (zongoram\u0171v\u00e9szn\u0151). Fi\u00fak: M\u00e1ty\u00e1s. A csal\u00e1d Dics\u0151szentm\u00e1rtonba k\u00f6lt\u00f6z\u00f6tt (1906) \u00e9s itt v\u00e9gezte az elemi iskol\u00e1t, majd Mv. -re telepedtek, ahol \u00e9retts\u00e9gizett (1919); zenei tanulm\u00e1nyait a mv.-i Zeneiskol\u00e1ban a kezdte kilenc\u00e9ves kor\u00e1ban (1911), a heged\u0171 tanul\u00e1sr\u00f3l Metz Albert tan\u00e1cs\u00e1ra \u00e1tt\u00e9rt [&hellip;]<\/p>\n","protected":false},"featured_media":0,"comment_status":"open","ping_status":"closed","template":"","meta":[],"product_brand":[],"product_cat":[137],"product_tag":[],"class_list":{"0":"post-13163","1":"product","2":"type-product","3":"status-publish","5":"product_cat-maros-megyei-eletrajzi-lexikon","7":"first","8":"instock","9":"shipping-taxable","10":"product-type-simple"},"_links":{"self":[{"href":"https:\/\/uj.adatbank.ro\/lexikon\/wp-json\/wp\/v2\/product\/13163","targetHints":{"allow":["GET"]}}],"collection":[{"href":"https:\/\/uj.adatbank.ro\/lexikon\/wp-json\/wp\/v2\/product"}],"about":[{"href":"https:\/\/uj.adatbank.ro\/lexikon\/wp-json\/wp\/v2\/types\/product"}],"replies":[{"embeddable":true,"href":"https:\/\/uj.adatbank.ro\/lexikon\/wp-json\/wp\/v2\/comments?post=13163"}],"wp:attachment":[{"href":"https:\/\/uj.adatbank.ro\/lexikon\/wp-json\/wp\/v2\/media?parent=13163"}],"wp:term":[{"taxonomy":"product_brand","embeddable":true,"href":"https:\/\/uj.adatbank.ro\/lexikon\/wp-json\/wp\/v2\/product_brand?post=13163"},{"taxonomy":"product_cat","embeddable":true,"href":"https:\/\/uj.adatbank.ro\/lexikon\/wp-json\/wp\/v2\/product_cat?post=13163"},{"taxonomy":"product_tag","embeddable":true,"href":"https:\/\/uj.adatbank.ro\/lexikon\/wp-json\/wp\/v2\/product_tag?post=13163"}],"curies":[{"name":"wp","href":"https:\/\/api.w.org\/{rel}","templated":true}]}}