{"id":13168,"date":"2025-06-29T14:52:20","date_gmt":"2025-06-29T12:52:20","guid":{"rendered":"https:\/\/uj.adatbank.ro\/lexikon\/termek\/kozma-imre-%c2%a7\/"},"modified":"2025-06-29T14:52:20","modified_gmt":"2025-06-29T12:52:20","slug":"kozma-imre-%c2%a7","status":"publish","type":"product","link":"https:\/\/uj.adatbank.ro\/lexikon\/termek\/kozma-imre-%c2%a7\/","title":{"rendered":"KOZMA Imre, \u00a7"},"content":{"rendered":"<p>1876 ? \u2020 Mv., 1914. nov. 10.: orvos. \u2013 K. Gyula \u00e9s Hints Karolina fia. Feles\u00e9ge Ziegler C\u00e9cile. Gyermekeik: S\u00e1ra, Kl\u00e1ra. \u2013 Mv.-en volt rend\u0151rorvos, n\u00e9pfelkel\u0151 seg\u00e9dorvos. Mv.-en vezet\u00e9s\u00e9vel alakult meg az els\u0151 ment\u0151szolg\u00e1lat (1911), az els\u0151 ment\u0151kocsit is megkapt\u00e1k (1913). Az I. vh.-ban a harct\u00e9ren szerzett betegs\u00e9g\u00e9ben Mv.-en meghalt. <br \/><strong>Irod.:<\/strong> Gy\u00e1szjelent\u0151; Kiss\u2013P\u00e9terffy\u2013P\u00e9terffy ; Mv. \u00e9s a h\u00e1bor\u00fa; Tall\u00f3z\u00e1s a t\u00fazolt\u00f3s\u00e1g m\u00faltj\u00e1b\u00f3l (N\u00fa., 1992. szept. 12.)<\/br><\/p>\n","protected":false},"excerpt":{"rendered":"<p>1876 ? \u2020 Mv., 1914. nov. 10.: orvos. \u2013 K. Gyula \u00e9s Hints Karolina fia. Feles\u00e9ge Ziegler C\u00e9cile. Gyermekeik: S\u00e1ra, Kl\u00e1ra. \u2013 Mv.-en volt rend\u0151rorvos, n\u00e9pfelkel\u0151 seg\u00e9dorvos. Mv.-en vezet\u00e9s\u00e9vel alakult meg az els\u0151 ment\u0151szolg\u00e1lat (1911), az els\u0151 ment\u0151kocsit is megkapt\u00e1k (1913). Az I. vh.-ban a harct\u00e9ren szerzett betegs\u00e9g\u00e9ben Mv.-en meghalt. Irod.: Gy\u00e1szjelent\u0151; Kiss\u2013P\u00e9terffy\u2013P\u00e9terffy ; Mv. [&hellip;]<\/p>\n","protected":false},"featured_media":0,"comment_status":"open","ping_status":"closed","template":"","meta":[],"product_brand":[],"product_cat":[137],"product_tag":[],"class_list":{"0":"post-13168","1":"product","2":"type-product","3":"status-publish","5":"product_cat-maros-megyei-eletrajzi-lexikon","7":"first","8":"instock","9":"shipping-taxable","10":"product-type-simple"},"_links":{"self":[{"href":"https:\/\/uj.adatbank.ro\/lexikon\/wp-json\/wp\/v2\/product\/13168","targetHints":{"allow":["GET"]}}],"collection":[{"href":"https:\/\/uj.adatbank.ro\/lexikon\/wp-json\/wp\/v2\/product"}],"about":[{"href":"https:\/\/uj.adatbank.ro\/lexikon\/wp-json\/wp\/v2\/types\/product"}],"replies":[{"embeddable":true,"href":"https:\/\/uj.adatbank.ro\/lexikon\/wp-json\/wp\/v2\/comments?post=13168"}],"wp:attachment":[{"href":"https:\/\/uj.adatbank.ro\/lexikon\/wp-json\/wp\/v2\/media?parent=13168"}],"wp:term":[{"taxonomy":"product_brand","embeddable":true,"href":"https:\/\/uj.adatbank.ro\/lexikon\/wp-json\/wp\/v2\/product_brand?post=13168"},{"taxonomy":"product_cat","embeddable":true,"href":"https:\/\/uj.adatbank.ro\/lexikon\/wp-json\/wp\/v2\/product_cat?post=13168"},{"taxonomy":"product_tag","embeddable":true,"href":"https:\/\/uj.adatbank.ro\/lexikon\/wp-json\/wp\/v2\/product_tag?post=13168"}],"curies":[{"name":"wp","href":"https:\/\/api.w.org\/{rel}","templated":true}]}}