{"id":13171,"date":"2025-06-29T14:52:25","date_gmt":"2025-06-29T12:52:25","guid":{"rendered":"https:\/\/uj.adatbank.ro\/lexikon\/termek\/kozma-istvan-altorjai-vitez\/"},"modified":"2025-06-29T14:52:25","modified_gmt":"2025-06-29T12:52:25","slug":"kozma-istvan-altorjai-vitez","status":"publish","type":"product","link":"https:\/\/uj.adatbank.ro\/lexikon\/termek\/kozma-istvan-altorjai-vitez\/","title":{"rendered":"KOZMA Istv\u00e1n, altorjai vit\u00e9z,"},"content":{"rendered":"<p>Cs\u00edkszereda, 1896. szept. 9., \u2020 Bp., 1951. okt. 2.: alt\u00e1bornagy. \u2013 Ezredess\u00e9 l\u00e9ptett\u00e9k el\u0151 (1940. m\u00e1j. 1.), a VII. hadtest vez\u00e9rkari f\u0151n\u00f6ke (1940. j\u00fan. 15. \u2013 1942. m\u00e1rc. 1.). Mv.-en teljes\u00edtett szolg\u00e1latot (1942. m\u00e1rc. 1\u2013). A IX. hadtest sz\u00e9kelyf\u00f6ldi kirendelts\u00e9g\u00e9hez vez\u00e9nyelt\u00e9k, vez\u00e9r\u0151rnagy (1942. okt. 1. \u2013), a 27. sz\u00e9kely k\u00f6nny\u0171 hadoszt\u00e1ly (1942. nov. 1. \u2013), a Sz\u00e9kely Hat\u00e1rv\u00e9delmi Er\u0151k (1943. febr. 1. \u2013), a 25. gyaloghadoszt\u00e1ly parancsnoka alt\u00e1bornagyi rendfokozatban (1944. j\u00fal. 29. \u2013). Megsebes\u00fclt (1944. okt.), fel\u00e9p\u00fcl\u00e9se ut\u00e1n amerikai hadifogs\u00e1gba esett (1945. m\u00e1j. 1. -dec. 20.). A h\u00e1bor\u00fa ut\u00e1n koholt v\u00e1dak alapj\u00e1n hal\u00e1lra it\u00e9lt\u00e9k \u00e9s kiv\u00e9gezt\u00e9k. Rehabilit\u00e1lt\u00e1k (1991), posztumusz vez\u00e9rezredess\u00e9 l\u00e9ptett\u00e9k el\u0151. <br \/><strong>Irod.:<\/strong> Berekm\u00e9ri: mv.-i 27. hadoszt\u00e1ly; Id\u0151t\u00e1r 3; Sebesty\u00e9n Mih\u00e1ly 2000<\/br><\/p>\n","protected":false},"excerpt":{"rendered":"<p>Cs\u00edkszereda, 1896. szept. 9., \u2020 Bp., 1951. okt. 2.: alt\u00e1bornagy. \u2013 Ezredess\u00e9 l\u00e9ptett\u00e9k el\u0151 (1940. m\u00e1j. 1.), a VII. hadtest vez\u00e9rkari f\u0151n\u00f6ke (1940. j\u00fan. 15. \u2013 1942. m\u00e1rc. 1.). Mv.-en teljes\u00edtett szolg\u00e1latot (1942. m\u00e1rc. 1\u2013). A IX. hadtest sz\u00e9kelyf\u00f6ldi kirendelts\u00e9g\u00e9hez vez\u00e9nyelt\u00e9k, vez\u00e9r\u0151rnagy (1942. okt. 1. \u2013), a 27. sz\u00e9kely k\u00f6nny\u0171 hadoszt\u00e1ly (1942. nov. 1. \u2013), [&hellip;]<\/p>\n","protected":false},"featured_media":0,"comment_status":"open","ping_status":"closed","template":"","meta":[],"product_brand":[],"product_cat":[137],"product_tag":[],"class_list":{"0":"post-13171","1":"product","2":"type-product","3":"status-publish","5":"product_cat-maros-megyei-eletrajzi-lexikon","7":"first","8":"instock","9":"shipping-taxable","10":"product-type-simple"},"_links":{"self":[{"href":"https:\/\/uj.adatbank.ro\/lexikon\/wp-json\/wp\/v2\/product\/13171","targetHints":{"allow":["GET"]}}],"collection":[{"href":"https:\/\/uj.adatbank.ro\/lexikon\/wp-json\/wp\/v2\/product"}],"about":[{"href":"https:\/\/uj.adatbank.ro\/lexikon\/wp-json\/wp\/v2\/types\/product"}],"replies":[{"embeddable":true,"href":"https:\/\/uj.adatbank.ro\/lexikon\/wp-json\/wp\/v2\/comments?post=13171"}],"wp:attachment":[{"href":"https:\/\/uj.adatbank.ro\/lexikon\/wp-json\/wp\/v2\/media?parent=13171"}],"wp:term":[{"taxonomy":"product_brand","embeddable":true,"href":"https:\/\/uj.adatbank.ro\/lexikon\/wp-json\/wp\/v2\/product_brand?post=13171"},{"taxonomy":"product_cat","embeddable":true,"href":"https:\/\/uj.adatbank.ro\/lexikon\/wp-json\/wp\/v2\/product_cat?post=13171"},{"taxonomy":"product_tag","embeddable":true,"href":"https:\/\/uj.adatbank.ro\/lexikon\/wp-json\/wp\/v2\/product_tag?post=13171"}],"curies":[{"name":"wp","href":"https:\/\/api.w.org\/{rel}","templated":true}]}}

KOZMA István, altorjai vitéz,

<p>Csíkszereda, 1896. szept. 9., † Bp., 1951. okt. 2.: altábornagy. – Ezredessé léptették elő (1940. máj. 1.), a VII. hadtest vezérkari főnöke (1940. jún. 15. – 1942. márc. 1.). Mv.-en teljesített szolgálatot (1942. márc. 1–). A IX. hadtest székelyföldi kirendeltségéhez vezényelték, vezérőrnagy (1942. okt. 1. –), a 27. székely könnyű hadosztály (1942. nov. 1. –), a Székely Határvédelmi Erők (1943. febr. 1. –), a 25. gyaloghadosztály parancsnoka altábornagyi rendfokozatban (1944. júl. 29. –). Megsebesült (1944. okt.), felépülése után amerikai hadifogságba esett (1945. máj. 1. -dec. 20.). A háború után koholt vádak alapján halálra itélték és kivégezték. Rehabilitálták (1991), posztumusz vezérezredessé léptették elő. <br /><strong>Irod.:</strong> Berekméri: mv.-i 27. hadosztály; Időtár 3; Sebestyén Mihály 2000</br></p>

<p>Csíkszereda, 1896. szept. 9., † Bp., 1951. okt. 2.: altábornagy. – Ezredessé léptették elő (1940. máj. 1.), a VII. hadtest vezérkari főnöke (1940. jún. 15. – 1942. márc. 1.). Mv.-en teljesített szolgálatot (1942. márc. 1–). A IX. hadtest székelyföldi kirendeltségéhez vezényelték, vezérőrnagy (1942. okt. 1. –), a 27. székely könnyű hadosztály (1942. nov. 1. –), [&hellip;]</p>
