{"id":13173,"date":"2025-06-29T14:52:29","date_gmt":"2025-06-29T12:52:29","guid":{"rendered":"https:\/\/uj.adatbank.ro\/lexikon\/termek\/kozma-janos-2\/"},"modified":"2025-06-29T14:52:29","modified_gmt":"2025-06-29T12:52:29","slug":"kozma-janos-2","status":"publish","type":"product","link":"https:\/\/uj.adatbank.ro\/lexikon\/termek\/kozma-janos-2\/","title":{"rendered":"KOZMA J\u00e1nos"},"content":{"rendered":"<p>Gyergy\u00f3szentmikl\u00f3s, 1898. j\u00fal. 1., \u2020 ?.: gy\u00f3gyszer\u00e9sz. \u2013 Szegeden kapott gy\u00f3gyszer\u00e9sz diplom\u00e1t (1923. j\u00fan. 14.). Mv.-en a Sas gy\u00f3gyszert\u00e1rban volt alkalmazott (1935 k. \u2013 1941). Gyergy\u00f3szentmikl\u00f3son folytatta tev\u00e9kenys\u00e9g\u00e9t a saj\u00e1t, Minerva nev\u0171 gy\u00f3gyszert\u00e1r\u00e1ban (1941\u201349. \u00e1pr. 2.). <br \/><strong>Irod.:<\/strong> P\u00e9ter H. M.; P\u00e9ter H. M. 2013<\/br><\/p>\n","protected":false},"excerpt":{"rendered":"<p>Gyergy\u00f3szentmikl\u00f3s, 1898. j\u00fal. 1., \u2020 ?.: gy\u00f3gyszer\u00e9sz. \u2013 Szegeden kapott gy\u00f3gyszer\u00e9sz diplom\u00e1t (1923. j\u00fan. 14.). Mv.-en a Sas gy\u00f3gyszert\u00e1rban volt alkalmazott (1935 k. \u2013 1941). Gyergy\u00f3szentmikl\u00f3son folytatta tev\u00e9kenys\u00e9g\u00e9t a saj\u00e1t, Minerva nev\u0171 gy\u00f3gyszert\u00e1r\u00e1ban (1941\u201349. \u00e1pr. 2.). Irod.: P\u00e9ter H. M.; P\u00e9ter H. M. 2013<\/p>\n","protected":false},"featured_media":0,"comment_status":"open","ping_status":"closed","template":"","meta":[],"product_brand":[],"product_cat":[137],"product_tag":[],"class_list":{"0":"post-13173","1":"product","2":"type-product","3":"status-publish","5":"product_cat-maros-megyei-eletrajzi-lexikon","7":"first","8":"instock","9":"shipping-taxable","10":"product-type-simple"},"_links":{"self":[{"href":"https:\/\/uj.adatbank.ro\/lexikon\/wp-json\/wp\/v2\/product\/13173","targetHints":{"allow":["GET"]}}],"collection":[{"href":"https:\/\/uj.adatbank.ro\/lexikon\/wp-json\/wp\/v2\/product"}],"about":[{"href":"https:\/\/uj.adatbank.ro\/lexikon\/wp-json\/wp\/v2\/types\/product"}],"replies":[{"embeddable":true,"href":"https:\/\/uj.adatbank.ro\/lexikon\/wp-json\/wp\/v2\/comments?post=13173"}],"wp:attachment":[{"href":"https:\/\/uj.adatbank.ro\/lexikon\/wp-json\/wp\/v2\/media?parent=13173"}],"wp:term":[{"taxonomy":"product_brand","embeddable":true,"href":"https:\/\/uj.adatbank.ro\/lexikon\/wp-json\/wp\/v2\/product_brand?post=13173"},{"taxonomy":"product_cat","embeddable":true,"href":"https:\/\/uj.adatbank.ro\/lexikon\/wp-json\/wp\/v2\/product_cat?post=13173"},{"taxonomy":"product_tag","embeddable":true,"href":"https:\/\/uj.adatbank.ro\/lexikon\/wp-json\/wp\/v2\/product_tag?post=13173"}],"curies":[{"name":"wp","href":"https:\/\/api.w.org\/{rel}","templated":true}]}}