{"id":13181,"date":"2025-06-29T14:52:44","date_gmt":"2025-06-29T12:52:44","guid":{"rendered":"https:\/\/uj.adatbank.ro\/lexikon\/termek\/kozma-maria-margit-texe-maria\/"},"modified":"2025-06-29T14:52:44","modified_gmt":"2025-06-29T12:52:44","slug":"kozma-maria-margit-texe-maria","status":"publish","type":"product","link":"https:\/\/uj.adatbank.ro\/lexikon\/termek\/kozma-maria-margit-texe-maria\/","title":{"rendered":"KOZMA M\u00e1ria Margit; Texe M\u00e1ria;"},"content":{"rendered":"<p>Somker\u00e9k (Kolozs), 1930. okt. 18., \u2020 ? : mez\u0151gazd\u00e1sz. \u2013 Kolozsv\u00e1ron \u00e9retts\u00e9gizett (1949), majd a Mez\u0151gazdas\u00e1gi F\u0151iskol\u00e1n oklevelet szerzett (1953). A mv.-i Vet\u0151magvizsg\u00e1l\u00f3 Laborat\u00f3rium alkalmazottja (1953\u201378). <br \/><strong>Irod.:<\/strong> KKACs<\/br><\/p>\n","protected":false},"excerpt":{"rendered":"<p>Somker\u00e9k (Kolozs), 1930. okt. 18., \u2020 ? : mez\u0151gazd\u00e1sz. \u2013 Kolozsv\u00e1ron \u00e9retts\u00e9gizett (1949), majd a Mez\u0151gazdas\u00e1gi F\u0151iskol\u00e1n oklevelet szerzett (1953). A mv.-i Vet\u0151magvizsg\u00e1l\u00f3 Laborat\u00f3rium alkalmazottja (1953\u201378). Irod.: KKACs<\/p>\n","protected":false},"featured_media":0,"comment_status":"open","ping_status":"closed","template":"","meta":[],"product_brand":[],"product_cat":[137],"product_tag":[],"class_list":{"0":"post-13181","1":"product","2":"type-product","3":"status-publish","5":"product_cat-maros-megyei-eletrajzi-lexikon","7":"first","8":"instock","9":"shipping-taxable","10":"product-type-simple"},"_links":{"self":[{"href":"https:\/\/uj.adatbank.ro\/lexikon\/wp-json\/wp\/v2\/product\/13181","targetHints":{"allow":["GET"]}}],"collection":[{"href":"https:\/\/uj.adatbank.ro\/lexikon\/wp-json\/wp\/v2\/product"}],"about":[{"href":"https:\/\/uj.adatbank.ro\/lexikon\/wp-json\/wp\/v2\/types\/product"}],"replies":[{"embeddable":true,"href":"https:\/\/uj.adatbank.ro\/lexikon\/wp-json\/wp\/v2\/comments?post=13181"}],"wp:attachment":[{"href":"https:\/\/uj.adatbank.ro\/lexikon\/wp-json\/wp\/v2\/media?parent=13181"}],"wp:term":[{"taxonomy":"product_brand","embeddable":true,"href":"https:\/\/uj.adatbank.ro\/lexikon\/wp-json\/wp\/v2\/product_brand?post=13181"},{"taxonomy":"product_cat","embeddable":true,"href":"https:\/\/uj.adatbank.ro\/lexikon\/wp-json\/wp\/v2\/product_cat?post=13181"},{"taxonomy":"product_tag","embeddable":true,"href":"https:\/\/uj.adatbank.ro\/lexikon\/wp-json\/wp\/v2\/product_tag?post=13181"}],"curies":[{"name":"wp","href":"https:\/\/api.w.org\/{rel}","templated":true}]}}