{"id":13192,"date":"2025-06-29T14:53:07","date_gmt":"2025-06-29T12:53:07","guid":{"rendered":"https:\/\/uj.adatbank.ro\/lexikon\/termek\/kozocsa-sandor\/"},"modified":"2025-06-29T14:53:07","modified_gmt":"2025-06-29T12:53:07","slug":"kozocsa-sandor","status":"publish","type":"product","link":"https:\/\/uj.adatbank.ro\/lexikon\/termek\/kozocsa-sandor\/","title":{"rendered":"KOZOCSA S\u00e1ndor"},"content":{"rendered":"<p>Dics\u0151szentm\u00e1rton, 1904. szept. 25., \u2020 Bp., 1991. j\u00fan. 6.: bibliogr\u00e1fus, irodalomt\u00f6rt\u00e9n\u00e9sz, k\u00f6nyvt\u00e1ros. \u2013 Erd\u00e9lyben., majd sz\u00fclei \u00e1ttelep\u00fcl\u00e9se ut\u00e1n (1922\u2013) Bp.-en tanult, ahol az egyetemen b\u00f6lcs\u00e9sz doktorr\u00e1 avatt\u00e1k (1926). Az OSZK-ban dolgozott nyugd\u00edjaz\u00e1s\u00e1ig (1926\u201364) mint k\u00fcnyvt\u00e1ros, ut\u00f3bb f\u0151k\u00f6nyvt\u00e1ros, a bibliogr\u00e1fiai oszt\u00e1ly vezet\u0151je (1931\u201348). K\u00f6nyvt\u00e1rtudom\u00e1nyi \u00f6szt\u00f6nd\u00edjas N\u00e9meto.-ban (1929\u201330); a MTA II. o. megh\u00edvott tagja (1940\u201348). a bibliogr\u00e1fia elm\u00e9lete \u00e9s t\u00f6rt\u00e9nete c. t\u00e1rgyk\u00f6r mag\u00e1ntan\u00e1ra a debreceni, majd a bp.-i egyetemen (1942\u201348). 1934: a M. Irodt\u00f6rt. T\u00e1rs. V\u00e1lasztm\u00e1nyi(1934), a SZIA III. o. tagja \u00e9s utols\u00f3 o-titk\u00e1ra (1947). Justh Zsigmond, Vajda J\u00e1nos, Kaffka Margit, Kr\u00fady Gyula, V\u00f6r\u00f6smarty m\u0171veinek gondoz\u00f3ja. Az \u00daj Id\u0151k Lexikona munkat\u00e1rsa, az Irodalom\u00adt\u00f6rt\u00e9net szerk. (1941\u201348). Megkapta az MTA Gyulai P\u00e1l-jutalm\u00e1t (1948); a N\u00f3gr\u00e1d M. Tan\u00e1cs Mad\u00e1ch-plakettj\u00e9t (1970). \u00cdr\u00e1sai : Vitkovics eml\u00e9kk\u00f6nyv (Bp., 1939), el\u0151ad\u00e1sa : F\u00e9nyjelek II. sor. (Bp., 1940), Irodt\u00f6rt\u00e9net ; M K\u00f6nyvszemle, V\u00e1lasz. Mad\u00e1ch-\u00e9rem (1970) kit\u00fcntetettje. \u2013 <strong>F. m.:<\/strong> A magyar \u00fajromantikus dr\u00e1ma (doktori \u00e9rtekez\u00e9s, Bp., 1926); \u2013 International Bibliographie of Historical Sciences 1926\u20131929. (New York, 1930, 1932\u201333); Az 1932\u201344 \u00e9v irodalomt\u00f6rt\u00e9neti munk\u00e1ss\u00e1ga (\u00e9vente, Bp., 1933\u201346); Cs\u00e1sz\u00e1r Elem\u00e9r 40 \u00e9. irod. munk\u00e1ss\u00e1ga (Bp., 1934); H\u00f3man B\u00e1lint irod. munk\u00e1ss\u00e1ga (Bp., 1934); Erd\u00e9ly irodt\u00f6rt-e (Kv,., 1936); Zilahy K\u00e1roly eszt\u00e9tik\u00e1ja (Bp., 1936); Juh\u00e1sz Gyula (Bp., 1937); A Zal\u00e1n fut\u00e1s\u00e1nak els\u0151 kidolgoz\u00e1sa (Bp., 1937); K\u00f6lcsey Ant\u00f3nia napl\u00f3ja (Bp., 1938); Angyal D\u00e1vid irod. munk\u00e1ss\u00e1ga. (Bp., 1938); Bevezet\u00e9s a bibliogr\u00e1fi\u00e1ba (Bp., 1939); Magyar k\u00f6nyv\u00e9szet : 1911\u20131920 (Bp., 1939\u201342; repr. 1969; CD-ROM, 2000); Az 1944-ik \u00e9v irodalomt\u00f6rt. munk\u00e1ss\u00e1ga (Bp., 1944); Kis magyar irodalomt\u00f6rt\u00e9net (Bp., 1944); Dokumenti vengerszkoj revoljucii i oszvoboditelnoj borbe 1848\u201349 (Bp., 1948; angol \u00e9s francia nyelven 1947); Horv\u00e1t J\u00e1nos \u00e9lete \u00e9s munk\u00e1i (Bp., 1948); A magyar irodalom bibliogr\u00e1fi\u00e1ja: 1945\u201365 (1950\u201378); M\u00f3ricz Zsigmond irodalmi munk\u00e1ss\u00e1ga (Bp., 1952); A szabads\u00e1g\u00e9rt mindhal\u00e1lig : Magyar katonalevelek (Bp., 1952); Mickiewicz Magyarorsz\u00e1gon (Bp., 1955); A szovjet n\u00e9pek irodalm\u00e1nak bibliogr\u00e1fi\u00e1ja 1944-ig Rad\u00f3 Gy\u00f6rggyel (Bp., 1956); A francia nyelv\u0171 irodalom magyar filol\u00f3giai repert\u00f3riuma 1919\u20131968 (Bp., 1969); Baudelaire Magyarorsz\u00e1gon (Bp., 1969); Magyar szerelmes levelek : 1528\u20131944 (Bp., 1976); A magyar irodalom bibliogr\u00e1fi\u00e1ja 1961\u20131965, 1\u20132. (Bp., 1978); <strong>t\u00e1rssz.:<\/strong> A szovjet n\u00e9pek irodalm\u00e1nak magyar bibliogr\u00e1fi\u00e1ja 1945\u201370 (Rad\u00f3 Gy\u00f6rggyel; Bp., 1950\u201382); A bolg\u00e1r irodalom magyar bibliogr\u00e1fi\u00e1ja (Papp S\u00e1muellel; Bp., 1945\u201354, 1955); A szovjet n\u00e9pek irodalm\u00e1nak bibliogr\u00e1fi\u00e1ja 1944-ig (Rad\u00f3 Gy\u00f6rggyel; Bp., 1956); <strong>szerk.:<\/strong> Kaffka Margit: \u00d6sszes versei (jegyz.; Bp., 1961); Krudy Gyula: Vallom\u00e1s (v\u00e1l., ut\u00f3sz\u00f3, jegyz.; Bp., 1963); Krudy Gyula: Szinb\u00e1d (bibliogr., ut\u00f3sz\u00f3; Bp., 1969; 1985) <br \/><strong>Irod.:<\/strong> Guly\u00e1s; KM\u00cd; MKL; MNL; Pint\u00e9r; R\u00daL; \u00daM\u00c9L; \u00daMIL<\/br><\/p>\n","protected":false},"excerpt":{"rendered":"<p>Dics\u0151szentm\u00e1rton, 1904. szept. 25., \u2020 Bp., 1991. j\u00fan. 6.: bibliogr\u00e1fus, irodalomt\u00f6rt\u00e9n\u00e9sz, k\u00f6nyvt\u00e1ros. \u2013 Erd\u00e9lyben., majd sz\u00fclei \u00e1ttelep\u00fcl\u00e9se ut\u00e1n (1922\u2013) Bp.-en tanult, ahol az egyetemen b\u00f6lcs\u00e9sz doktorr\u00e1 avatt\u00e1k (1926). Az OSZK-ban dolgozott nyugd\u00edjaz\u00e1s\u00e1ig (1926\u201364) mint k\u00fcnyvt\u00e1ros, ut\u00f3bb f\u0151k\u00f6nyvt\u00e1ros, a bibliogr\u00e1fiai oszt\u00e1ly vezet\u0151je (1931\u201348). K\u00f6nyvt\u00e1rtudom\u00e1nyi \u00f6szt\u00f6nd\u00edjas N\u00e9meto.-ban (1929\u201330); a MTA II. o. megh\u00edvott tagja (1940\u201348). a bibliogr\u00e1fia [&hellip;]<\/p>\n","protected":false},"featured_media":0,"comment_status":"open","ping_status":"closed","template":"","meta":[],"product_brand":[],"product_cat":[137],"product_tag":[],"class_list":{"0":"post-13192","1":"product","2":"type-product","3":"status-publish","5":"product_cat-maros-megyei-eletrajzi-lexikon","7":"first","8":"instock","9":"shipping-taxable","10":"product-type-simple"},"_links":{"self":[{"href":"https:\/\/uj.adatbank.ro\/lexikon\/wp-json\/wp\/v2\/product\/13192","targetHints":{"allow":["GET"]}}],"collection":[{"href":"https:\/\/uj.adatbank.ro\/lexikon\/wp-json\/wp\/v2\/product"}],"about":[{"href":"https:\/\/uj.adatbank.ro\/lexikon\/wp-json\/wp\/v2\/types\/product"}],"replies":[{"embeddable":true,"href":"https:\/\/uj.adatbank.ro\/lexikon\/wp-json\/wp\/v2\/comments?post=13192"}],"wp:attachment":[{"href":"https:\/\/uj.adatbank.ro\/lexikon\/wp-json\/wp\/v2\/media?parent=13192"}],"wp:term":[{"taxonomy":"product_brand","embeddable":true,"href":"https:\/\/uj.adatbank.ro\/lexikon\/wp-json\/wp\/v2\/product_brand?post=13192"},{"taxonomy":"product_cat","embeddable":true,"href":"https:\/\/uj.adatbank.ro\/lexikon\/wp-json\/wp\/v2\/product_cat?post=13192"},{"taxonomy":"product_tag","embeddable":true,"href":"https:\/\/uj.adatbank.ro\/lexikon\/wp-json\/wp\/v2\/product_tag?post=13192"}],"curies":[{"name":"wp","href":"https:\/\/api.w.org\/{rel}","templated":true}]}}