{"id":13195,"date":"2025-06-29T14:53:13","date_gmt":"2025-06-29T12:53:13","guid":{"rendered":"https:\/\/uj.adatbank.ro\/lexikon\/termek\/krafft-karoly\/"},"modified":"2025-06-29T14:53:13","modified_gmt":"2025-06-29T12:53:13","slug":"krafft-karoly","status":"publish","type":"product","link":"https:\/\/uj.adatbank.ro\/lexikon\/termek\/krafft-karoly\/","title":{"rendered":"KRAFFT K\u00e1roly"},"content":{"rendered":"<p>? \u2020 Mv., 1885. dec. 15.: gy\u00e1ros. \u2013 Feles\u00e9ge: Roth Lujza (1848 \u2013 Mv., 1877. aug. 6.). Gyermekeik: \u00d6d\u00f6n \u00e9s Hel\u00e9ne. \u2013 Szeszgy\u00e1r\u00e1ban munk\u00e1ba \u00e1llt a m\u00e1sodik v\u00e1s\u00e1rhelyi g\u0151zg\u00e9p (1875); Mv.-en volt s\u00f6rgy\u00e1ra (1880-as \u00e9vek elej\u00e9n), amelyet nagy k\u00f6lts\u00e9ggel g\u00f6z\u00fczemm\u00e9 alak\u00edtott \u00e1t, j\u00e9ggel h\u0171thet\u0151 pinc\u00e9ket \u00e9p\u00edtett, megn\u00f6velte a termel\u00e9st. A Bp.-i Orsz\u00e1gos \u00c1ltal\u00e1nos Ki\u00e1ll.-on a gy\u00e1rvezet\u0151je \u00e9s a s\u00f6rf\u0151z\u0151 D\u00f6beli Adolf, k\u00f6zrem\u0171k\u0151 \u00e9rmet kapott (1855). A gy\u00e1r k\u00f6lts\u00e9gei miatt cs\u0151dbe ment, le\u00e9gett. B\u00fcrger Albert vette meg a gy\u00e1rat (1894). <br \/><strong>Irod.:<\/strong> 1885. \u00e9vi ki\u00e1ll.; B\u00fcrger Albert s\u00f6rgy\u00e1ra Mv. -t. (Marosv\u00e1s\u00e1rhely, 1913. jan. 1.); Gy\u00e1szjelent\u0151; Id\u0151t\u00e1r 2<\/br><\/p>\n","protected":false},"excerpt":{"rendered":"<p>? \u2020 Mv., 1885. dec. 15.: gy\u00e1ros. \u2013 Feles\u00e9ge: Roth Lujza (1848 \u2013 Mv., 1877. aug. 6.). Gyermekeik: \u00d6d\u00f6n \u00e9s Hel\u00e9ne. \u2013 Szeszgy\u00e1r\u00e1ban munk\u00e1ba \u00e1llt a m\u00e1sodik v\u00e1s\u00e1rhelyi g\u0151zg\u00e9p (1875); Mv.-en volt s\u00f6rgy\u00e1ra (1880-as \u00e9vek elej\u00e9n), amelyet nagy k\u00f6lts\u00e9ggel g\u00f6z\u00fczemm\u00e9 alak\u00edtott \u00e1t, j\u00e9ggel h\u0171thet\u0151 pinc\u00e9ket \u00e9p\u00edtett, megn\u00f6velte a termel\u00e9st. A Bp.-i Orsz\u00e1gos \u00c1ltal\u00e1nos Ki\u00e1ll.-on a [&hellip;]<\/p>\n","protected":false},"featured_media":0,"comment_status":"open","ping_status":"closed","template":"","meta":[],"product_brand":[],"product_cat":[137],"product_tag":[],"class_list":{"0":"post-13195","1":"product","2":"type-product","3":"status-publish","5":"product_cat-maros-megyei-eletrajzi-lexikon","7":"first","8":"instock","9":"shipping-taxable","10":"product-type-simple"},"_links":{"self":[{"href":"https:\/\/uj.adatbank.ro\/lexikon\/wp-json\/wp\/v2\/product\/13195","targetHints":{"allow":["GET"]}}],"collection":[{"href":"https:\/\/uj.adatbank.ro\/lexikon\/wp-json\/wp\/v2\/product"}],"about":[{"href":"https:\/\/uj.adatbank.ro\/lexikon\/wp-json\/wp\/v2\/types\/product"}],"replies":[{"embeddable":true,"href":"https:\/\/uj.adatbank.ro\/lexikon\/wp-json\/wp\/v2\/comments?post=13195"}],"wp:attachment":[{"href":"https:\/\/uj.adatbank.ro\/lexikon\/wp-json\/wp\/v2\/media?parent=13195"}],"wp:term":[{"taxonomy":"product_brand","embeddable":true,"href":"https:\/\/uj.adatbank.ro\/lexikon\/wp-json\/wp\/v2\/product_brand?post=13195"},{"taxonomy":"product_cat","embeddable":true,"href":"https:\/\/uj.adatbank.ro\/lexikon\/wp-json\/wp\/v2\/product_cat?post=13195"},{"taxonomy":"product_tag","embeddable":true,"href":"https:\/\/uj.adatbank.ro\/lexikon\/wp-json\/wp\/v2\/product_tag?post=13195"}],"curies":[{"name":"wp","href":"https:\/\/api.w.org\/{rel}","templated":true}]}}