{"id":13196,"date":"2025-06-29T14:53:16","date_gmt":"2025-06-29T12:53:16","guid":{"rendered":"https:\/\/uj.adatbank.ro\/lexikon\/termek\/krafft-karoly-samuel\/"},"modified":"2025-06-29T14:53:16","modified_gmt":"2025-06-29T12:53:16","slug":"krafft-karoly-samuel","status":"publish","type":"product","link":"https:\/\/uj.adatbank.ro\/lexikon\/termek\/krafft-karoly-samuel\/","title":{"rendered":"KRAFFT K\u00e1roly S\u00e1muel"},"content":{"rendered":"<p>Segesv\u00e1r, 1839. febr. 8., \u2020 Mv., 1885. dec. 15.: gy\u00f3gyszer\u00e9sz. \u2013 Apja: Krafft Frigyes. Testv\u00e9rei: K. Vilmos; K. Lotti; K. Fridrika F\u00fcrstn\u00e9. Feles\u00e9ge: Dinstl Milla. Gyermekei: \u00d6d\u00f6n, Hel\u00e9n, K\u00e1roly, Rudolf. -B\u00e9csben szerzett gy\u00f3gyszer\u00e9sz diplom\u00e1t (1861). Segesv\u00e1ron volt munkahelye (1862\u201374). <br \/><strong>Irod.:<\/strong> Gy\u00e1szjelent\u0151; P\u00e9ter H. M.<\/br><\/p>\n","protected":false},"excerpt":{"rendered":"<p>Segesv\u00e1r, 1839. febr. 8., \u2020 Mv., 1885. dec. 15.: gy\u00f3gyszer\u00e9sz. \u2013 Apja: Krafft Frigyes. Testv\u00e9rei: K. Vilmos; K. Lotti; K. Fridrika F\u00fcrstn\u00e9. Feles\u00e9ge: Dinstl Milla. Gyermekei: \u00d6d\u00f6n, Hel\u00e9n, K\u00e1roly, Rudolf. -B\u00e9csben szerzett gy\u00f3gyszer\u00e9sz diplom\u00e1t (1861). Segesv\u00e1ron volt munkahelye (1862\u201374). Irod.: Gy\u00e1szjelent\u0151; P\u00e9ter H. M.<\/p>\n","protected":false},"featured_media":0,"comment_status":"open","ping_status":"closed","template":"","meta":[],"product_brand":[],"product_cat":[137],"product_tag":[],"class_list":{"0":"post-13196","1":"product","2":"type-product","3":"status-publish","5":"product_cat-maros-megyei-eletrajzi-lexikon","7":"first","8":"instock","9":"shipping-taxable","10":"product-type-simple"},"_links":{"self":[{"href":"https:\/\/uj.adatbank.ro\/lexikon\/wp-json\/wp\/v2\/product\/13196","targetHints":{"allow":["GET"]}}],"collection":[{"href":"https:\/\/uj.adatbank.ro\/lexikon\/wp-json\/wp\/v2\/product"}],"about":[{"href":"https:\/\/uj.adatbank.ro\/lexikon\/wp-json\/wp\/v2\/types\/product"}],"replies":[{"embeddable":true,"href":"https:\/\/uj.adatbank.ro\/lexikon\/wp-json\/wp\/v2\/comments?post=13196"}],"wp:attachment":[{"href":"https:\/\/uj.adatbank.ro\/lexikon\/wp-json\/wp\/v2\/media?parent=13196"}],"wp:term":[{"taxonomy":"product_brand","embeddable":true,"href":"https:\/\/uj.adatbank.ro\/lexikon\/wp-json\/wp\/v2\/product_brand?post=13196"},{"taxonomy":"product_cat","embeddable":true,"href":"https:\/\/uj.adatbank.ro\/lexikon\/wp-json\/wp\/v2\/product_cat?post=13196"},{"taxonomy":"product_tag","embeddable":true,"href":"https:\/\/uj.adatbank.ro\/lexikon\/wp-json\/wp\/v2\/product_tag?post=13196"}],"curies":[{"name":"wp","href":"https:\/\/api.w.org\/{rel}","templated":true}]}}