{"id":13198,"date":"2025-06-29T14:53:21","date_gmt":"2025-06-29T12:53:21","guid":{"rendered":"https:\/\/uj.adatbank.ro\/lexikon\/termek\/krafft-johann-wilhelm-%c2%a7\/"},"modified":"2025-06-29T14:53:21","modified_gmt":"2025-06-29T12:53:21","slug":"krafft-johann-wilhelm-%c2%a7","status":"publish","type":"product","link":"https:\/\/uj.adatbank.ro\/lexikon\/termek\/krafft-johann-wilhelm-%c2%a7\/","title":{"rendered":"KRAFFT, Johann Wilhelm, \u00a7"},"content":{"rendered":"<p>Segesv\u00e1r, 1833. aug. 5., \u2020 Nagyszeben, 1908. dec. 10.: nyomd\u00e1sz. \u2013 Brass\u00f3ban Johann G\u00f6ttn\u00e9l tanulta a k\u00f6nyvnyomtat\u00e1s mesters\u00e9g\u00e9t; v\u00e1ndor\u00e9vek ut\u00e1n visszat\u00e9rt \u00e9s Samuel Filtsch k\u00f6nyvnyomd\u00e1j\u00e1ban, kiad\u00f3j\u00e1ban \u00e9s k\u00f6nyvkeresked\u00e9s\u00e9ben dolgozott. H\u00e1zass\u00e1ga r\u00e9v\u00e9n a nyomda t\u00e1rstulajdonosa lett, W. Krafft n\u00e9ven m\u0171k\u00f6d\u00f6tt (1879-t\u0151l), az erd\u00e9lyi nyomd\u00e1szok vez\u00e9regy\u00e9nis\u00e9gek\u00e9nt. Segesv\u00e1rik\u00e9nt megv\u00e1s\u00e1rolta a J\u00f6rdens nyomd\u00e1t \u00e9s v\u00e1ltozatlan form\u00e1ban adta ki a Sch\u00e4ssburger Zeitung c. lapot (1904\u201319), ami nem volt el\u00e9g rentabilis \u00e9s eladta Friedrich Horethnek. <br \/><strong>Irod.:<\/strong> Te\u015fcul\u0103, Nicolae: Promotori ai culturii la Sighi\u015foara: Tipografii (Vatra veche, nr. 8., 2009); LSS; Popt\u0103ma\u015f\u2013M\u00f3zes; Todea 2013<\/br><\/p>\n","protected":false},"excerpt":{"rendered":"<p>Segesv\u00e1r, 1833. aug. 5., \u2020 Nagyszeben, 1908. dec. 10.: nyomd\u00e1sz. \u2013 Brass\u00f3ban Johann G\u00f6ttn\u00e9l tanulta a k\u00f6nyvnyomtat\u00e1s mesters\u00e9g\u00e9t; v\u00e1ndor\u00e9vek ut\u00e1n visszat\u00e9rt \u00e9s Samuel Filtsch k\u00f6nyvnyomd\u00e1j\u00e1ban, kiad\u00f3j\u00e1ban \u00e9s k\u00f6nyvkeresked\u00e9s\u00e9ben dolgozott. H\u00e1zass\u00e1ga r\u00e9v\u00e9n a nyomda t\u00e1rstulajdonosa lett, W. Krafft n\u00e9ven m\u0171k\u00f6d\u00f6tt (1879-t\u0151l), az erd\u00e9lyi nyomd\u00e1szok vez\u00e9regy\u00e9nis\u00e9gek\u00e9nt. Segesv\u00e1rik\u00e9nt megv\u00e1s\u00e1rolta a J\u00f6rdens nyomd\u00e1t \u00e9s v\u00e1ltozatlan form\u00e1ban adta ki a [&hellip;]<\/p>\n","protected":false},"featured_media":0,"comment_status":"open","ping_status":"closed","template":"","meta":[],"product_brand":[],"product_cat":[137],"product_tag":[],"class_list":{"0":"post-13198","1":"product","2":"type-product","3":"status-publish","5":"product_cat-maros-megyei-eletrajzi-lexikon","7":"first","8":"instock","9":"shipping-taxable","10":"product-type-simple"},"_links":{"self":[{"href":"https:\/\/uj.adatbank.ro\/lexikon\/wp-json\/wp\/v2\/product\/13198","targetHints":{"allow":["GET"]}}],"collection":[{"href":"https:\/\/uj.adatbank.ro\/lexikon\/wp-json\/wp\/v2\/product"}],"about":[{"href":"https:\/\/uj.adatbank.ro\/lexikon\/wp-json\/wp\/v2\/types\/product"}],"replies":[{"embeddable":true,"href":"https:\/\/uj.adatbank.ro\/lexikon\/wp-json\/wp\/v2\/comments?post=13198"}],"wp:attachment":[{"href":"https:\/\/uj.adatbank.ro\/lexikon\/wp-json\/wp\/v2\/media?parent=13198"}],"wp:term":[{"taxonomy":"product_brand","embeddable":true,"href":"https:\/\/uj.adatbank.ro\/lexikon\/wp-json\/wp\/v2\/product_brand?post=13198"},{"taxonomy":"product_cat","embeddable":true,"href":"https:\/\/uj.adatbank.ro\/lexikon\/wp-json\/wp\/v2\/product_cat?post=13198"},{"taxonomy":"product_tag","embeddable":true,"href":"https:\/\/uj.adatbank.ro\/lexikon\/wp-json\/wp\/v2\/product_tag?post=13198"}],"curies":[{"name":"wp","href":"https:\/\/api.w.org\/{rel}","templated":true}]}}