{"id":13205,"date":"2025-06-29T14:53:37","date_gmt":"2025-06-29T12:53:37","guid":{"rendered":"https:\/\/uj.adatbank.ro\/lexikon\/termek\/krajtor-janos\/"},"modified":"2025-06-29T14:53:37","modified_gmt":"2025-06-29T12:53:37","slug":"krajtor-janos","status":"publish","type":"product","link":"https:\/\/uj.adatbank.ro\/lexikon\/termek\/krajtor-janos\/","title":{"rendered":"KRAJTOR J\u00e1nos"},"content":{"rendered":"<p>1911., \u2020 ? : fodr\u00e1sz. \u2013 Iskol\u00e1i elv\u00e9gz\u00e9se ut\u00e1n a borb\u00e9lyipart tanulta \u00e9s a k\u00f6telez\u0151 seg\u00e9d\u00e9vek elt\u00f6lt\u00e9se ut\u00e1n \u00f6n\u00e1ll\u00fa lett Palotailv\u00e1n (1937). <br \/><strong>Irod.:<\/strong> Sz\u00e9kelyf\u00f6ld \u00ed. k.<\/br><\/p>\n","protected":false},"excerpt":{"rendered":"<p>1911., \u2020 ? : fodr\u00e1sz. \u2013 Iskol\u00e1i elv\u00e9gz\u00e9se ut\u00e1n a borb\u00e9lyipart tanulta \u00e9s a k\u00f6telez\u0151 seg\u00e9d\u00e9vek elt\u00f6lt\u00e9se ut\u00e1n \u00f6n\u00e1ll\u00fa lett Palotailv\u00e1n (1937). Irod.: Sz\u00e9kelyf\u00f6ld \u00ed. k.<\/p>\n","protected":false},"featured_media":0,"comment_status":"open","ping_status":"closed","template":"","meta":[],"product_brand":[],"product_cat":[137],"product_tag":[],"class_list":{"0":"post-13205","1":"product","2":"type-product","3":"status-publish","5":"product_cat-maros-megyei-eletrajzi-lexikon","7":"first","8":"instock","9":"shipping-taxable","10":"product-type-simple"},"_links":{"self":[{"href":"https:\/\/uj.adatbank.ro\/lexikon\/wp-json\/wp\/v2\/product\/13205","targetHints":{"allow":["GET"]}}],"collection":[{"href":"https:\/\/uj.adatbank.ro\/lexikon\/wp-json\/wp\/v2\/product"}],"about":[{"href":"https:\/\/uj.adatbank.ro\/lexikon\/wp-json\/wp\/v2\/types\/product"}],"replies":[{"embeddable":true,"href":"https:\/\/uj.adatbank.ro\/lexikon\/wp-json\/wp\/v2\/comments?post=13205"}],"wp:attachment":[{"href":"https:\/\/uj.adatbank.ro\/lexikon\/wp-json\/wp\/v2\/media?parent=13205"}],"wp:term":[{"taxonomy":"product_brand","embeddable":true,"href":"https:\/\/uj.adatbank.ro\/lexikon\/wp-json\/wp\/v2\/product_brand?post=13205"},{"taxonomy":"product_cat","embeddable":true,"href":"https:\/\/uj.adatbank.ro\/lexikon\/wp-json\/wp\/v2\/product_cat?post=13205"},{"taxonomy":"product_tag","embeddable":true,"href":"https:\/\/uj.adatbank.ro\/lexikon\/wp-json\/wp\/v2\/product_tag?post=13205"}],"curies":[{"name":"wp","href":"https:\/\/api.w.org\/{rel}","templated":true}]}}