{"id":13208,"date":"2025-06-29T14:53:43","date_gmt":"2025-06-29T12:53:43","guid":{"rendered":"https:\/\/uj.adatbank.ro\/lexikon\/termek\/kramer-jeno\/"},"modified":"2025-06-29T14:53:43","modified_gmt":"2025-06-29T12:53:43","slug":"kramer-jeno","status":"publish","type":"product","link":"https:\/\/uj.adatbank.ro\/lexikon\/termek\/kramer-jeno\/","title":{"rendered":"KRAMER Jen\u0151"},"content":{"rendered":"<p>Bp., 1894 1881., \u2020 1967. jan. 1\u00ed0. igazgat\u00f3. \u2013 Tanulm\u00e1nyait k\u00fclf\u00f6ld\u00f6n v\u00e9gezte. A dics\u0151szentm\u00e1rtoni Nitrog\u00e9n Rt. igazgat\u00f3ja lett, kiv\u00e1l\u00f3 szakember volt. <br \/><strong>Irod.:<\/strong> EBKL; Mv.-i zsid\u00f3 temet\u0151 dok.<\/br><\/p>\n","protected":false},"excerpt":{"rendered":"<p>Bp., 1894 1881., \u2020 1967. jan. 1\u00ed0. igazgat\u00f3. \u2013 Tanulm\u00e1nyait k\u00fclf\u00f6ld\u00f6n v\u00e9gezte. A dics\u0151szentm\u00e1rtoni Nitrog\u00e9n Rt. igazgat\u00f3ja lett, kiv\u00e1l\u00f3 szakember volt. Irod.: EBKL; Mv.-i zsid\u00f3 temet\u0151 dok.<\/p>\n","protected":false},"featured_media":0,"comment_status":"open","ping_status":"closed","template":"","meta":[],"product_brand":[],"product_cat":[137],"product_tag":[],"class_list":{"0":"post-13208","1":"product","2":"type-product","3":"status-publish","5":"product_cat-maros-megyei-eletrajzi-lexikon","7":"first","8":"instock","9":"shipping-taxable","10":"product-type-simple"},"_links":{"self":[{"href":"https:\/\/uj.adatbank.ro\/lexikon\/wp-json\/wp\/v2\/product\/13208","targetHints":{"allow":["GET"]}}],"collection":[{"href":"https:\/\/uj.adatbank.ro\/lexikon\/wp-json\/wp\/v2\/product"}],"about":[{"href":"https:\/\/uj.adatbank.ro\/lexikon\/wp-json\/wp\/v2\/types\/product"}],"replies":[{"embeddable":true,"href":"https:\/\/uj.adatbank.ro\/lexikon\/wp-json\/wp\/v2\/comments?post=13208"}],"wp:attachment":[{"href":"https:\/\/uj.adatbank.ro\/lexikon\/wp-json\/wp\/v2\/media?parent=13208"}],"wp:term":[{"taxonomy":"product_brand","embeddable":true,"href":"https:\/\/uj.adatbank.ro\/lexikon\/wp-json\/wp\/v2\/product_brand?post=13208"},{"taxonomy":"product_cat","embeddable":true,"href":"https:\/\/uj.adatbank.ro\/lexikon\/wp-json\/wp\/v2\/product_cat?post=13208"},{"taxonomy":"product_tag","embeddable":true,"href":"https:\/\/uj.adatbank.ro\/lexikon\/wp-json\/wp\/v2\/product_tag?post=13208"}],"curies":[{"name":"wp","href":"https:\/\/api.w.org\/{rel}","templated":true}]}}