{"id":13232,"date":"2025-06-29T14:54:30","date_gmt":"2025-06-29T12:54:30","guid":{"rendered":"https:\/\/uj.adatbank.ro\/lexikon\/termek\/krauss-josephus\/"},"modified":"2025-06-29T14:54:30","modified_gmt":"2025-06-29T12:54:30","slug":"krauss-josephus","status":"publish","type":"product","link":"https:\/\/uj.adatbank.ro\/lexikon\/termek\/krauss-josephus\/","title":{"rendered":"KRAUSS, Josephus"},"content":{"rendered":"<p>Apold, 1711., \u2020 Homor\u00f3dbene, 1776. aug. 4.: lektor, pr\u00e9dik\u00e1tor. \u2013 Tanult J\u00e9n\u00e1ban (1733), pr\u00e9dik\u00e1tor, lektor Segesv\u00e1ron; pap Volk\u00e1nyban, Homor\u00f3dben\u00e9n. <br \/><strong>Irod.:<\/strong> Szab\u00f3\u2013Sz\u00f6gi<\/br><\/p>\n","protected":false},"excerpt":{"rendered":"<p>Apold, 1711., \u2020 Homor\u00f3dbene, 1776. aug. 4.: lektor, pr\u00e9dik\u00e1tor. \u2013 Tanult J\u00e9n\u00e1ban (1733), pr\u00e9dik\u00e1tor, lektor Segesv\u00e1ron; pap Volk\u00e1nyban, Homor\u00f3dben\u00e9n. Irod.: Szab\u00f3\u2013Sz\u00f6gi<\/p>\n","protected":false},"featured_media":0,"comment_status":"open","ping_status":"closed","template":"","meta":[],"product_brand":[],"product_cat":[137],"product_tag":[],"class_list":{"0":"post-13232","1":"product","2":"type-product","3":"status-publish","5":"product_cat-maros-megyei-eletrajzi-lexikon","7":"first","8":"instock","9":"shipping-taxable","10":"product-type-simple"},"_links":{"self":[{"href":"https:\/\/uj.adatbank.ro\/lexikon\/wp-json\/wp\/v2\/product\/13232","targetHints":{"allow":["GET"]}}],"collection":[{"href":"https:\/\/uj.adatbank.ro\/lexikon\/wp-json\/wp\/v2\/product"}],"about":[{"href":"https:\/\/uj.adatbank.ro\/lexikon\/wp-json\/wp\/v2\/types\/product"}],"replies":[{"embeddable":true,"href":"https:\/\/uj.adatbank.ro\/lexikon\/wp-json\/wp\/v2\/comments?post=13232"}],"wp:attachment":[{"href":"https:\/\/uj.adatbank.ro\/lexikon\/wp-json\/wp\/v2\/media?parent=13232"}],"wp:term":[{"taxonomy":"product_brand","embeddable":true,"href":"https:\/\/uj.adatbank.ro\/lexikon\/wp-json\/wp\/v2\/product_brand?post=13232"},{"taxonomy":"product_cat","embeddable":true,"href":"https:\/\/uj.adatbank.ro\/lexikon\/wp-json\/wp\/v2\/product_cat?post=13232"},{"taxonomy":"product_tag","embeddable":true,"href":"https:\/\/uj.adatbank.ro\/lexikon\/wp-json\/wp\/v2\/product_tag?post=13232"}],"curies":[{"name":"wp","href":"https:\/\/api.w.org\/{rel}","templated":true}]}}