{"id":13237,"date":"2025-06-29T14:54:39","date_gmt":"2025-06-29T12:54:39","guid":{"rendered":"https:\/\/uj.adatbank.ro\/lexikon\/termek\/krausz-georgius\/"},"modified":"2025-06-29T14:54:39","modified_gmt":"2025-06-29T12:54:39","slug":"krausz-georgius","status":"publish","type":"product","link":"https:\/\/uj.adatbank.ro\/lexikon\/termek\/krausz-georgius\/","title":{"rendered":"KRAUSZ Georgius"},"content":{"rendered":"<p>Sz\u00e1szr\u00e9gen, 1807.? \u2020 ? : egyetemi hallgat\u00f3. \u2013 Apja K. Georg sz\u00e1szr\u00e9geni c\u00e9hmester. \u2013 Pesten volt seb\u00e9szhallgat\u00f3 (1827\u201330). <br \/><strong>Irod.:<\/strong> Szab\u00f3 Mikl\u00f3s 2005<\/br><\/p>\n","protected":false},"excerpt":{"rendered":"<p>Sz\u00e1szr\u00e9gen, 1807.? \u2020 ? : egyetemi hallgat\u00f3. \u2013 Apja K. Georg sz\u00e1szr\u00e9geni c\u00e9hmester. \u2013 Pesten volt seb\u00e9szhallgat\u00f3 (1827\u201330). Irod.: Szab\u00f3 Mikl\u00f3s 2005<\/p>\n","protected":false},"featured_media":0,"comment_status":"open","ping_status":"closed","template":"","meta":[],"product_brand":[],"product_cat":[137],"product_tag":[],"class_list":{"0":"post-13237","1":"product","2":"type-product","3":"status-publish","5":"product_cat-maros-megyei-eletrajzi-lexikon","7":"first","8":"instock","9":"shipping-taxable","10":"product-type-simple"},"_links":{"self":[{"href":"https:\/\/uj.adatbank.ro\/lexikon\/wp-json\/wp\/v2\/product\/13237","targetHints":{"allow":["GET"]}}],"collection":[{"href":"https:\/\/uj.adatbank.ro\/lexikon\/wp-json\/wp\/v2\/product"}],"about":[{"href":"https:\/\/uj.adatbank.ro\/lexikon\/wp-json\/wp\/v2\/types\/product"}],"replies":[{"embeddable":true,"href":"https:\/\/uj.adatbank.ro\/lexikon\/wp-json\/wp\/v2\/comments?post=13237"}],"wp:attachment":[{"href":"https:\/\/uj.adatbank.ro\/lexikon\/wp-json\/wp\/v2\/media?parent=13237"}],"wp:term":[{"taxonomy":"product_brand","embeddable":true,"href":"https:\/\/uj.adatbank.ro\/lexikon\/wp-json\/wp\/v2\/product_brand?post=13237"},{"taxonomy":"product_cat","embeddable":true,"href":"https:\/\/uj.adatbank.ro\/lexikon\/wp-json\/wp\/v2\/product_cat?post=13237"},{"taxonomy":"product_tag","embeddable":true,"href":"https:\/\/uj.adatbank.ro\/lexikon\/wp-json\/wp\/v2\/product_tag?post=13237"}],"curies":[{"name":"wp","href":"https:\/\/api.w.org\/{rel}","templated":true}]}}