{"id":13243,"date":"2025-06-29T14:54:52","date_gmt":"2025-06-29T12:54:52","guid":{"rendered":"https:\/\/uj.adatbank.ro\/lexikon\/termek\/krausz-testverek\/"},"modified":"2025-06-29T14:54:52","modified_gmt":"2025-06-29T12:54:52","slug":"krausz-testverek","status":"publish","type":"product","link":"https:\/\/uj.adatbank.ro\/lexikon\/termek\/krausz-testverek\/","title":{"rendered":"KRAUSZ Testv\u00e9rek"},"content":{"rendered":"<p>Mv.-en. \u2013 A Krausz csal\u00e1d \u0151sei hossz\u00fa \u00e9vsz\u00e1zadok \u00f3ta \u00e9lnek Erd\u00e9lyben \u00e9s mint f\u00f6ldbirtokosok \u00e9s keresked\u0151k tev\u00e9kenykedtek. A Krausz Testv\u00e9rek c\u00e9ge Mv.-en 1903 \u00f3ta m\u0171k\u00f6d\u00f6tt, \u00e1r\u00facikkeivel az eg\u00e9sz Sz\u00e9kelyf\u00f6ldet \u00e9s k\u00f6rny\u00e9k\u00e9t ell\u00e1ta. J\u00f3 h\u00edrn\u00e9vnek \u00f6rvend\u0151 c\u00e9g\u00fck 48 alkalmazottat foglalkoztatott. Konyak-, lik\u00f6r- rum- \u00e9s bor rakt\u00e1rat l\u00e9tes\u00edtettek (1920). K. D\u00e1vid, Vilmos, \u00d6d\u00f6n. \u00dczemeik saj\u00e1t h\u00e1zukban voltak elhelyezve. Gy\u00e1rtottak cukorka \u00e9s csokol\u00e1d\u00e9 f\u00e9l\u00e9ket, angr\u00f3ban foglalkoztak szeszes\u00e1r\u00faval 80\u2013100 munk\u00e1st foglalkoztattak. <br \/><strong>Irod.:<\/strong> EBKL; Pan\u0103; Sz\u00e9kelyf\u00f6ld \u00ed. k.<\/br><\/p>\n","protected":false},"excerpt":{"rendered":"<p>Mv.-en. \u2013 A Krausz csal\u00e1d \u0151sei hossz\u00fa \u00e9vsz\u00e1zadok \u00f3ta \u00e9lnek Erd\u00e9lyben \u00e9s mint f\u00f6ldbirtokosok \u00e9s keresked\u0151k tev\u00e9kenykedtek. A Krausz Testv\u00e9rek c\u00e9ge Mv.-en 1903 \u00f3ta m\u0171k\u00f6d\u00f6tt, \u00e1r\u00facikkeivel az eg\u00e9sz Sz\u00e9kelyf\u00f6ldet \u00e9s k\u00f6rny\u00e9k\u00e9t ell\u00e1ta. J\u00f3 h\u00edrn\u00e9vnek \u00f6rvend\u0151 c\u00e9g\u00fck 48 alkalmazottat foglalkoztatott. Konyak-, lik\u00f6r- rum- \u00e9s bor rakt\u00e1rat l\u00e9tes\u00edtettek (1920). K. D\u00e1vid, Vilmos, \u00d6d\u00f6n. \u00dczemeik saj\u00e1t h\u00e1zukban voltak [&hellip;]<\/p>\n","protected":false},"featured_media":0,"comment_status":"open","ping_status":"closed","template":"","meta":[],"product_brand":[],"product_cat":[137],"product_tag":[],"class_list":{"0":"post-13243","1":"product","2":"type-product","3":"status-publish","5":"product_cat-maros-megyei-eletrajzi-lexikon","7":"first","8":"instock","9":"shipping-taxable","10":"product-type-simple"},"_links":{"self":[{"href":"https:\/\/uj.adatbank.ro\/lexikon\/wp-json\/wp\/v2\/product\/13243","targetHints":{"allow":["GET"]}}],"collection":[{"href":"https:\/\/uj.adatbank.ro\/lexikon\/wp-json\/wp\/v2\/product"}],"about":[{"href":"https:\/\/uj.adatbank.ro\/lexikon\/wp-json\/wp\/v2\/types\/product"}],"replies":[{"embeddable":true,"href":"https:\/\/uj.adatbank.ro\/lexikon\/wp-json\/wp\/v2\/comments?post=13243"}],"wp:attachment":[{"href":"https:\/\/uj.adatbank.ro\/lexikon\/wp-json\/wp\/v2\/media?parent=13243"}],"wp:term":[{"taxonomy":"product_brand","embeddable":true,"href":"https:\/\/uj.adatbank.ro\/lexikon\/wp-json\/wp\/v2\/product_brand?post=13243"},{"taxonomy":"product_cat","embeddable":true,"href":"https:\/\/uj.adatbank.ro\/lexikon\/wp-json\/wp\/v2\/product_cat?post=13243"},{"taxonomy":"product_tag","embeddable":true,"href":"https:\/\/uj.adatbank.ro\/lexikon\/wp-json\/wp\/v2\/product_tag?post=13243"}],"curies":[{"name":"wp","href":"https:\/\/api.w.org\/{rel}","templated":true}]}}