{"id":13251,"date":"2025-06-29T14:55:08","date_gmt":"2025-06-29T12:55:08","guid":{"rendered":"https:\/\/uj.adatbank.ro\/lexikon\/termek\/kremer-manci-margit-gr-teleki-adamne\/"},"modified":"2025-06-29T14:55:08","modified_gmt":"2025-06-29T12:55:08","slug":"kremer-manci-margit-gr-teleki-adamne","status":"publish","type":"product","link":"https:\/\/uj.adatbank.ro\/lexikon\/termek\/kremer-manci-margit-gr-teleki-adamne\/","title":{"rendered":"KR\u00c9MER Manci, Margit, gr. Teleki \u00c1d\u00e1mn\u00e9"},"content":{"rendered":"<p>Nagyk\u00e1roly, 1907. szept. 28., \u2020 Bp. szept. 21.: sz\u00ednm\u0171v\u00e9sz. \u2013 Sz\u00edn\u00e9szcsal\u00e1db\u00f3l sz\u00e1rmazott. P\u00e1ly\u00e1j\u00e1t alig 12 \u00e9vesen kezdte nevel\u0151apja Szabadkay J\u00f3zsef t\u00e1rsulat\u00e1ban. V\u00e1ndort\u00e1rsulatokkal bej\u00e1rta Erd\u00e9lyt. Huzamosabb ideig j\u00e1tszott Szatm\u00e1rn\u00e9metiben, Nagyk\u00e1rolyban, Nagyb\u00e1ny\u00e1n, Mv., Kv.-on, Brass\u00f3ban, Nagyv\u00e1radon, Aradon, Temesv\u00e1ron, Segesv\u00e1ron, D\u00e9sen (1919\u201338); Kv- sz\u00ednh\u00e1z operett primadonn\u00e1ja (1938\u201349), de vend\u00e9gk\u00e9nt fell\u00e9pett Mv.-en, a d\u00e9lvid\u00e9ki Magyar Sz\u00ednh\u00e1zban: Szabadk\u00e1n, Nagykanizs\u00e1n \u00e9s Zent\u00e1n, egy m\u00e1sik alkalommal Kass\u00e1n. Egy\u00e9nis\u00e9ge kedves, hangja l\u00e1gy, selymes, ill\u00fazi\u00f3t kelt\u0151en tudta megeleven\u00edteni a k\u00fcl\u00f6nb\u00f6z\u0151 t\u00e1rsalg\u00e1si dr\u00e1m\u00e1k \u00e9s v\u00edgj\u00e1t\u00e9kok l\u00edrai szerepeit is F\u00e9rje Teleki \u00c1d\u00e1m a k\u00e9t vh. k\u00f6z\u00f6tt Erd\u00e9ly k\u00f6z\u00e9let\u00e9ben j\u00e1tszott szerepet, ez\u00e9rt kitelep\u00edtett\u00e9k (1949), Mv. -t jel\u0151lt\u00e9k ki k\u00e9nyszerlakhely\u00fcknek, nem sokkal k\u00e9s\u0151bb f\u00e9rj\u00e9t letart\u00f3ztatt\u00e1k, a M\u00e1rton \u00c1ron per v\u00e1dlottjak\u00e9nt 10 \u00e9vet kapott. K\u00fczd\u00f6tt f\u00e9rje \u00e1rtatlans\u00e1g\u00e1nak bebizony\u00edt\u00e1s\u00e1\u00e9rt, t\u00f6bbsz\u00f6r beadv\u00e1nnyal fordult Groza P\u00e9terhez. Sz\u00ednpadra nem l\u00e9phetett csak b\u00e1bsz\u00edn\u00e9szk\u00e9nt tev\u00e9kenykedhetett., a mv.-i B\u00e1bsz\u00ednh\u00e1z tagja volt (\u20131957). Emberi tart\u00e1s\u00e1ra jellemz\u0151 hogy nem \u00edrta al\u00e1 az 1956-os forradalmat el\u00edt\u00e9l\u0151 nyilatkozatot. Bp en gy\u00f3gykezel\u00e9sen volt \u00e9s ott halt meg, Kv.-on a Teleki kript\u00e1ban nyugszik. \u2013 <strong>F. sz.:<\/strong> Mariska (Szigligeti Ede-Szabados \u00c1rp\u00e1d: Liliomfi); Zilia (Heltai Jen\u0151: A n\u00e9ma levente); G\u00e1bor di\u00e1k (Huszka Jen\u0151: G\u00fcl baba); Iluska (Kacs\u00f3h Pongr\u00e1c: J\u00e1nos vit\u00e9z); Bessy (Jacobi: Le\u00e1nyv\u00e1s\u00e1r), Zorika (Leh\u00e1r: Cig\u00e1nyszerelem), Mariska (Szigligeti E.: Liliomfi); Marcsa (Szirmai: M\u00e1gn\u00e1s Miska); Szilvia (K\u00e1lm\u00e1n Imre: Cs\u00e1rd\u00e1skir\u00e1lyn\u0151); Ant\u00f3nia (Huszka Jen\u0151: M\u00e1ria f\u0151hadnagy); Annie (Moln\u00e1r Ferenc: J\u00e1t\u00e9k a kast\u00e9lyban); Jol\u00e1n (Vaszary-Sz\u00e9ch\u00e9n-Losonczi: Bubus); Vali (B\u00f3kay J\u00e1nos: Ragaszkodom a szerelemhez); Hel\u00e9n (Sz\u00e1nt\u00f3-Sz\u00e9ch\u00e9n-F\u00e9nyes: Paprik\u00e1scsirke); Lilian Vomeg (Szil\u00e1gyi-B\u00e9keffy-F\u00e9nyes: Pusztai szeren\u00e1d), Ilonka (Szigeti: A v\u00e9n bakancsos \u00e9s fia a husz\u00e1r), Erd\u00e9lyi Mih\u00e1ly: L\u00e9gy eny\u00e9m mint r\u00e9g; S\u00e1ndor Jen\u0151: Nincs szebb mint a szerelem; Sikl\u00f3ssy P\u00e1l: M\u00e9gis sz\u00e9p az \u00e9let; Szabados-Siera C. Leonte: Velencei kaland; Erd\u00e9lyi Mih\u00e1ly: Zimberi Zombori sz\u00e9passzony, \u00c1brah\u00e1m \u2013F\u00f6ldes-Harmath: J\u00falia, Mv.-en a Sz\u00e9kely Sz\u00ednh\u00e1zban m. v.: M\u00e1ria (Carlo de Fries: Ilyenek a f\u00e9rfiak, 1947); Anna ( M\u00e1rai S\u00e1ndor: Kaland, 1947). <br \/><strong>Irod.:<\/strong> Ariel; B\u00e1nffy \u2013 Marosi; [Nekrol\u00f3g] (N\u00fa., 1990. okt. 8.); Horv\u00e1th Bea; K\u00f6t\u0151; MSZL; Rotescu<\/br><\/p>\n","protected":false},"excerpt":{"rendered":"<p>Nagyk\u00e1roly, 1907. szept. 28., \u2020 Bp. szept. 21.: sz\u00ednm\u0171v\u00e9sz. \u2013 Sz\u00edn\u00e9szcsal\u00e1db\u00f3l sz\u00e1rmazott. P\u00e1ly\u00e1j\u00e1t alig 12 \u00e9vesen kezdte nevel\u0151apja Szabadkay J\u00f3zsef t\u00e1rsulat\u00e1ban. V\u00e1ndort\u00e1rsulatokkal bej\u00e1rta Erd\u00e9lyt. Huzamosabb ideig j\u00e1tszott Szatm\u00e1rn\u00e9metiben, Nagyk\u00e1rolyban, Nagyb\u00e1ny\u00e1n, Mv., Kv.-on, Brass\u00f3ban, Nagyv\u00e1radon, Aradon, Temesv\u00e1ron, Segesv\u00e1ron, D\u00e9sen (1919\u201338); Kv- sz\u00ednh\u00e1z operett primadonn\u00e1ja (1938\u201349), de vend\u00e9gk\u00e9nt fell\u00e9pett Mv.-en, a d\u00e9lvid\u00e9ki Magyar Sz\u00ednh\u00e1zban: Szabadk\u00e1n, Nagykanizs\u00e1n \u00e9s [&hellip;]<\/p>\n","protected":false},"featured_media":0,"comment_status":"open","ping_status":"closed","template":"","meta":[],"product_brand":[],"product_cat":[137],"product_tag":[],"class_list":{"0":"post-13251","1":"product","2":"type-product","3":"status-publish","5":"product_cat-maros-megyei-eletrajzi-lexikon","7":"first","8":"instock","9":"shipping-taxable","10":"product-type-simple"},"_links":{"self":[{"href":"https:\/\/uj.adatbank.ro\/lexikon\/wp-json\/wp\/v2\/product\/13251","targetHints":{"allow":["GET"]}}],"collection":[{"href":"https:\/\/uj.adatbank.ro\/lexikon\/wp-json\/wp\/v2\/product"}],"about":[{"href":"https:\/\/uj.adatbank.ro\/lexikon\/wp-json\/wp\/v2\/types\/product"}],"replies":[{"embeddable":true,"href":"https:\/\/uj.adatbank.ro\/lexikon\/wp-json\/wp\/v2\/comments?post=13251"}],"wp:attachment":[{"href":"https:\/\/uj.adatbank.ro\/lexikon\/wp-json\/wp\/v2\/media?parent=13251"}],"wp:term":[{"taxonomy":"product_brand","embeddable":true,"href":"https:\/\/uj.adatbank.ro\/lexikon\/wp-json\/wp\/v2\/product_brand?post=13251"},{"taxonomy":"product_cat","embeddable":true,"href":"https:\/\/uj.adatbank.ro\/lexikon\/wp-json\/wp\/v2\/product_cat?post=13251"},{"taxonomy":"product_tag","embeddable":true,"href":"https:\/\/uj.adatbank.ro\/lexikon\/wp-json\/wp\/v2\/product_tag?post=13251"}],"curies":[{"name":"wp","href":"https:\/\/api.w.org\/{rel}","templated":true}]}}