{"id":13253,"date":"2025-06-29T14:55:12","date_gmt":"2025-06-29T12:55:12","guid":{"rendered":"https:\/\/uj.adatbank.ro\/lexikon\/termek\/krenner-miklos-spectator\/"},"modified":"2025-06-29T14:55:12","modified_gmt":"2025-06-29T12:55:12","slug":"krenner-miklos-spectator","status":"publish","type":"product","link":"https:\/\/uj.adatbank.ro\/lexikon\/termek\/krenner-miklos-spectator\/","title":{"rendered":"KRENNER Mikl\u00f3s, Spectator"},"content":{"rendered":"<p>Garamberzence, 1875. \u2020 Bp., 1968: \u00fajs\u00e1g\u00edr\u00f3, politikus. \u2013 Tan\u00e1r Aradon, tanulm\u00e1ny\u00edr\u00f3, szerkeszt\u0151, publicista, az Erd\u00e9lyi H\u00edrlap szerkeszt\u0151je. Bern\u00e1dy h\u00edve, az OMP reformcsoportj\u00e1nak tagja (1927), voltak gondolatai, h\u00edvei, de nem volt j\u00f3 szervez\u0151. Tagja a KZST-nek (1926\u2013). Cikkei jelentek meg a Sz\u00e9kely Napl\u00f3ban (1927). \u2013 <strong>F. m.:<\/strong> 48-as Erd\u00e9ly: Zsebk\u00f6nyv \/ Spectator el\u0151szav\u00e1val (Kv., 1943); Az erd\u00e9lyi \u00fat Sz\u00e9kelyudvarhely, 1995), (M\u00fazeumi f\u00fczetek). <br \/><strong>Irod.:<\/strong> Helikon 1924\u20131944; Id\u0151t\u00e1r 3.; Marosi-KZST; \u00dcnnepi k\u00f6nyv (Mv., 1930)<\/br><\/p>\n","protected":false},"excerpt":{"rendered":"<p>Garamberzence, 1875. \u2020 Bp., 1968: \u00fajs\u00e1g\u00edr\u00f3, politikus. \u2013 Tan\u00e1r Aradon, tanulm\u00e1ny\u00edr\u00f3, szerkeszt\u0151, publicista, az Erd\u00e9lyi H\u00edrlap szerkeszt\u0151je. Bern\u00e1dy h\u00edve, az OMP reformcsoportj\u00e1nak tagja (1927), voltak gondolatai, h\u00edvei, de nem volt j\u00f3 szervez\u0151. Tagja a KZST-nek (1926\u2013). Cikkei jelentek meg a Sz\u00e9kely Napl\u00f3ban (1927). \u2013 F. m.: 48-as Erd\u00e9ly: Zsebk\u00f6nyv \/ Spectator el\u0151szav\u00e1val (Kv., 1943); Az [&hellip;]<\/p>\n","protected":false},"featured_media":0,"comment_status":"open","ping_status":"closed","template":"","meta":[],"product_brand":[],"product_cat":[137],"product_tag":[],"class_list":{"0":"post-13253","1":"product","2":"type-product","3":"status-publish","5":"product_cat-maros-megyei-eletrajzi-lexikon","7":"first","8":"instock","9":"shipping-taxable","10":"product-type-simple"},"_links":{"self":[{"href":"https:\/\/uj.adatbank.ro\/lexikon\/wp-json\/wp\/v2\/product\/13253","targetHints":{"allow":["GET"]}}],"collection":[{"href":"https:\/\/uj.adatbank.ro\/lexikon\/wp-json\/wp\/v2\/product"}],"about":[{"href":"https:\/\/uj.adatbank.ro\/lexikon\/wp-json\/wp\/v2\/types\/product"}],"replies":[{"embeddable":true,"href":"https:\/\/uj.adatbank.ro\/lexikon\/wp-json\/wp\/v2\/comments?post=13253"}],"wp:attachment":[{"href":"https:\/\/uj.adatbank.ro\/lexikon\/wp-json\/wp\/v2\/media?parent=13253"}],"wp:term":[{"taxonomy":"product_brand","embeddable":true,"href":"https:\/\/uj.adatbank.ro\/lexikon\/wp-json\/wp\/v2\/product_brand?post=13253"},{"taxonomy":"product_cat","embeddable":true,"href":"https:\/\/uj.adatbank.ro\/lexikon\/wp-json\/wp\/v2\/product_cat?post=13253"},{"taxonomy":"product_tag","embeddable":true,"href":"https:\/\/uj.adatbank.ro\/lexikon\/wp-json\/wp\/v2\/product_tag?post=13253"}],"curies":[{"name":"wp","href":"https:\/\/api.w.org\/{rel}","templated":true}]}}