{"id":13260,"date":"2025-06-29T14:55:28","date_gmt":"2025-06-29T12:55:28","guid":{"rendered":"https:\/\/uj.adatbank.ro\/lexikon\/termek\/kristo-bela-dr\/"},"modified":"2025-06-29T14:55:28","modified_gmt":"2025-06-29T12:55:28","slug":"kristo-bela-dr","status":"publish","type":"product","link":"https:\/\/uj.adatbank.ro\/lexikon\/termek\/kristo-bela-dr\/","title":{"rendered":"KRIST\u00d3 B\u00e9la, dr."},"content":{"rendered":"<p>1920. \u2013 \u2020 2005 : orvos. \u2013 Feles\u00e9ge: Nal\u00e1szi Ilona (1922\u20132018). \u2013 Nagyv\u00e1radon vagy Szatm\u00e1rn\u00e9metiben sz\u00fcletett \u00e9s k\u00f6z\u00e9piskol\u00e1it is ott v\u00e9gezte. A MOGYI-ban kapott orvosi diplom\u00e1t (1971). <br \/><strong>Irod.:<\/strong> Kiss Cs. M 4.<\/br><\/p>\n","protected":false},"excerpt":{"rendered":"<p>1920. \u2013 \u2020 2005 : orvos. \u2013 Feles\u00e9ge: Nal\u00e1szi Ilona (1922\u20132018). \u2013 Nagyv\u00e1radon vagy Szatm\u00e1rn\u00e9metiben sz\u00fcletett \u00e9s k\u00f6z\u00e9piskol\u00e1it is ott v\u00e9gezte. A MOGYI-ban kapott orvosi diplom\u00e1t (1971). Irod.: Kiss Cs. M 4.<\/p>\n","protected":false},"featured_media":0,"comment_status":"open","ping_status":"closed","template":"","meta":[],"product_brand":[],"product_cat":[137],"product_tag":[],"class_list":{"0":"post-13260","1":"product","2":"type-product","3":"status-publish","5":"product_cat-maros-megyei-eletrajzi-lexikon","7":"first","8":"instock","9":"shipping-taxable","10":"product-type-simple"},"_links":{"self":[{"href":"https:\/\/uj.adatbank.ro\/lexikon\/wp-json\/wp\/v2\/product\/13260","targetHints":{"allow":["GET"]}}],"collection":[{"href":"https:\/\/uj.adatbank.ro\/lexikon\/wp-json\/wp\/v2\/product"}],"about":[{"href":"https:\/\/uj.adatbank.ro\/lexikon\/wp-json\/wp\/v2\/types\/product"}],"replies":[{"embeddable":true,"href":"https:\/\/uj.adatbank.ro\/lexikon\/wp-json\/wp\/v2\/comments?post=13260"}],"wp:attachment":[{"href":"https:\/\/uj.adatbank.ro\/lexikon\/wp-json\/wp\/v2\/media?parent=13260"}],"wp:term":[{"taxonomy":"product_brand","embeddable":true,"href":"https:\/\/uj.adatbank.ro\/lexikon\/wp-json\/wp\/v2\/product_brand?post=13260"},{"taxonomy":"product_cat","embeddable":true,"href":"https:\/\/uj.adatbank.ro\/lexikon\/wp-json\/wp\/v2\/product_cat?post=13260"},{"taxonomy":"product_tag","embeddable":true,"href":"https:\/\/uj.adatbank.ro\/lexikon\/wp-json\/wp\/v2\/product_tag?post=13260"}],"curies":[{"name":"wp","href":"https:\/\/api.w.org\/{rel}","templated":true}]}}