{"id":13281,"date":"2025-06-29T14:56:07","date_gmt":"2025-06-29T12:56:07","guid":{"rendered":"https:\/\/uj.adatbank.ro\/lexikon\/termek\/krizsan-zoltan\/"},"modified":"2025-06-29T14:56:07","modified_gmt":"2025-06-29T12:56:07","slug":"krizsan-zoltan","status":"publish","type":"product","link":"https:\/\/uj.adatbank.ro\/lexikon\/termek\/krizsan-zoltan\/","title":{"rendered":"KRIZS\u00c1N Zolt\u00e1n"},"content":{"rendered":"<p>Kv., 1940. febr. 19., \u2020 Kv., 1993. febr. 19.: kritikus, filmeszt\u00e9ta. \u2013 K\u00f6z\u00e9piskol\u00e1it Kv.-on (1959), az egyetemet ou. A BBTE magyar nyelv \u00e9s iridalom szak\u00e1n v\u00e9gezte (1963). Mv.-en a N\u00e9pi Alkot\u00e1sok H\u00e1za munkat\u00e1rsak\u00e9nt sz\u00edndarabok, m\u0171sorf\u00fczetek, k\u00e9zik\u00f6nyvek szerkeszt\u00e9s\u00e9ben vett r\u00e9szt (1963\u201365); a kv.-i Igazs\u00e1g m\u0171vel\u0151d\u00e9si rovat\u00e1nak film-, r\u00e1di\u00f3 \u00e9s telev\u00edzi\u00f3-, valamint t\u00f6megm\u0171vel\u0151d\u00e9si szerkeszt\u0151je (1968\u2013); a Szabads\u00e1gn\u00e1l kritikus \u00e9s publicista (1989\u2013); a H\u00e9t \u00c9vk\u00f6nyv\u00e9nek t\u00e1rsszerkeszt\u0151je (1981\u201382). Tagja a Rom. \u00dajs\u00e1g\u00edr\u00f3k Sz\u00f6vets\u00e9g\u00e9nek (1968); a Rom. Sz\u00ednh\u00e1z \u00e9s Zenem\u0171v\u00e9szek Sz\u00f6vets\u00e9g\u00e9nek (1970), a Rom. Filmm\u0171v. Sz\u00f6v. -nek (1978\u2013). V\u00e1logatott \u00fasz\u00f3, \u00edfj\u00fas\u00e1gi orsz\u00e1gos cs\u00facstart\u00f3, v\u00edzilabd\u00e1z\u00f3, m\u0171kedvel\u0151 sz\u00edn\u00e9sz., rendez\u0151 (1956\u201365)K\u00f6z\u00f6lt verseket, riportokat, kritik\u00e1kat az : Utunk, Igaz Sz\u00f3, Korunk, V\u00f6r\u00f6s Z\u00e1szl\u00f3, Ifj\u00famunk\u00e1s, Munk\u00e1s\u00e9let, Hargita, M\u0171vel\u0151d\u00e9s has\u00e1bjain. <br \/><strong>Irod.:<\/strong> KKACs; RMIL<\/br><\/p>\n","protected":false},"excerpt":{"rendered":"<p>Kv., 1940. febr. 19., \u2020 Kv., 1993. febr. 19.: kritikus, filmeszt\u00e9ta. \u2013 K\u00f6z\u00e9piskol\u00e1it Kv.-on (1959), az egyetemet ou. A BBTE magyar nyelv \u00e9s iridalom szak\u00e1n v\u00e9gezte (1963). Mv.-en a N\u00e9pi Alkot\u00e1sok H\u00e1za munkat\u00e1rsak\u00e9nt sz\u00edndarabok, m\u0171sorf\u00fczetek, k\u00e9zik\u00f6nyvek szerkeszt\u00e9s\u00e9ben vett r\u00e9szt (1963\u201365); a kv.-i Igazs\u00e1g m\u0171vel\u0151d\u00e9si rovat\u00e1nak film-, r\u00e1di\u00f3 \u00e9s telev\u00edzi\u00f3-, valamint t\u00f6megm\u0171vel\u0151d\u00e9si szerkeszt\u0151je (1968\u2013); a Szabads\u00e1gn\u00e1l [&hellip;]<\/p>\n","protected":false},"featured_media":0,"comment_status":"open","ping_status":"closed","template":"","meta":[],"product_brand":[],"product_cat":[137],"product_tag":[],"class_list":{"0":"post-13281","1":"product","2":"type-product","3":"status-publish","5":"product_cat-maros-megyei-eletrajzi-lexikon","7":"first","8":"instock","9":"shipping-taxable","10":"product-type-simple"},"_links":{"self":[{"href":"https:\/\/uj.adatbank.ro\/lexikon\/wp-json\/wp\/v2\/product\/13281","targetHints":{"allow":["GET"]}}],"collection":[{"href":"https:\/\/uj.adatbank.ro\/lexikon\/wp-json\/wp\/v2\/product"}],"about":[{"href":"https:\/\/uj.adatbank.ro\/lexikon\/wp-json\/wp\/v2\/types\/product"}],"replies":[{"embeddable":true,"href":"https:\/\/uj.adatbank.ro\/lexikon\/wp-json\/wp\/v2\/comments?post=13281"}],"wp:attachment":[{"href":"https:\/\/uj.adatbank.ro\/lexikon\/wp-json\/wp\/v2\/media?parent=13281"}],"wp:term":[{"taxonomy":"product_brand","embeddable":true,"href":"https:\/\/uj.adatbank.ro\/lexikon\/wp-json\/wp\/v2\/product_brand?post=13281"},{"taxonomy":"product_cat","embeddable":true,"href":"https:\/\/uj.adatbank.ro\/lexikon\/wp-json\/wp\/v2\/product_cat?post=13281"},{"taxonomy":"product_tag","embeddable":true,"href":"https:\/\/uj.adatbank.ro\/lexikon\/wp-json\/wp\/v2\/product_tag?post=13281"}],"curies":[{"name":"wp","href":"https:\/\/api.w.org\/{rel}","templated":true}]}}

KRIZSÁN Zoltán

<p>Kv., 1940. febr. 19., † Kv., 1993. febr. 19.: kritikus, filmesztéta. – Középiskoláit Kv.-on (1959), az egyetemet ou. A BBTE magyar nyelv és iridalom szakán végezte (1963). Mv.-en a Népi Alkotások Háza munkatársaként színdarabok, műsorfüzetek, kézikönyvek szerkesztésében vett részt (1963–65); a kv.-i Igazság művelődési rovatának film-, rádió és televízió-, valamint tömegművelődési szerkesztője (1968–); a Szabadságnál kritikus és publicista (1989–); a Hét Évkönyvének társszerkesztője (1981–82). Tagja a Rom. Újságírók Szövetségének (1968); a Rom. Színház és Zeneművészek Szövetségének (1970), a Rom. Filmműv. Szöv. -nek (1978–). Válogatott úszó, ífjúsági országos csúcstartó, vízilabdázó, műkedvelő színész., rendező (1956–65)Közölt verseket, riportokat, kritikákat az : Utunk, Igaz Szó, Korunk, Vörös Zászló, Ifjúmunkás, Munkásélet, Hargita, Művelődés hasábjain. <br /><strong>Irod.:</strong> KKACs; RMIL</br></p>

<p>Kv., 1940. febr. 19., † Kv., 1993. febr. 19.: kritikus, filmesztéta. – Középiskoláit Kv.-on (1959), az egyetemet ou. A BBTE magyar nyelv és iridalom szakán végezte (1963). Mv.-en a Népi Alkotások Háza munkatársaként színdarabok, műsorfüzetek, kézikönyvek szerkesztésében vett részt (1963–65); a kv.-i Igazság művelődési rovatának film-, rádió és televízió-, valamint tömegművelődési szerkesztője (1968–); a Szabadságnál [&hellip;]</p>
