{"id":13284,"date":"2025-06-29T14:56:15","date_gmt":"2025-06-29T12:56:15","guid":{"rendered":"https:\/\/uj.adatbank.ro\/lexikon\/termek\/krompecher-istvan\/"},"modified":"2025-06-29T14:56:15","modified_gmt":"2025-06-29T12:56:15","slug":"krompecher-istvan","status":"publish","type":"product","link":"https:\/\/uj.adatbank.ro\/lexikon\/termek\/krompecher-istvan\/","title":{"rendered":"KROMPECHER Istv\u00e1n"},"content":{"rendered":"<p>Bp., 1905. \u00e1pr. 17., \u2020 Debrecen, 1983. aug. 19.: orvos, anat\u00f3mus, biol\u00f3gus, egyetemi tan\u00e1r, akad. -kus. \u2013 Szil\u00e1rd, orsz\u00e1gos f\u0151\u00e1llatorvos, miniszteri f\u0151tan\u00e1csos \u00e9s G\u00fcnther Erzs\u00e9bet fia. Testv\u00e9rei: L\u00e1szl\u00f3 (1903\u20132000) \u00e9s Ilonka (1907\u20131924). Feles\u00e9ge P\u00e9nzes Magdolna (Szolnok, 1914. j\u00fan. 9. -Bp., 1989. okt. 26.), elv\u00e1ltak 1945. 2. Igaly Am\u00e1lia (Kula \/ Szerbia \/1919. szept. 7\u20132014. \u00e1pr. 24.). &#8211; Gyermekeik: \u00c9va (Bp., 1937. \u00e1pr. 12\u2013), Tam\u00e1s (Bp., 1940. j\u00fal. 4. \u2013), Katalin (Bp., 1946. aug. 13. \u2013), Istv\u00e1n (Tihany, 1947. j\u00fal. 16. \u2013), J\u00e1nos (Debrecen, 1952. m\u00e1j. 16.). \u2013 K\u00f6z\u00e9piskol\u00e1t a bp.-i evang\u00e9likus gimn.-ban v\u00e9gzett (1924), orvosi diplom\u00e1t ugyancsak Bp.-en szerzett a P\u00e1zm\u00e1ny P\u00e9ter TE (1929). P\u00e1ly\u00e1j\u00e1t sz\u00fcl\u0151v\u00e1ros\u00e1ban kezdte, a fejl\u0151d\u00e9stan mag\u00e1ntan\u00e1ra (1934), a heidelbergi egyetem megh\u00edvott el\u0151ad\u00f3ja (1937\u201338), a tihanyi Biol\u00f3giai Kutat\u00f3 Int\u00e9zet tudom\u00e1nyos munkat\u00e1rsa (1938\u201340). A sz\u00f6vet- \u00e9s fejl\u0151d\u00e9stan tansz\u00e9kvezet\u0151 tan\u00e1ra a kv.-i m. egyetemen (1940\u201344); professzor a MOGYI Anatomia \u00e9s Fejl\u0151d\u00e9stan katedr\u00e1j\u00e1n (1947. dec. 13. \u2013), az Anat\u00f3miai \u00e9s M\u0171t\u00e9ttani Int\u00e9zet vezet\u0151je (1945\u20131975), majd a debreceni Orvostudom\u00e1nyi Egyetemen (1950-t\u0151l) nyugalomba vonul\u00e1s\u00e1ig. Az \u00c9rtes\u00edt\u0151 az EME Orvostudom\u00e1nyi Szakoszt\u00e1ly\u00e1b\u00f3. c. szaklap t\u00e1rsszerkeszt\u0151je Berde K\u00e1rollyal k\u00f6z\u00f6sen (1940\u201344). Az MTA levelez\u0151 tagja (1948\u2013), a hallei term\u00e9szettudom\u00e1nyi, a mil\u00e1n\u00f3i orvosi akad\u00e9mia s a Francia Anat\u00f3mus T\u00e1rsas\u00e1g vezet\u0151s\u00e9gi tagja, a pozsonyi Komensky egyetem d\u00edszdoktora. Szaktudom\u00e1nyi ter\u00fclete az anat\u00f3mia, sz\u00f6vettan, fejl\u0151d\u00e9stan, k\u00eds\u00e9rleti biol\u00f3gia. \u2013 <strong>F. m.:<\/strong> Die Knochenbildung (Jena, 1937); Mesters\u00e9ges \u00edz\u00fcletek (Bp., 1939); K\u00eds\u00e9rleti \u00edz\u00fcletk\u00e9pz\u00e9s (Kv., 1943); Az ember sz\u00f6veti meg\u00fajhod\u00f3 (regener\u00e1l\u00f3d\u00f3) k\u00e9pess\u00e9ge = az EME 1942-es v\u00e1ndorgy\u0171l\u00e9s\u00e9nek Eml\u00e9kk\u00f6nyv\u00e9ben (Kv., 1943); Die Grundlagen der Eierschalentherapie (Jena, 1958); Form und Function in der Biologie, Leipzig, 1966); Local tissue metabolism and the quality of the callus (Bp., 1967); Carbohydrate metabolism of tissues (Bp., 1983). <br \/><strong>Irod.:<\/strong> Genersichek; Id\u0151t\u00e1r 4.; M\u00c9L; P\u00e9ter 2006; RMIL<\/br><\/p>\n","protected":false},"excerpt":{"rendered":"<p>Bp., 1905. \u00e1pr. 17., \u2020 Debrecen, 1983. aug. 19.: orvos, anat\u00f3mus, biol\u00f3gus, egyetemi tan\u00e1r, akad. -kus. \u2013 Szil\u00e1rd, orsz\u00e1gos f\u0151\u00e1llatorvos, miniszteri f\u0151tan\u00e1csos \u00e9s G\u00fcnther Erzs\u00e9bet fia. Testv\u00e9rei: L\u00e1szl\u00f3 (1903\u20132000) \u00e9s Ilonka (1907\u20131924). Feles\u00e9ge P\u00e9nzes Magdolna (Szolnok, 1914. j\u00fan. 9. -Bp., 1989. okt. 26.), elv\u00e1ltak 1945. 2. Igaly Am\u00e1lia (Kula \/ Szerbia \/1919. szept. 7\u20132014. \u00e1pr. [&hellip;]<\/p>\n","protected":false},"featured_media":0,"comment_status":"open","ping_status":"closed","template":"","meta":[],"product_brand":[],"product_cat":[137],"product_tag":[],"class_list":{"0":"post-13284","1":"product","2":"type-product","3":"status-publish","5":"product_cat-maros-megyei-eletrajzi-lexikon","7":"first","8":"instock","9":"shipping-taxable","10":"product-type-simple"},"_links":{"self":[{"href":"https:\/\/uj.adatbank.ro\/lexikon\/wp-json\/wp\/v2\/product\/13284","targetHints":{"allow":["GET"]}}],"collection":[{"href":"https:\/\/uj.adatbank.ro\/lexikon\/wp-json\/wp\/v2\/product"}],"about":[{"href":"https:\/\/uj.adatbank.ro\/lexikon\/wp-json\/wp\/v2\/types\/product"}],"replies":[{"embeddable":true,"href":"https:\/\/uj.adatbank.ro\/lexikon\/wp-json\/wp\/v2\/comments?post=13284"}],"wp:attachment":[{"href":"https:\/\/uj.adatbank.ro\/lexikon\/wp-json\/wp\/v2\/media?parent=13284"}],"wp:term":[{"taxonomy":"product_brand","embeddable":true,"href":"https:\/\/uj.adatbank.ro\/lexikon\/wp-json\/wp\/v2\/product_brand?post=13284"},{"taxonomy":"product_cat","embeddable":true,"href":"https:\/\/uj.adatbank.ro\/lexikon\/wp-json\/wp\/v2\/product_cat?post=13284"},{"taxonomy":"product_tag","embeddable":true,"href":"https:\/\/uj.adatbank.ro\/lexikon\/wp-json\/wp\/v2\/product_tag?post=13284"}],"curies":[{"name":"wp","href":"https:\/\/api.w.org\/{rel}","templated":true}]}}

KROMPECHER István

<p>Bp., 1905. ápr. 17., † Debrecen, 1983. aug. 19.: orvos, anatómus, biológus, egyetemi tanár, akad. -kus. – Szilárd, országos főállatorvos, miniszteri főtanácsos és Günther Erzsébet fia. Testvérei: László (1903–2000) és Ilonka (1907–1924). Felesége Pénzes Magdolna (Szolnok, 1914. jún. 9. -Bp., 1989. okt. 26.), elváltak 1945. 2. Igaly Amália (Kula / Szerbia /1919. szept. 7–2014. ápr. 24.). &#8211; Gyermekeik: Éva (Bp., 1937. ápr. 12–), Tamás (Bp., 1940. júl. 4. –), Katalin (Bp., 1946. aug. 13. –), István (Tihany, 1947. júl. 16. –), János (Debrecen, 1952. máj. 16.). – Középiskolát a bp.-i evangélikus gimn.-ban végzett (1924), orvosi diplomát ugyancsak Bp.-en szerzett a Pázmány Péter TE (1929). Pályáját szülővárosában kezdte, a fejlődéstan magántanára (1934), a heidelbergi egyetem meghívott előadója (1937–38), a tihanyi Biológiai Kutató Intézet tudományos munkatársa (1938–40). A szövet- és fejlődéstan tanszékvezető tanára a kv.-i m. egyetemen (1940–44); professzor a MOGYI Anatomia és Fejlődéstan katedráján (1947. dec. 13. –), az Anatómiai és Műtéttani Intézet vezetője (1945–1975), majd a debreceni Orvostudományi Egyetemen (1950-től) nyugalomba vonulásáig. Az Értesítő az EME Orvostudományi Szakosztályábó. c. szaklap társszerkesztője Berde Károllyal közösen (1940–44). Az MTA levelező tagja (1948–), a hallei természettudományi, a milánói orvosi akadémia s a Francia Anatómus Társaság vezetőségi tagja, a pozsonyi Komensky egyetem díszdoktora. Szaktudományi területe az anatómia, szövettan, fejlődéstan, kísérleti biológia. – <strong>F. m.:</strong> Die Knochenbildung (Jena, 1937); Mesterséges ízületek (Bp., 1939); Kísérleti ízületképzés (Kv., 1943); Az ember szöveti megújhodó (regenerálódó) képessége = az EME 1942-es vándorgyűlésének Emlékkönyvében (Kv., 1943); Die Grundlagen der Eierschalentherapie (Jena, 1958); Form und Function in der Biologie, Leipzig, 1966); Local tissue metabolism and the quality of the callus (Bp., 1967); Carbohydrate metabolism of tissues (Bp., 1983). <br /><strong>Irod.:</strong> Genersichek; Időtár 4.; MÉL; Péter 2006; RMIL</br></p>

<p>Bp., 1905. ápr. 17., † Debrecen, 1983. aug. 19.: orvos, anatómus, biológus, egyetemi tanár, akad. -kus. – Szilárd, országos főállatorvos, miniszteri főtanácsos és Günther Erzsébet fia. Testvérei: László (1903–2000) és Ilonka (1907–1924). Felesége Pénzes Magdolna (Szolnok, 1914. jún. 9. -Bp., 1989. okt. 26.), elváltak 1945. 2. Igaly Amália (Kula / Szerbia /1919. szept. 7–2014. ápr. [&hellip;]</p>
