{"id":13285,"date":"2025-06-29T14:56:17","date_gmt":"2025-06-29T12:56:17","guid":{"rendered":"https:\/\/uj.adatbank.ro\/lexikon\/termek\/kron-erno-ferenc\/"},"modified":"2025-06-29T14:56:17","modified_gmt":"2025-06-29T12:56:17","slug":"kron-erno-ferenc","status":"publish","type":"product","link":"https:\/\/uj.adatbank.ro\/lexikon\/termek\/kron-erno-ferenc\/","title":{"rendered":"KR\u00d3N Ern\u0151 Ferenc"},"content":{"rendered":"<p>Mv., 1884. aug. 16., \u2020 Mv., 1983. febr. 4.: k\u00f6nyvk\u00f6t\u0151, napt\u00e1r\u00edr\u00f3 \u00e9s szerkeszt\u0151. \u2013 \u00c9desapja szint\u00e9n Ern\u0151 alap\u00edtotta a k\u00f6nyvk\u00f6t\u0151 m\u0171helyt (1880). Feles\u00e9ge: Szab\u00f3 Katalin (?- Mv., 1972. j\u00fal. 30.). \u2013 A k\u00f6z\u00e9piskola elv\u00e9gz\u00e9se ut\u00e1n \u00e9desapja k\u00f6nyvk\u00f6t\u0151m\u0171hely\u00e9ben, azut\u00e1n Kv.-on a Rohonyi-, Esztergomban a Roska-m\u0171helyben \u00e9s Bp.-en a Tolnai Vil\u00e1glapja kiad\u00f3n\u00e1l tanult, N\u00e9meto.-ban, Ausztri\u00e1ban praktiz\u00e1lt \u00e9s k\u00e9pezte mag\u00e1t k\u00f6nyvk\u00f6t\u0151 mesterr\u00e9. Mv.-en \u00e1tvette apja m\u0171hely\u00e9t \u00e9s mint \u00f6n\u00e1ll\u00f3 kisiparos dolgozott (1903). Megvette a S\u00e1ros utca 8 sz. alatti r\u00e9gi h\u00e1zat (1905), ott volt az otthona \u00e9s ott m\u0171k\u00f6d\u00f6tt k\u00f6nyvk\u00f6t\u0151m\u0171helye (1907\u2013) \u00e9s nyomd\u00e1ja. Dolgozott hivataloknak, k\u00f6t\u00f6tt be tank\u00f6nyveket. A d\u00edszk\u00f6t\u00e9seket kedvelte, jav\u00edtotta a Teleki \u2013 \u00e9s Bolyai k\u00f6nyvt\u00e1r r\u00e9gi k\u00f6nyveit, kutyab\u0151rb\u0151l is. J\u00f6ttek hozz\u00e1 tanulni szakemberek k\u00f6nyvt\u00e1rakb\u00f3l, Buk. -b\u0151l is. Bern\u00e1dy \u00e9s Moln\u00e1r G\u00e1bor, Teleki Domokos is dolgoztatott vele. R\u00e9szt vett az I. vh.-ban (1915\u201318), I. oszt. sz\u00e1mvev\u0151 \u0151rmester. Megvette az Erd\u00e9lyi Kalend\u00e1rium kiad\u00f3i jog\u00e1t (1912). Eg\u00e9sz Erd\u00e9lyben vett\u00e9k t\u0151le a L\u0151csei f\u00e9le Sz\u00e9kely Napt\u00e1rt amit \u0151 szerkesztett \u00e9s nyomtatott \u00e1tlagban 10. 000 p\u00e9ld\u00e1nyban \u00e9vente jelent meg: R\u00e9gi \u00e9s val\u00f3di L\u0151csei-f\u00e9le K\u00f6zhaszn\u00fa Sz\u00e9kely Napt\u00e1rt c. (1913\u201348) j\u00f3r\u00e9szt saj\u00e1t sz\u00f6vegeivel. A vezet\u00e9se alatt \u00e1ll\u00f3 Sz\u00e9kely Napt\u00e1rak Kiad\u00f3v\u00e1llalat \u00f6n\u00e1ll\u00f3 f\u00fczetsorozatban is megjelentette azokat az \u00edr\u00e1sokat melyekben az \u00edr\u00f3 orvosi tan\u00e1csokkal, a gyermekv\u00e9delem, lak\u00e1sgondoz\u00e1s, konyhai takar\u00e9koss\u00e1g \u00e9s h\u00e1zi kert\u00e9szked\u00e9s feladatainak ismertet\u00e9s\u00e9vel, v\u0151f\u00e9lyek, n\u00e1sznagyok k\u00f6sz\u00f6nt\u0151 verseivel, sz\u00e9ps\u00e9g\u00e1pol\u00e1ssal, a sert\u00e9sfeldolgoz\u00e1s hetvenf\u00e9le m\u00f3dj\u00e1val, s\u00f6t a h\u00e1zas\u00e9letben el\u0151fordul\u00f3 testi-lelki bajok elh\u00e1r\u00edt\u00e1s\u00e1ra 850 tan\u00e1ccsal l\u00e1tta el az olvas\u00f3kat. Tan\u00edtott a Koll.-ban is k\u00f6nyvk\u00f6t\u00e9szetet k\u00e9zimunka \u00f3r\u00e1n. A m\u0171helyt \u00e1llamos\u00edtott\u00e1k (1948), \u00fajraindult a tev\u00e9kenys\u00e9g (1949\u2013). M\u00e1r fiatal kor\u00e1ban szavalt \u00e9s el\u0151adott humoros t\u00f6rt\u00e9neteket. M\u0171kedvel\u0151 el\u0151ad\u00e1sokban vett r\u00e9szt. Amat\u0151r sz\u00edn\u00e9sz is volt, k\u00f6zismert komikus, meg\u00fcnnepelt\u00e9k a harminc\u00e9ves sz\u00edn\u00e9szi jubileum\u00e1t. J\u00e1tszott a Cig\u00e1nyban Szentgy\u00f6rgyi Istv\u00e1nnal, Moliere : K\u00e9pzelt beteg\u00e9ben, A Tartuffeben (1949), valamint operettekben: Ali Baba, Cig\u00e1nyb\u00e1r\u00f3. H\u00e1rom a kisl\u00e1ny. El\u0151ad\u00e1saikkal vend\u00e9gszerepeltek Erd\u00e9lyszerte A mv.-i Munk\u00e1sotthon sz\u00ednj\u00e1tsz\u00f3it tan\u00edtotta (1910\u2013) A M. Iparos Egyes\u00fclet aleln\u00f6ke \u00e9s vigalmi eln\u00f6ke, a K\u00f6nyvk\u00f6t\u0151 Mesterek F\u0151n\u00f6ktest\u00fclet\u00e9nek eln\u00f6ke, az \u00c1llami K\u00f6zm\u0171hely fel\u00fcgyel\u0151 bizotts\u00e1g\u00e1nak cenzora \u00e9s a M. Iparosok deleg\u00e1tusa, a Tanonciskol\u00e1k fel\u00fcgyel\u0151 bizotts\u00e1g tagja, a M. Iparos Tanul\u00f3 Otthon k\u00f6nyvt\u00e1rosa, a r. k. Leg\u00e9nyegylet v\u00e1lasztm\u00e1ny\u00e1nak tagja \u00e9s m\u0171kedvel\u0151 vezet\u0151je, a Dalm\u0171j\u00e1tsz\u00f3 T\u00e1rsulat ellen\u0151re \u00e9s int\u00e9z\u0151 tagja, a Polg\u00e1ri Blokk, a ref. dal\u00e1rda \u00e9s m\u00e9g sz\u00e1mos egyes\u00fclet vezet\u00e9s\u00e9ben vett r\u00e9szt. Eml\u00e9kirat\u00e1t Sz\u00e1z \u00e9v egy erd\u00e9lyi k\u00f6nyvk\u00f6t\u0151 csal\u00e1d \u00e9let\u00e9b\u0151l 1979-ben g\u00e9pelte le. -. \u2013 <strong>F. m.:<\/strong> Mit kell tudni a l\u00e1nyoknak a h\u00e1zass\u00e1g el\u0151tt : A j\u00f3 h\u00e1zass\u00e1g titka (Mv., 1932); Sz\u00e1z \u00e9v egy erd\u00e9lyi k\u00f6nyvk\u00f6t\u0151 csal\u00e1d \u00e9letlb\u0151l (1979. g\u00e9pirat); <strong>szerk.:<\/strong> R\u00e9gi \u00e9s val\u00f3di L\u0151csei-f\u00e9le K\u00f6zhaszn\u00fa Sz\u00e9kely Napt\u00e1r (1913\u201348); R\u00e9gi \u00e9s val\u00f3di Szentistv\u00e1ni P\u00e9ter Andr\u00e1s-f\u00e9le sz\u00e9kely napt\u00e1r 1935-ik k\u00f6z\u00f6ns\u00e9ges \u00e9vre). <br \/><strong>Irod.:<\/strong> Erd\u00e9lyi ezredek; Ferenczi 1929; A H\u00e9t (1975 aug. 29 ; 1984. aug. 27 Marosi Ildik\u00f3 cikke); Horv\u00e1th Bea; Id\u0151t\u00e1r 2; Istv\u00e1n Lajos: Levelek, korok, korhangulatok: 155 \u00e9ve jelent meg a Sz\u00e9kely Napt\u00e1r (N\u00fa., M\u00fazsa, 310. sz., 1997. szept. 5.); Ki kicsoda?; [Nekrol\u00f3g] (V. Z., 1983. febr. 6.); \u00d6kr\u00f6s; RMIL; Sipos; Sz\u00e9kely Napt\u00e1r (hirdet\u00e9sei; 1945); Sz\u0151cs Lajos: K. E., a tollforgat\u00f3k p\u00e1rtol\u00f3ja (Udvarhelyi H\u00edrad\u00f3 kalend\u00e1rium, 1998); Varga G\u00e1bor: Adatok egy v\u00e1s\u00e1rhelyi k\u00f6nyvk\u00f6t\u0151 dinasztia t\u00f6rt\u00e9net\u00e9b\u0151l (Debrecen, 1997); Vass Gyop\u00e1r: M\u0171hely\u00e9t m\u00fazeumm\u00e1 szeretn\u00e9 alak\u00edtani (K\u00f6zpont, 24. sz., 2010. j\u00fan.); Valentiny 1935<\/br><\/p>\n","protected":false},"excerpt":{"rendered":"<p>Mv., 1884. aug. 16., \u2020 Mv., 1983. febr. 4.: k\u00f6nyvk\u00f6t\u0151, napt\u00e1r\u00edr\u00f3 \u00e9s szerkeszt\u0151. \u2013 \u00c9desapja szint\u00e9n Ern\u0151 alap\u00edtotta a k\u00f6nyvk\u00f6t\u0151 m\u0171helyt (1880). Feles\u00e9ge: Szab\u00f3 Katalin (?- Mv., 1972. j\u00fal. 30.). \u2013 A k\u00f6z\u00e9piskola elv\u00e9gz\u00e9se ut\u00e1n \u00e9desapja k\u00f6nyvk\u00f6t\u0151m\u0171hely\u00e9ben, azut\u00e1n Kv.-on a Rohonyi-, Esztergomban a Roska-m\u0171helyben \u00e9s Bp.-en a Tolnai Vil\u00e1glapja kiad\u00f3n\u00e1l tanult, N\u00e9meto.-ban, Ausztri\u00e1ban praktiz\u00e1lt \u00e9s [&hellip;]<\/p>\n","protected":false},"featured_media":0,"comment_status":"open","ping_status":"closed","template":"","meta":[],"product_brand":[],"product_cat":[137],"product_tag":[],"class_list":{"0":"post-13285","1":"product","2":"type-product","3":"status-publish","5":"product_cat-maros-megyei-eletrajzi-lexikon","7":"first","8":"instock","9":"shipping-taxable","10":"product-type-simple"},"_links":{"self":[{"href":"https:\/\/uj.adatbank.ro\/lexikon\/wp-json\/wp\/v2\/product\/13285","targetHints":{"allow":["GET"]}}],"collection":[{"href":"https:\/\/uj.adatbank.ro\/lexikon\/wp-json\/wp\/v2\/product"}],"about":[{"href":"https:\/\/uj.adatbank.ro\/lexikon\/wp-json\/wp\/v2\/types\/product"}],"replies":[{"embeddable":true,"href":"https:\/\/uj.adatbank.ro\/lexikon\/wp-json\/wp\/v2\/comments?post=13285"}],"wp:attachment":[{"href":"https:\/\/uj.adatbank.ro\/lexikon\/wp-json\/wp\/v2\/media?parent=13285"}],"wp:term":[{"taxonomy":"product_brand","embeddable":true,"href":"https:\/\/uj.adatbank.ro\/lexikon\/wp-json\/wp\/v2\/product_brand?post=13285"},{"taxonomy":"product_cat","embeddable":true,"href":"https:\/\/uj.adatbank.ro\/lexikon\/wp-json\/wp\/v2\/product_cat?post=13285"},{"taxonomy":"product_tag","embeddable":true,"href":"https:\/\/uj.adatbank.ro\/lexikon\/wp-json\/wp\/v2\/product_tag?post=13285"}],"curies":[{"name":"wp","href":"https:\/\/api.w.org\/{rel}","templated":true}]}}

KRÓN Ernő Ferenc

<p>Mv., 1884. aug. 16., † Mv., 1983. febr. 4.: könyvkötő, naptáríró és szerkesztő. – Édesapja szintén Ernő alapította a könyvkötő műhelyt (1880). Felesége: Szabó Katalin (?- Mv., 1972. júl. 30.). – A középiskola elvégzése után édesapja könyvkötőműhelyében, azután Kv.-on a Rohonyi-, Esztergomban a Roska-műhelyben és Bp.-en a Tolnai Világlapja kiadónál tanult, Németo.-ban, Ausztriában praktizált és képezte magát könyvkötő mesterré. Mv.-en átvette apja műhelyét és mint önálló kisiparos dolgozott (1903). Megvette a Sáros utca 8 sz. alatti régi házat (1905), ott volt az otthona és ott működött könyvkötőműhelye (1907–) és nyomdája. Dolgozott hivataloknak, kötött be tankönyveket. A díszkötéseket kedvelte, javította a Teleki – és Bolyai könyvtár régi könyveit, kutyabőrből is. Jöttek hozzá tanulni szakemberek könyvtárakból, Buk. -ből is. Bernády és Molnár Gábor, Teleki Domokos is dolgoztatott vele. Részt vett az I. vh.-ban (1915–18), I. oszt. számvevő őrmester. Megvette az Erdélyi Kalendárium kiadói jogát (1912). Egész Erdélyben vették tőle a Lőcsei féle Székely Naptárt amit ő szerkesztett és nyomtatott átlagban 10. 000 példányban évente jelent meg: Régi és valódi Lőcsei-féle Közhasznú Székely Naptárt c. (1913–48) jórészt saját szövegeivel. A vezetése alatt álló Székely Naptárak Kiadóvállalat önálló füzetsorozatban is megjelentette azokat az írásokat melyekben az író orvosi tanácsokkal, a gyermekvédelem, lakásgondozás, konyhai takarékosság és házi kertészkedés feladatainak ismertetésével, vőfélyek, násznagyok köszöntő verseivel, szépségápolással, a sertésfeldolgozás hetvenféle módjával, söt a házaséletben előforduló testi-lelki bajok elhárítására 850 tanáccsal látta el az olvasókat. Tanított a Koll.-ban is könyvkötészetet kézimunka órán. A műhelyt államosították (1948), újraindult a tevékenység (1949–). Már fiatal korában szavalt és előadott humoros történeteket. Műkedvelő előadásokban vett részt. Amatőr színész is volt, közismert komikus, megünnepelték a harmincéves színészi jubileumát. Játszott a Cigányban Szentgyörgyi Istvánnal, Moliere : Képzelt betegében, A Tartuffeben (1949), valamint operettekben: Ali Baba, Cigánybáró. Három a kislány. Előadásaikkal vendégszerepeltek Erdélyszerte A mv.-i Munkásotthon színjátszóit tanította (1910–) A M. Iparos Egyesület alelnöke és vigalmi elnöke, a Könyvkötő Mesterek Főnöktestületének elnöke, az Állami Közműhely felügyelő bizottságának cenzora és a M. Iparosok delegátusa, a Tanonciskolák felügyelő bizottság tagja, a M. Iparos Tanuló Otthon könyvtárosa, a r. k. Legényegylet választmányának tagja és műkedvelő vezetője, a Dalműjátszó Társulat ellenőre és intéző tagja, a Polgári Blokk, a ref. dalárda és még számos egyesület vezetésében vett részt. Emlékiratát Száz év egy erdélyi könyvkötő család életéből 1979-ben gépelte le. -. – <strong>F. m.:</strong> Mit kell tudni a lányoknak a házasság előtt : A jó házasság titka (Mv., 1932); Száz év egy erdélyi könyvkötő család életlből (1979. gépirat); <strong>szerk.:</strong> Régi és valódi Lőcsei-féle Közhasznú Székely Naptár (1913–48); Régi és valódi Szentistváni Péter András-féle székely naptár 1935-ik közönséges évre). <br /><strong>Irod.:</strong> Erdélyi ezredek; Ferenczi 1929; A Hét (1975 aug. 29 ; 1984. aug. 27 Marosi Ildikó cikke); Horváth Bea; Időtár 2; István Lajos: Levelek, korok, korhangulatok: 155 éve jelent meg a Székely Naptár (Nú., Múzsa, 310. sz., 1997. szept. 5.); Ki kicsoda?; [Nekrológ] (V. Z., 1983. febr. 6.); Ökrös; RMIL; Sipos; Székely Naptár (hirdetései; 1945); Szőcs Lajos: K. E., a tollforgatók pártolója (Udvarhelyi Híradó kalendárium, 1998); Varga Gábor: Adatok egy vásárhelyi könyvkötő dinasztia történetéből (Debrecen, 1997); Vass Gyopár: Műhelyét múzeummá szeretné alakítani (Központ, 24. sz., 2010. jún.); Valentiny 1935</br></p>

<p>Mv., 1884. aug. 16., † Mv., 1983. febr. 4.: könyvkötő, naptáríró és szerkesztő. – Édesapja szintén Ernő alapította a könyvkötő műhelyt (1880). Felesége: Szabó Katalin (?- Mv., 1972. júl. 30.). – A középiskola elvégzése után édesapja könyvkötőműhelyében, azután Kv.-on a Rohonyi-, Esztergomban a Roska-műhelyben és Bp.-en a Tolnai Világlapja kiadónál tanult, Németo.-ban, Ausztriában praktizált és [&hellip;]</p>
