{"id":13286,"date":"2025-06-29T14:56:19","date_gmt":"2025-06-29T12:56:19","guid":{"rendered":"https:\/\/uj.adatbank.ro\/lexikon\/termek\/kron-erno-istvan\/"},"modified":"2025-06-29T14:56:19","modified_gmt":"2025-06-29T12:56:19","slug":"kron-erno-istvan","status":"publish","type":"product","link":"https:\/\/uj.adatbank.ro\/lexikon\/termek\/kron-erno-istvan\/","title":{"rendered":"KR\u00d3N Ern\u0151 Istv\u00e1n"},"content":{"rendered":"<p>Mv., 1924. aug. 19., \u2020 Mv., 2021. aug. 3.: k\u00f6nyvk\u00f6t\u0151, b\u00e1bsz\u00edn\u00e9sz. \u2013 A mv.-i R. K. Gimn\u00e1ziumban tanult (1940-ig), be\u00e1llt a szakm\u00e1ba az \u00e9desapja m\u0171hely\u00e9be (1940\u201343), bp.-i m\u0171helyekben t\u00f6k\u00e9letes\u00edtette tud\u00e1s\u00e1t (1942), katona (1943\u201344. nov.), folytatta a k\u00f6nyvk\u00f6t\u00e9szetet (1945\u201348), mesterlevelet kapott a Keresk. \u00e9s Iparkamar\u00e1t\u00f3l (1945). Apja m\u0171hely\u00e9t \u00e1llamos\u00edtott\u00e1k (1948). Az \u00e1llami szektorban dolgozott tov\u00e1bb mint k\u00f6nyvk\u00f6t\u0151 a MOGYI-n (1949\u201352). Alap\u00edt\u00f3 tagja a mv.-i \u00c1llami B\u00e1bsz\u00ednh\u00e1znak, m\u0171v\u00e9sze lett nyugd\u00edjaz\u00e1s\u00e1ig (1952\u201376). Szerepelt sz\u00e1mtalan darabban, t\u00f6bb mint 500 el\u0151ad\u00e1son j\u00e1tszotta a J\u00e1nos Vit\u00e9z c\u00edmszerep\u00e9t. Vend\u00e9gszerepeltek Francia-, N\u00e9met-, Spanyol-, Olasz-, G\u00f6r\u00f6g-, Lengyelo.-ban, Indi\u00e1ban, M\u00e1lt\u00e1n is. Nyugd\u00edjask\u00e9nt (1976\u2013) folytatta a k\u00f6nyvk\u00f6t\u00e9szetet saj\u00e1t csal\u00e1di m\u0171hely\u00e9ben. A d\u00edszk\u00f6t\u00e9st rendszerint a k\u00f6nyv tartalm\u00e1hoz igaz\u00edtotta. A M\u0171vel\u0151d\u00e9s\u00fcgyi Miniszt\u00e9rium elismer\u0151 oklev\u00e9llel jutalmazta k\u00f6nyvk\u00f6t\u0151i munk\u00e1ss\u00e1g\u00e1\u00e9rt (1983); Cs\u00e1ky Zolt\u00e1n portr\u00e9filmet k\u00e9sz\u00edtett r\u00f3la a RTV m. ad\u00e1sa sz\u00e1m\u00e1ra (1984). <br \/><strong>Irod.:<\/strong> Antal Erika: Az utols\u00f3 k\u00f6nyvk\u00f6t\u0151 (N\u00fa., M\u00fazsa, 411 sz. 1999. szept. 18); Ariel; F. I.: A k\u00f6nyvk\u00f6t\u0151 (\u00daj \u00c9let, 11 sz. 1987); L\u00e1zok Kl\u00e1ra: Kr\u00f3n Ern\u0151 (1924\u20132021) (N\u00fa., 2021. aug. 6.); Rotescu; Varga G\u00e1bor: Adatok egy v\u00e1s\u00e1rhelyi k\u00f6nyvk\u00f6t\u0151 dinasztia t\u00f6rt\u00e9net\u00e9b\u0151l (Debrecen, 1997); Vass Gyop\u00e1r: M\u0171hely\u00e9t m\u00fazeumm\u00e1 szeretn\u00e9 alak\u00edtani (K\u00f6zpont, 24. sz., 2010. j\u00fan.); <\/br><\/p>\n","protected":false},"excerpt":{"rendered":"<p>Mv., 1924. aug. 19., \u2020 Mv., 2021. aug. 3.: k\u00f6nyvk\u00f6t\u0151, b\u00e1bsz\u00edn\u00e9sz. \u2013 A mv.-i R. K. Gimn\u00e1ziumban tanult (1940-ig), be\u00e1llt a szakm\u00e1ba az \u00e9desapja m\u0171hely\u00e9be (1940\u201343), bp.-i m\u0171helyekben t\u00f6k\u00e9letes\u00edtette tud\u00e1s\u00e1t (1942), katona (1943\u201344. nov.), folytatta a k\u00f6nyvk\u00f6t\u00e9szetet (1945\u201348), mesterlevelet kapott a Keresk. \u00e9s Iparkamar\u00e1t\u00f3l (1945). Apja m\u0171hely\u00e9t \u00e1llamos\u00edtott\u00e1k (1948). Az \u00e1llami szektorban dolgozott tov\u00e1bb mint [&hellip;]<\/p>\n","protected":false},"featured_media":0,"comment_status":"open","ping_status":"closed","template":"","meta":[],"product_brand":[],"product_cat":[137],"product_tag":[],"class_list":{"0":"post-13286","1":"product","2":"type-product","3":"status-publish","5":"product_cat-maros-megyei-eletrajzi-lexikon","7":"first","8":"instock","9":"shipping-taxable","10":"product-type-simple"},"_links":{"self":[{"href":"https:\/\/uj.adatbank.ro\/lexikon\/wp-json\/wp\/v2\/product\/13286","targetHints":{"allow":["GET"]}}],"collection":[{"href":"https:\/\/uj.adatbank.ro\/lexikon\/wp-json\/wp\/v2\/product"}],"about":[{"href":"https:\/\/uj.adatbank.ro\/lexikon\/wp-json\/wp\/v2\/types\/product"}],"replies":[{"embeddable":true,"href":"https:\/\/uj.adatbank.ro\/lexikon\/wp-json\/wp\/v2\/comments?post=13286"}],"wp:attachment":[{"href":"https:\/\/uj.adatbank.ro\/lexikon\/wp-json\/wp\/v2\/media?parent=13286"}],"wp:term":[{"taxonomy":"product_brand","embeddable":true,"href":"https:\/\/uj.adatbank.ro\/lexikon\/wp-json\/wp\/v2\/product_brand?post=13286"},{"taxonomy":"product_cat","embeddable":true,"href":"https:\/\/uj.adatbank.ro\/lexikon\/wp-json\/wp\/v2\/product_cat?post=13286"},{"taxonomy":"product_tag","embeddable":true,"href":"https:\/\/uj.adatbank.ro\/lexikon\/wp-json\/wp\/v2\/product_tag?post=13286"}],"curies":[{"name":"wp","href":"https:\/\/api.w.org\/{rel}","templated":true}]}}

KRÓN Ernő István

<p>Mv., 1924. aug. 19., † Mv., 2021. aug. 3.: könyvkötő, bábszínész. – A mv.-i R. K. Gimnáziumban tanult (1940-ig), beállt a szakmába az édesapja műhelyébe (1940–43), bp.-i műhelyekben tökéletesítette tudását (1942), katona (1943–44. nov.), folytatta a könyvkötészetet (1945–48), mesterlevelet kapott a Keresk. és Iparkamarától (1945). Apja műhelyét államosították (1948). Az állami szektorban dolgozott tovább mint könyvkötő a MOGYI-n (1949–52). Alapító tagja a mv.-i Állami Bábszínháznak, művésze lett nyugdíjazásáig (1952–76). Szerepelt számtalan darabban, több mint 500 előadáson játszotta a János Vitéz címszerepét. Vendégszerepeltek Francia-, Német-, Spanyol-, Olasz-, Görög-, Lengyelo.-ban, Indiában, Máltán is. Nyugdíjasként (1976–) folytatta a könyvkötészetet saját családi műhelyében. A díszkötést rendszerint a könyv tartalmához igazította. A Művelődésügyi Minisztérium elismerő oklevéllel jutalmazta könyvkötői munkásságáért (1983); Csáky Zoltán portréfilmet készített róla a RTV m. adása számára (1984). <br /><strong>Irod.:</strong> Antal Erika: Az utolsó könyvkötő (Nú., Múzsa, 411 sz. 1999. szept. 18); Ariel; F. I.: A könyvkötő (Új Élet, 11 sz. 1987); Lázok Klára: Krón Ernő (1924–2021) (Nú., 2021. aug. 6.); Rotescu; Varga Gábor: Adatok egy vásárhelyi könyvkötő dinasztia történetéből (Debrecen, 1997); Vass Gyopár: Műhelyét múzeummá szeretné alakítani (Központ, 24. sz., 2010. jún.); </br></p>

<p>Mv., 1924. aug. 19., † Mv., 2021. aug. 3.: könyvkötő, bábszínész. – A mv.-i R. K. Gimnáziumban tanult (1940-ig), beállt a szakmába az édesapja műhelyébe (1940–43), bp.-i műhelyekben tökéletesítette tudását (1942), katona (1943–44. nov.), folytatta a könyvkötészetet (1945–48), mesterlevelet kapott a Keresk. és Iparkamarától (1945). Apja műhelyét államosították (1948). Az állami szektorban dolgozott tovább mint [&hellip;]</p>
