{"id":13287,"date":"2025-06-29T14:56:22","date_gmt":"2025-06-29T12:56:22","guid":{"rendered":"https:\/\/uj.adatbank.ro\/lexikon\/termek\/kron-erno-titusz\/"},"modified":"2025-06-29T14:56:22","modified_gmt":"2025-06-29T12:56:22","slug":"kron-erno-titusz","status":"publish","type":"product","link":"https:\/\/uj.adatbank.ro\/lexikon\/termek\/kron-erno-titusz\/","title":{"rendered":"KR\u00d3N Ern\u0151 Titusz"},"content":{"rendered":"<p>B\u00e1rtfa, 1854, \u2020 Mv., 1900. m\u00e1rc. 25.: k\u00f6nyvk\u00f6t\u0151. \u2013 A S\u00e1ros v\u00e1rmegy\u00e9b\u0151l egy 15 gyerekes csal\u00e1db\u00f3l sz\u00e1rmaz\u00f3 m\u0171vel\u0151d\u00e9sre v\u00e1gy\u00f3 fiatalember el\u0151bb Debrecenbe ment D\u00e1vidh\u00e1zy Imre ismert k\u00f6nyvk\u00f6t\u0151h\u00f6z tanulni, majd Kv.-on t\u00f6k\u00e9letes\u00edtette tud\u00e1s\u00e1t a Kisfaludy Testv\u00e9rekn\u00e9l. A k\u00f6nyvk\u00f6t\u0151 mesters\u00e9g elsaj\u00e1t\u00edt\u00e1sa ut\u00e1n Mv.-en be\u00e1llt Spielenberg\u00e9khez, majd n\u00e9h\u00e1ny \u00e9v ut\u00e1n megvette a a k\u00f6nyvnyomtat\u00f3- \u00e9s k\u00f6t\u0151 m\u0171helyt \u00e9s megalap\u00edtotta k\u00f6nyvk\u00f6t\u0151 m\u0171hely\u00e9t a S\u00e1ros utc\u00e1ban (1880). \u0150 lett a h\u00edres k\u00e9t keresztnevet visel\u0151 k\u00f6nyvk\u00f6t\u0151 csal\u00e1d els\u0151 tagja. Aranyoz\u00f3-k\u00f6nyvk\u00f6t\u0151 munk\u00e1kat v\u00e9gzett. Bevette m\u0171hely\u00e9be fi\u00e1t K. Ern\u0151 Ferencet, aki folytatta apja mesters\u00e9g\u00e9t. A hajdani c\u00e9gt\u00e1bla : Kr\u00f3n Ern\u0151 k\u00f6nyvk\u00f6t\u0151, doboz \u00e9s d\u00edszmunka k\u00e9sz\u00edt\u0151 Mv. M\u0171v\u00e9szi k\u00f6nyvk\u00f6t\u00e9sek. B\u0151r Plush. Atlaszdobozok. K\u00e9pkeretek, \u00edr\u00f3aljzatok, \u00e1llv\u00e1nyok, sz\u00e1mtalan kivitelben. Alap\u00edtva 1880. <br \/><strong>Irod.:<\/strong> Sipos; Sz\u00e9kely Napt\u00e1r (hirdet\u00e9sei; 1888); Varga G\u00e1bor: Adatok egy v\u00e1s\u00e1rhelyi k\u00f6nyvk\u00f6t\u0151 dinasztia t\u00f6rt\u00e9net\u00e9b\u0151l (Debrecen, 1997)<\/br><\/p>\n","protected":false},"excerpt":{"rendered":"<p>B\u00e1rtfa, 1854, \u2020 Mv., 1900. m\u00e1rc. 25.: k\u00f6nyvk\u00f6t\u0151. \u2013 A S\u00e1ros v\u00e1rmegy\u00e9b\u0151l egy 15 gyerekes csal\u00e1db\u00f3l sz\u00e1rmaz\u00f3 m\u0171vel\u0151d\u00e9sre v\u00e1gy\u00f3 fiatalember el\u0151bb Debrecenbe ment D\u00e1vidh\u00e1zy Imre ismert k\u00f6nyvk\u00f6t\u0151h\u00f6z tanulni, majd Kv.-on t\u00f6k\u00e9letes\u00edtette tud\u00e1s\u00e1t a Kisfaludy Testv\u00e9rekn\u00e9l. A k\u00f6nyvk\u00f6t\u0151 mesters\u00e9g elsaj\u00e1t\u00edt\u00e1sa ut\u00e1n Mv.-en be\u00e1llt Spielenberg\u00e9khez, majd n\u00e9h\u00e1ny \u00e9v ut\u00e1n megvette a a k\u00f6nyvnyomtat\u00f3- \u00e9s k\u00f6t\u0151 m\u0171helyt \u00e9s [&hellip;]<\/p>\n","protected":false},"featured_media":0,"comment_status":"open","ping_status":"closed","template":"","meta":[],"product_brand":[],"product_cat":[137],"product_tag":[],"class_list":{"0":"post-13287","1":"product","2":"type-product","3":"status-publish","5":"product_cat-maros-megyei-eletrajzi-lexikon","7":"first","8":"instock","9":"shipping-taxable","10":"product-type-simple"},"_links":{"self":[{"href":"https:\/\/uj.adatbank.ro\/lexikon\/wp-json\/wp\/v2\/product\/13287","targetHints":{"allow":["GET"]}}],"collection":[{"href":"https:\/\/uj.adatbank.ro\/lexikon\/wp-json\/wp\/v2\/product"}],"about":[{"href":"https:\/\/uj.adatbank.ro\/lexikon\/wp-json\/wp\/v2\/types\/product"}],"replies":[{"embeddable":true,"href":"https:\/\/uj.adatbank.ro\/lexikon\/wp-json\/wp\/v2\/comments?post=13287"}],"wp:attachment":[{"href":"https:\/\/uj.adatbank.ro\/lexikon\/wp-json\/wp\/v2\/media?parent=13287"}],"wp:term":[{"taxonomy":"product_brand","embeddable":true,"href":"https:\/\/uj.adatbank.ro\/lexikon\/wp-json\/wp\/v2\/product_brand?post=13287"},{"taxonomy":"product_cat","embeddable":true,"href":"https:\/\/uj.adatbank.ro\/lexikon\/wp-json\/wp\/v2\/product_cat?post=13287"},{"taxonomy":"product_tag","embeddable":true,"href":"https:\/\/uj.adatbank.ro\/lexikon\/wp-json\/wp\/v2\/product_tag?post=13287"}],"curies":[{"name":"wp","href":"https:\/\/api.w.org\/{rel}","templated":true}]}}