{"id":13289,"date":"2025-06-29T14:56:25","date_gmt":"2025-06-29T12:56:25","guid":{"rendered":"https:\/\/uj.adatbank.ro\/lexikon\/termek\/kroner-michael-%c2%a7\/"},"modified":"2025-06-29T14:56:25","modified_gmt":"2025-06-29T12:56:25","slug":"kroner-michael-%c2%a7","status":"publish","type":"product","link":"https:\/\/uj.adatbank.ro\/lexikon\/termek\/kroner-michael-%c2%a7\/","title":{"rendered":"KRONER, Michael, \u00a7"},"content":{"rendered":"<p>Feh\u00e9regyh\u00e1za (Maros), 1934. dec. 22., \u2020 ?: t\u00f6rt\u00e9n\u00e9sz. \u2013 Kv.-on v\u00e9gzett t\u00f6rt\u00e9nelem szakon. A besztercei l\u00edceum n\u00e9met r\u00e9szleg\u00e9ne tan\u00e1ra \u00e9s igazgat\u00f3ja volt (1958\u2013). A Karpatenrundschau c. hetilap szerkeszt\u0151je Brass\u00f3ban (1968\u2013), majd a Brass\u00f3 Megyei M\u00fazeum t\u00f6rt\u00e9n\u00e9szkutat\u00f3ja volt (1978\u2013), \u00e1ttelepedett az NSzK-ba (1979\u2013), N\u00fcrnbergben lett a Germanisches Nationalmuseum tudom\u00e1nyos munkat\u00e1rsa (1980\u2013), lev\u00e1lt\u00e1ros (1985\u2013). Kutat\u00e1si ter\u00fclete: a rom\u00e1niai n\u00e9metek t\u00f6rt\u00e9nete, D\u00e9lkelet-Eur\u00f3pa nemzetis\u00e9gi probl\u00e9m\u00e1i, az erd\u00e9lyi sz\u00e1szok anyaorsz\u00e1gi kapcsolatai stb. \u2013 <strong>F. m.:<\/strong> Interferenzen (Klausenburg, 1973); S\u00e4chsische-schw\u00e4bische Chronik (Buk., 1976); Stephan Ludwig Roth: Dissertation (1977); Die Zeit der Zeitung (Klausenburg, 1977). <br \/><strong>Irod.:<\/strong> LSSvan k\u00f6nyve m\u00e9g a bent. Kat. S. l.<\/br><\/p>\n","protected":false},"excerpt":{"rendered":"<p>Feh\u00e9regyh\u00e1za (Maros), 1934. dec. 22., \u2020 ?: t\u00f6rt\u00e9n\u00e9sz. \u2013 Kv.-on v\u00e9gzett t\u00f6rt\u00e9nelem szakon. A besztercei l\u00edceum n\u00e9met r\u00e9szleg\u00e9ne tan\u00e1ra \u00e9s igazgat\u00f3ja volt (1958\u2013). A Karpatenrundschau c. hetilap szerkeszt\u0151je Brass\u00f3ban (1968\u2013), majd a Brass\u00f3 Megyei M\u00fazeum t\u00f6rt\u00e9n\u00e9szkutat\u00f3ja volt (1978\u2013), \u00e1ttelepedett az NSzK-ba (1979\u2013), N\u00fcrnbergben lett a Germanisches Nationalmuseum tudom\u00e1nyos munkat\u00e1rsa (1980\u2013), lev\u00e1lt\u00e1ros (1985\u2013). Kutat\u00e1si ter\u00fclete: a [&hellip;]<\/p>\n","protected":false},"featured_media":0,"comment_status":"open","ping_status":"closed","template":"","meta":[],"product_brand":[],"product_cat":[137],"product_tag":[],"class_list":{"0":"post-13289","1":"product","2":"type-product","3":"status-publish","5":"product_cat-maros-megyei-eletrajzi-lexikon","7":"first","8":"instock","9":"shipping-taxable","10":"product-type-simple"},"_links":{"self":[{"href":"https:\/\/uj.adatbank.ro\/lexikon\/wp-json\/wp\/v2\/product\/13289","targetHints":{"allow":["GET"]}}],"collection":[{"href":"https:\/\/uj.adatbank.ro\/lexikon\/wp-json\/wp\/v2\/product"}],"about":[{"href":"https:\/\/uj.adatbank.ro\/lexikon\/wp-json\/wp\/v2\/types\/product"}],"replies":[{"embeddable":true,"href":"https:\/\/uj.adatbank.ro\/lexikon\/wp-json\/wp\/v2\/comments?post=13289"}],"wp:attachment":[{"href":"https:\/\/uj.adatbank.ro\/lexikon\/wp-json\/wp\/v2\/media?parent=13289"}],"wp:term":[{"taxonomy":"product_brand","embeddable":true,"href":"https:\/\/uj.adatbank.ro\/lexikon\/wp-json\/wp\/v2\/product_brand?post=13289"},{"taxonomy":"product_cat","embeddable":true,"href":"https:\/\/uj.adatbank.ro\/lexikon\/wp-json\/wp\/v2\/product_cat?post=13289"},{"taxonomy":"product_tag","embeddable":true,"href":"https:\/\/uj.adatbank.ro\/lexikon\/wp-json\/wp\/v2\/product_tag?post=13289"}],"curies":[{"name":"wp","href":"https:\/\/api.w.org\/{rel}","templated":true}]}}

<p>Fehéregyháza (Maros), 1934. dec. 22., † ?: történész. – Kv.-on végzett történelem szakon. A besztercei líceum német részlegéne tanára és igazgatója volt (1958–). A Karpatenrundschau c. hetilap szerkesztője Brassóban (1968–), majd a Brassó Megyei Múzeum történészkutatója volt (1978–), áttelepedett az NSzK-ba (1979–), Nürnbergben lett a Germanisches Nationalmuseum tudományos munkatársa (1980–), leváltáros (1985–). Kutatási területe: a romániai németek története, Délkelet-Európa nemzetiségi problémái, az erdélyi szászok anyaországi kapcsolatai stb. – <strong>F. m.:</strong> Interferenzen (Klausenburg, 1973); Sächsische-schwäbische Chronik (Buk., 1976); Stephan Ludwig Roth: Dissertation (1977); Die Zeit der Zeitung (Klausenburg, 1977). <br /><strong>Irod.:</strong> LSSvan könyve még a bent. Kat. S. l.</br></p>

<p>Fehéregyháza (Maros), 1934. dec. 22., † ?: történész. – Kv.-on végzett történelem szakon. A besztercei líceum német részlegéne tanára és igazgatója volt (1958–). A Karpatenrundschau c. hetilap szerkesztője Brassóban (1968–), majd a Brassó Megyei Múzeum történészkutatója volt (1978–), áttelepedett az NSzK-ba (1979–), Nürnbergben lett a Germanisches Nationalmuseum tudományos munkatársa (1980–), leváltáros (1985–). Kutatási területe: a [&hellip;]</p>
