{"id":13294,"date":"2025-06-29T14:56:36","date_gmt":"2025-06-29T12:56:36","guid":{"rendered":"https:\/\/uj.adatbank.ro\/lexikon\/termek\/kucsera-jeno\/"},"modified":"2025-06-29T14:56:36","modified_gmt":"2025-06-29T12:56:36","slug":"kucsera-jeno","status":"publish","type":"product","link":"https:\/\/uj.adatbank.ro\/lexikon\/termek\/kucsera-jeno\/","title":{"rendered":"KUCSERA Jen\u0151"},"content":{"rendered":"<p>1971. \u2020 Mv., 2023. nov. 3: ?: fot\u00f3m\u0171v\u00e9sz. \u2013 Az Elektromures v\u00e1lalatban volt \u00f6nt\u0151munk\u00e1s. A mv.-i Marx J\u00f3zsef Fot\u00f3klub tagja t\u00f6bb \u00e9ven \u00e1t. Sokoldal\u00faan mindent fot\u00f3zott, kis\u00e9rletezett. T\u00f6bb sz\u00e1z ki\u00e1ll\u00edt\u00e1son, egy\u00e9ni t\u00e1rlaton szerepelt felv\u00e9teleivel. A fot\u00f3klubos koll\u00e9g\u00e1kkal egy\u00fctt a v\u00e1rban l\u00e9v\u0151 leromlott katonai sz\u00e1ll\u00e1st alak\u00edtott\u00e1k \u00e1t ki\u00e1ll\u00edt\u00f3 termekk\u00e9. \u00c9vekig gondozta a fot\u00f3klubot, fogadta a l\u00e1togat\u00f3kat, der\u0171shang\u00fa megny\u00edt\u00f3k r\u00e9szese, t\u00e1rlatvezet\u0151 volt.<br \/><strong>Irod.:<\/strong> In memoriam Kucsera Jen\u0151: Elment a fot\u00f3gal\u00e9ria igazgat\u00f3ja. (N\u00fa., 2023. nov. 7.)<\/br><\/p>\n","protected":false},"excerpt":{"rendered":"<p>1971. \u2020 Mv., 2023. nov. 3: ?: fot\u00f3m\u0171v\u00e9sz. \u2013 Az Elektromures v\u00e1lalatban volt \u00f6nt\u0151munk\u00e1s. A mv.-i Marx J\u00f3zsef Fot\u00f3klub tagja t\u00f6bb \u00e9ven \u00e1t. Sokoldal\u00faan mindent fot\u00f3zott, kis\u00e9rletezett. T\u00f6bb sz\u00e1z ki\u00e1ll\u00edt\u00e1son, egy\u00e9ni t\u00e1rlaton szerepelt felv\u00e9teleivel. A fot\u00f3klubos koll\u00e9g\u00e1kkal egy\u00fctt a v\u00e1rban l\u00e9v\u0151 leromlott katonai sz\u00e1ll\u00e1st alak\u00edtott\u00e1k \u00e1t ki\u00e1ll\u00edt\u00f3 termekk\u00e9. \u00c9vekig gondozta a fot\u00f3klubot, fogadta a l\u00e1togat\u00f3kat, [&hellip;]<\/p>\n","protected":false},"featured_media":0,"comment_status":"open","ping_status":"closed","template":"","meta":[],"product_brand":[],"product_cat":[137],"product_tag":[],"class_list":{"0":"post-13294","1":"product","2":"type-product","3":"status-publish","5":"product_cat-maros-megyei-eletrajzi-lexikon","7":"first","8":"instock","9":"shipping-taxable","10":"product-type-simple"},"_links":{"self":[{"href":"https:\/\/uj.adatbank.ro\/lexikon\/wp-json\/wp\/v2\/product\/13294","targetHints":{"allow":["GET"]}}],"collection":[{"href":"https:\/\/uj.adatbank.ro\/lexikon\/wp-json\/wp\/v2\/product"}],"about":[{"href":"https:\/\/uj.adatbank.ro\/lexikon\/wp-json\/wp\/v2\/types\/product"}],"replies":[{"embeddable":true,"href":"https:\/\/uj.adatbank.ro\/lexikon\/wp-json\/wp\/v2\/comments?post=13294"}],"wp:attachment":[{"href":"https:\/\/uj.adatbank.ro\/lexikon\/wp-json\/wp\/v2\/media?parent=13294"}],"wp:term":[{"taxonomy":"product_brand","embeddable":true,"href":"https:\/\/uj.adatbank.ro\/lexikon\/wp-json\/wp\/v2\/product_brand?post=13294"},{"taxonomy":"product_cat","embeddable":true,"href":"https:\/\/uj.adatbank.ro\/lexikon\/wp-json\/wp\/v2\/product_cat?post=13294"},{"taxonomy":"product_tag","embeddable":true,"href":"https:\/\/uj.adatbank.ro\/lexikon\/wp-json\/wp\/v2\/product_tag?post=13294"}],"curies":[{"name":"wp","href":"https:\/\/api.w.org\/{rel}","templated":true}]}}

KUCSERA Jenő

<p>1971. † Mv., 2023. nov. 3: ?: fotóművész. – Az Elektromures válalatban volt öntőmunkás. A mv.-i Marx József Fotóklub tagja több éven át. Sokoldalúan mindent fotózott, kisérletezett. Több száz kiállításon, egyéni tárlaton szerepelt felvételeivel. A fotóklubos kollégákkal együtt a várban lévő leromlott katonai szállást alakították át kiállító termekké. Évekig gondozta a fotóklubot, fogadta a látogatókat, derűshangú megnyítók részese, tárlatvezető volt.<br /><strong>Irod.:</strong> In memoriam Kucsera Jenő: Elment a fotógaléria igazgatója. (Nú., 2023. nov. 7.)</br></p>

<p>1971. † Mv., 2023. nov. 3: ?: fotóművész. – Az Elektromures válalatban volt öntőmunkás. A mv.-i Marx József Fotóklub tagja több éven át. Sokoldalúan mindent fotózott, kisérletezett. Több száz kiállításon, egyéni tárlaton szerepelt felvételeivel. A fotóklubos kollégákkal együtt a várban lévő leromlott katonai szállást alakították át kiállító termekké. Évekig gondozta a fotóklubot, fogadta a látogatókat, [&hellip;]</p>
