{"id":13296,"date":"2025-06-29T14:56:42","date_gmt":"2025-06-29T12:56:42","guid":{"rendered":"https:\/\/uj.adatbank.ro\/lexikon\/termek\/kudor-tibor-jeno\/"},"modified":"2025-06-29T14:56:42","modified_gmt":"2025-06-29T12:56:42","slug":"kudor-tibor-jeno","status":"publish","type":"product","link":"https:\/\/uj.adatbank.ro\/lexikon\/termek\/kudor-tibor-jeno\/","title":{"rendered":"KUDOR Tibor Jen\u0151"},"content":{"rendered":"<p>? \u2020 Mv., 2010. j\u00fan. 23.: hadnagy, jogtan\u00e1csos. \u2013 A kv.-i egyetemen jogot v\u00e9gzett. A mv.-i securitate alkalmazottja, mint vallat\u00f3 hadnagy (1954. j\u00fal. 15. &#8211; 1955\u201356), de el\u00e9gedettlenek voltak a munk\u00e1j\u00e1val, elbocs\u00e1jtott\u00e1k (1955\u201356 ?). Majd jogtan\u00e1csos Mv.-en). <br \/><strong>Irod.:<\/strong> Bartos 2012; Nekrol\u00f3g (N\u00fa., 2010. j\u00fan. 23.)<\/br><\/p>\n","protected":false},"excerpt":{"rendered":"<p>? \u2020 Mv., 2010. j\u00fan. 23.: hadnagy, jogtan\u00e1csos. \u2013 A kv.-i egyetemen jogot v\u00e9gzett. A mv.-i securitate alkalmazottja, mint vallat\u00f3 hadnagy (1954. j\u00fal. 15. &#8211; 1955\u201356), de el\u00e9gedettlenek voltak a munk\u00e1j\u00e1val, elbocs\u00e1jtott\u00e1k (1955\u201356 ?). Majd jogtan\u00e1csos Mv.-en). Irod.: Bartos 2012; Nekrol\u00f3g (N\u00fa., 2010. j\u00fan. 23.)<\/p>\n","protected":false},"featured_media":0,"comment_status":"open","ping_status":"closed","template":"","meta":[],"product_brand":[],"product_cat":[137],"product_tag":[],"class_list":{"0":"post-13296","1":"product","2":"type-product","3":"status-publish","5":"product_cat-maros-megyei-eletrajzi-lexikon","7":"first","8":"instock","9":"shipping-taxable","10":"product-type-simple"},"_links":{"self":[{"href":"https:\/\/uj.adatbank.ro\/lexikon\/wp-json\/wp\/v2\/product\/13296","targetHints":{"allow":["GET"]}}],"collection":[{"href":"https:\/\/uj.adatbank.ro\/lexikon\/wp-json\/wp\/v2\/product"}],"about":[{"href":"https:\/\/uj.adatbank.ro\/lexikon\/wp-json\/wp\/v2\/types\/product"}],"replies":[{"embeddable":true,"href":"https:\/\/uj.adatbank.ro\/lexikon\/wp-json\/wp\/v2\/comments?post=13296"}],"wp:attachment":[{"href":"https:\/\/uj.adatbank.ro\/lexikon\/wp-json\/wp\/v2\/media?parent=13296"}],"wp:term":[{"taxonomy":"product_brand","embeddable":true,"href":"https:\/\/uj.adatbank.ro\/lexikon\/wp-json\/wp\/v2\/product_brand?post=13296"},{"taxonomy":"product_cat","embeddable":true,"href":"https:\/\/uj.adatbank.ro\/lexikon\/wp-json\/wp\/v2\/product_cat?post=13296"},{"taxonomy":"product_tag","embeddable":true,"href":"https:\/\/uj.adatbank.ro\/lexikon\/wp-json\/wp\/v2\/product_tag?post=13296"}],"curies":[{"name":"wp","href":"https:\/\/api.w.org\/{rel}","templated":true}]}}