{"id":13303,"date":"2025-06-29T14:56:59","date_gmt":"2025-06-29T12:56:59","guid":{"rendered":"https:\/\/uj.adatbank.ro\/lexikon\/termek\/kukullovari-mihaly\/"},"modified":"2025-06-29T14:56:59","modified_gmt":"2025-06-29T12:56:59","slug":"kukullovari-mihaly","status":"publish","type":"product","link":"https:\/\/uj.adatbank.ro\/lexikon\/termek\/kukullovari-mihaly\/","title":{"rendered":"K\u00dcK\u00dcLL\u0150V\u00c1RI Mih\u00e1ly"},"content":{"rendered":"<p>? \u2020 ?: ref. lelk\u00e9sz. \u2013 Nagyenyeden subscrib\u00e1lt (1691). Lelk\u00e9sz Gog\u00e1nban (1713\u201316). Feles\u00e9ge Sz\u0151ke Anna. <br \/><strong>Irod.:<\/strong> K\u00fck\u00fcll\u0151i Ref. Egyh\u00e1zm. 2<\/br><\/p>\n","protected":false},"excerpt":{"rendered":"<p>? \u2020 ?: ref. lelk\u00e9sz. \u2013 Nagyenyeden subscrib\u00e1lt (1691). Lelk\u00e9sz Gog\u00e1nban (1713\u201316). Feles\u00e9ge Sz\u0151ke Anna. Irod.: K\u00fck\u00fcll\u0151i Ref. Egyh\u00e1zm. 2<\/p>\n","protected":false},"featured_media":0,"comment_status":"open","ping_status":"closed","template":"","meta":[],"product_brand":[],"product_cat":[137],"product_tag":[],"class_list":{"0":"post-13303","1":"product","2":"type-product","3":"status-publish","5":"product_cat-maros-megyei-eletrajzi-lexikon","7":"first","8":"instock","9":"shipping-taxable","10":"product-type-simple"},"_links":{"self":[{"href":"https:\/\/uj.adatbank.ro\/lexikon\/wp-json\/wp\/v2\/product\/13303","targetHints":{"allow":["GET"]}}],"collection":[{"href":"https:\/\/uj.adatbank.ro\/lexikon\/wp-json\/wp\/v2\/product"}],"about":[{"href":"https:\/\/uj.adatbank.ro\/lexikon\/wp-json\/wp\/v2\/types\/product"}],"replies":[{"embeddable":true,"href":"https:\/\/uj.adatbank.ro\/lexikon\/wp-json\/wp\/v2\/comments?post=13303"}],"wp:attachment":[{"href":"https:\/\/uj.adatbank.ro\/lexikon\/wp-json\/wp\/v2\/media?parent=13303"}],"wp:term":[{"taxonomy":"product_brand","embeddable":true,"href":"https:\/\/uj.adatbank.ro\/lexikon\/wp-json\/wp\/v2\/product_brand?post=13303"},{"taxonomy":"product_cat","embeddable":true,"href":"https:\/\/uj.adatbank.ro\/lexikon\/wp-json\/wp\/v2\/product_cat?post=13303"},{"taxonomy":"product_tag","embeddable":true,"href":"https:\/\/uj.adatbank.ro\/lexikon\/wp-json\/wp\/v2\/product_tag?post=13303"}],"curies":[{"name":"wp","href":"https:\/\/api.w.org\/{rel}","templated":true}]}}