{"id":13305,"date":"2025-06-29T14:57:02","date_gmt":"2025-06-29T12:57:02","guid":{"rendered":"https:\/\/uj.adatbank.ro\/lexikon\/termek\/kulcsar-bela-%c2%a7\/"},"modified":"2025-06-29T14:57:02","modified_gmt":"2025-06-29T12:57:02","slug":"kulcsar-bela-%c2%a7","status":"publish","type":"product","link":"https:\/\/uj.adatbank.ro\/lexikon\/termek\/kulcsar-bela-%c2%a7\/","title":{"rendered":"KULCS\u00c1R B\u00e9la, \u00a7"},"content":{"rendered":"<p>Mv., 1908. j\u00fan. 4., \u2020 Mv., 1979. j\u00fal. 7 : szobr\u00e1sz. \u2013 Faipari szakiskol\u00e1t v\u00e9gzett Mv.-en., majd a Sz\u00e9kely \u00e9s R\u00e9ti B\u00fatorgy\u00e1rban mint m\u0171b\u00fatorasztalos csoportvezet\u0151 dolgozott. F\u0151k\u00e9nt faszobr\u00e1szattal \u00e9s kisplasztik\u00e1val foglalkozott. El\u0151sz\u00f6r Mv.-en szerepelt ki\u00e1ll\u00edt\u00e1son (1949), azut\u00e1n rendszeresen r\u00e9szt vett a f\u0151v\u00e1rosi, tartom\u00e1nyi \u00e9s megyei t\u00e1rlatokon. B\u00e9csben, Moszkv\u00e1ban, P\u00e1rizsban is szerepelt ki\u00e1ll\u00edt\u00e1son (1950\u2013). A K\u00e9pz\u0151m\u0171v\u00e9szeti Sz\u00f6vets\u00e9g tagja (1951). M\u0171vei megtal\u00e1lhat\u00f3k a Ref. temet\u0151ben is. \u2013 <strong>F. ki\u00e1ll.:<\/strong> Mv. (1949\u201355); Buk. (1950\u201354), Vars\u00f3 (1953); B\u00e9cs (1955); Kv. (1953). \u2013 <strong>F. m.:<\/strong> Tan\u00edt\u00f3n\u0151 (fa); Anyas\u00e1g (fa); Ellen\u00e1ll\u00e1s (fa); Harcos (fa); Le\u00e1nyfej (m\u00e1rv\u00e1ny). <br \/><strong>Irod.:<\/strong> Moln\u00e1r; Katona Szab\u00f3 Istv\u00e1n: Az \u00daj \u00c9let lexikona, 95. (\u00daj \u00c9let, 12. sz. 1974.)<\/br><\/p>\n","protected":false},"excerpt":{"rendered":"<p>Mv., 1908. j\u00fan. 4., \u2020 Mv., 1979. j\u00fal. 7 : szobr\u00e1sz. \u2013 Faipari szakiskol\u00e1t v\u00e9gzett Mv.-en., majd a Sz\u00e9kely \u00e9s R\u00e9ti B\u00fatorgy\u00e1rban mint m\u0171b\u00fatorasztalos csoportvezet\u0151 dolgozott. F\u0151k\u00e9nt faszobr\u00e1szattal \u00e9s kisplasztik\u00e1val foglalkozott. El\u0151sz\u00f6r Mv.-en szerepelt ki\u00e1ll\u00edt\u00e1son (1949), azut\u00e1n rendszeresen r\u00e9szt vett a f\u0151v\u00e1rosi, tartom\u00e1nyi \u00e9s megyei t\u00e1rlatokon. B\u00e9csben, Moszkv\u00e1ban, P\u00e1rizsban is szerepelt ki\u00e1ll\u00edt\u00e1son (1950\u2013). A K\u00e9pz\u0151m\u0171v\u00e9szeti [&hellip;]<\/p>\n","protected":false},"featured_media":0,"comment_status":"open","ping_status":"closed","template":"","meta":[],"product_brand":[],"product_cat":[137],"product_tag":[],"class_list":{"0":"post-13305","1":"product","2":"type-product","3":"status-publish","5":"product_cat-maros-megyei-eletrajzi-lexikon","7":"first","8":"instock","9":"shipping-taxable","10":"product-type-simple"},"_links":{"self":[{"href":"https:\/\/uj.adatbank.ro\/lexikon\/wp-json\/wp\/v2\/product\/13305","targetHints":{"allow":["GET"]}}],"collection":[{"href":"https:\/\/uj.adatbank.ro\/lexikon\/wp-json\/wp\/v2\/product"}],"about":[{"href":"https:\/\/uj.adatbank.ro\/lexikon\/wp-json\/wp\/v2\/types\/product"}],"replies":[{"embeddable":true,"href":"https:\/\/uj.adatbank.ro\/lexikon\/wp-json\/wp\/v2\/comments?post=13305"}],"wp:attachment":[{"href":"https:\/\/uj.adatbank.ro\/lexikon\/wp-json\/wp\/v2\/media?parent=13305"}],"wp:term":[{"taxonomy":"product_brand","embeddable":true,"href":"https:\/\/uj.adatbank.ro\/lexikon\/wp-json\/wp\/v2\/product_brand?post=13305"},{"taxonomy":"product_cat","embeddable":true,"href":"https:\/\/uj.adatbank.ro\/lexikon\/wp-json\/wp\/v2\/product_cat?post=13305"},{"taxonomy":"product_tag","embeddable":true,"href":"https:\/\/uj.adatbank.ro\/lexikon\/wp-json\/wp\/v2\/product_tag?post=13305"}],"curies":[{"name":"wp","href":"https:\/\/api.w.org\/{rel}","templated":true}]}}

KULCSÁR Béla, §

<p>Mv., 1908. jún. 4., † Mv., 1979. júl. 7 : szobrász. – Faipari szakiskolát végzett Mv.-en., majd a Székely és Réti Bútorgyárban mint műbútorasztalos csoportvezető dolgozott. Főként faszobrászattal és kisplasztikával foglalkozott. Először Mv.-en szerepelt kiállításon (1949), azután rendszeresen részt vett a fővárosi, tartományi és megyei tárlatokon. Bécsben, Moszkvában, Párizsban is szerepelt kiállításon (1950–). A Képzőművészeti Szövetség tagja (1951). Művei megtalálhatók a Ref. temetőben is. – <strong>F. kiáll.:</strong> Mv. (1949–55); Buk. (1950–54), Varsó (1953); Bécs (1955); Kv. (1953). – <strong>F. m.:</strong> Tanítónő (fa); Anyaság (fa); Ellenállás (fa); Harcos (fa); Leányfej (márvány). <br /><strong>Irod.:</strong> Molnár; Katona Szabó István: Az Új Élet lexikona, 95. (Új Élet, 12. sz. 1974.)</br></p>

<p>Mv., 1908. jún. 4., † Mv., 1979. júl. 7 : szobrász. – Faipari szakiskolát végzett Mv.-en., majd a Székely és Réti Bútorgyárban mint műbútorasztalos csoportvezető dolgozott. Főként faszobrászattal és kisplasztikával foglalkozott. Először Mv.-en szerepelt kiállításon (1949), azután rendszeresen részt vett a fővárosi, tartományi és megyei tárlatokon. Bécsben, Moszkvában, Párizsban is szerepelt kiállításon (1950–). A Képzőművészeti [&hellip;]</p>
