{"id":13314,"date":"2025-06-29T14:57:20","date_gmt":"2025-06-29T12:57:20","guid":{"rendered":"https:\/\/uj.adatbank.ro\/lexikon\/termek\/kulcsar-mihaly-2\/"},"modified":"2025-06-29T14:57:20","modified_gmt":"2025-06-29T12:57:20","slug":"kulcsar-mihaly-2","status":"publish","type":"product","link":"https:\/\/uj.adatbank.ro\/lexikon\/termek\/kulcsar-mihaly-2\/","title":{"rendered":"KULCS\u00c1R Mih\u00e1ly"},"content":{"rendered":"<p>Mv., 1922. m\u00e1j. 25., \u2020 Eger, 1944. nov. 17.: katona. \u2013 A II. vh.-ban tart. z\u00e1szl\u00f3si rangban vett r\u00e9szt. Egern\u00e9l h\u0151si hal\u00e1lt halt. <br \/><strong>Irod.:<\/strong> Berekm\u00e9ri; Berekm\u00e9ri 2015<\/br><\/p>\n","protected":false},"excerpt":{"rendered":"<p>Mv., 1922. m\u00e1j. 25., \u2020 Eger, 1944. nov. 17.: katona. \u2013 A II. vh.-ban tart. z\u00e1szl\u00f3si rangban vett r\u00e9szt. Egern\u00e9l h\u0151si hal\u00e1lt halt. Irod.: Berekm\u00e9ri; Berekm\u00e9ri 2015<\/p>\n","protected":false},"featured_media":0,"comment_status":"open","ping_status":"closed","template":"","meta":[],"product_brand":[],"product_cat":[137],"product_tag":[],"class_list":{"0":"post-13314","1":"product","2":"type-product","3":"status-publish","5":"product_cat-maros-megyei-eletrajzi-lexikon","7":"first","8":"instock","9":"shipping-taxable","10":"product-type-simple"},"_links":{"self":[{"href":"https:\/\/uj.adatbank.ro\/lexikon\/wp-json\/wp\/v2\/product\/13314","targetHints":{"allow":["GET"]}}],"collection":[{"href":"https:\/\/uj.adatbank.ro\/lexikon\/wp-json\/wp\/v2\/product"}],"about":[{"href":"https:\/\/uj.adatbank.ro\/lexikon\/wp-json\/wp\/v2\/types\/product"}],"replies":[{"embeddable":true,"href":"https:\/\/uj.adatbank.ro\/lexikon\/wp-json\/wp\/v2\/comments?post=13314"}],"wp:attachment":[{"href":"https:\/\/uj.adatbank.ro\/lexikon\/wp-json\/wp\/v2\/media?parent=13314"}],"wp:term":[{"taxonomy":"product_brand","embeddable":true,"href":"https:\/\/uj.adatbank.ro\/lexikon\/wp-json\/wp\/v2\/product_brand?post=13314"},{"taxonomy":"product_cat","embeddable":true,"href":"https:\/\/uj.adatbank.ro\/lexikon\/wp-json\/wp\/v2\/product_cat?post=13314"},{"taxonomy":"product_tag","embeddable":true,"href":"https:\/\/uj.adatbank.ro\/lexikon\/wp-json\/wp\/v2\/product_tag?post=13314"}],"curies":[{"name":"wp","href":"https:\/\/api.w.org\/{rel}","templated":true}]}}