{"id":13316,"date":"2025-06-29T14:57:24","date_gmt":"2025-06-29T12:57:24","guid":{"rendered":"https:\/\/uj.adatbank.ro\/lexikon\/termek\/kulcsar-peter\/"},"modified":"2025-06-29T14:57:24","modified_gmt":"2025-06-29T12:57:24","slug":"kulcsar-peter","status":"publish","type":"product","link":"https:\/\/uj.adatbank.ro\/lexikon\/termek\/kulcsar-peter\/","title":{"rendered":"KULCS\u00c1R P\u00e9ter"},"content":{"rendered":"<p>? \u2020 ? : szab\u00f3mester Mv.-en. \u2013 Iskol\u00e1it Mv.-en v\u00e9gezte, majd r\u00e9szt vett az els\u0151 vh.-ban (1914\u201315), mint rokkant elbocs\u00e1rott\u00e1k. R\u00f6vid vas\u00fatas szolg\u00e1lat ut\u00e1n a szakm\u00e1j\u00e1ban \u00f6n\u00e1ll\u00f3s\u00edtotta mag\u00e1t, szab\u00f3 m\u0171helyt nyitott (1925\u2013). Araby \u00e9remmel t\u00fcntett\u00e9k ki szakmai hozz\u00e1\u00e9rt\u00e9s\u00e9t \u00e9rt\u00e9kelve (1931). Argentin\u00e1ban is j\u00e1rt ahol szint\u00e9n kapott kit\u00fcntet\u00e9st. A MP., az Iparos Egyes\u00fclet \u00e9s a Magyar N\u00e9pk\u00f6z\u00f6ss\u00e9g tagja, a szab\u00f3 szindik\u00e1tusnak pedig p\u00e9nzt\u00e1rosa volt. <br \/><strong>Irod.:<\/strong> Visnai<\/br><\/p>\n","protected":false},"excerpt":{"rendered":"<p>? \u2020 ? : szab\u00f3mester Mv.-en. \u2013 Iskol\u00e1it Mv.-en v\u00e9gezte, majd r\u00e9szt vett az els\u0151 vh.-ban (1914\u201315), mint rokkant elbocs\u00e1rott\u00e1k. R\u00f6vid vas\u00fatas szolg\u00e1lat ut\u00e1n a szakm\u00e1j\u00e1ban \u00f6n\u00e1ll\u00f3s\u00edtotta mag\u00e1t, szab\u00f3 m\u0171helyt nyitott (1925\u2013). Araby \u00e9remmel t\u00fcntett\u00e9k ki szakmai hozz\u00e1\u00e9rt\u00e9s\u00e9t \u00e9rt\u00e9kelve (1931). Argentin\u00e1ban is j\u00e1rt ahol szint\u00e9n kapott kit\u00fcntet\u00e9st. A MP., az Iparos Egyes\u00fclet \u00e9s a Magyar [&hellip;]<\/p>\n","protected":false},"featured_media":0,"comment_status":"open","ping_status":"closed","template":"","meta":[],"product_brand":[],"product_cat":[137],"product_tag":[],"class_list":{"0":"post-13316","1":"product","2":"type-product","3":"status-publish","5":"product_cat-maros-megyei-eletrajzi-lexikon","7":"first","8":"instock","9":"shipping-taxable","10":"product-type-simple"},"_links":{"self":[{"href":"https:\/\/uj.adatbank.ro\/lexikon\/wp-json\/wp\/v2\/product\/13316","targetHints":{"allow":["GET"]}}],"collection":[{"href":"https:\/\/uj.adatbank.ro\/lexikon\/wp-json\/wp\/v2\/product"}],"about":[{"href":"https:\/\/uj.adatbank.ro\/lexikon\/wp-json\/wp\/v2\/types\/product"}],"replies":[{"embeddable":true,"href":"https:\/\/uj.adatbank.ro\/lexikon\/wp-json\/wp\/v2\/comments?post=13316"}],"wp:attachment":[{"href":"https:\/\/uj.adatbank.ro\/lexikon\/wp-json\/wp\/v2\/media?parent=13316"}],"wp:term":[{"taxonomy":"product_brand","embeddable":true,"href":"https:\/\/uj.adatbank.ro\/lexikon\/wp-json\/wp\/v2\/product_brand?post=13316"},{"taxonomy":"product_cat","embeddable":true,"href":"https:\/\/uj.adatbank.ro\/lexikon\/wp-json\/wp\/v2\/product_cat?post=13316"},{"taxonomy":"product_tag","embeddable":true,"href":"https:\/\/uj.adatbank.ro\/lexikon\/wp-json\/wp\/v2\/product_tag?post=13316"}],"curies":[{"name":"wp","href":"https:\/\/api.w.org\/{rel}","templated":true}]}}

KULCSÁR Péter

<p>? † ? : szabómester Mv.-en. – Iskoláit Mv.-en végezte, majd részt vett az első vh.-ban (1914–15), mint rokkant elbocsárották. Rövid vasútas szolgálat után a szakmájában önállósította magát, szabó műhelyt nyitott (1925–). Araby éremmel tüntették ki szakmai hozzáértését értékelve (1931). Argentinában is járt ahol szintén kapott kitüntetést. A MP., az Iparos Egyesület és a Magyar Népközösség tagja, a szabó szindikátusnak pedig pénztárosa volt. <br /><strong>Irod.:</strong> Visnai</br></p>

<p>? † ? : szabómester Mv.-en. – Iskoláit Mv.-en végezte, majd részt vett az első vh.-ban (1914–15), mint rokkant elbocsárották. Rövid vasútas szolgálat után a szakmájában önállósította magát, szabó műhelyt nyitott (1925–). Araby éremmel tüntették ki szakmai hozzáértését értékelve (1931). Argentinában is járt ahol szintén kapott kitüntetést. A MP., az Iparos Egyesület és a Magyar [&hellip;]</p>
