{"id":13320,"date":"2025-06-29T14:57:31","date_gmt":"2025-06-29T12:57:31","guid":{"rendered":"https:\/\/uj.adatbank.ro\/lexikon\/termek\/kun-benedek-kaali\/"},"modified":"2025-06-29T14:57:31","modified_gmt":"2025-06-29T12:57:31","slug":"kun-benedek-kaali","status":"publish","type":"product","link":"https:\/\/uj.adatbank.ro\/lexikon\/termek\/kun-benedek-kaali\/","title":{"rendered":"K\u00daN Benedek, kaali"},"content":{"rendered":"<p>? \u2020 ?: f\u0151kir\u00e1lyb\u00edr\u00f3 Marossz\u00e9ken. \u2013 A f\u0151n\u00e9pn\u00e9l volt sz\u00e1montartva (1571), amikor pert vesz\u00edtett az iklandi Gy\u00f6rgy csal\u00e1ddal szemben. A kerel\u0151szentp\u00e1li csat\u00e1ban (1575) B\u00e1thori Istv\u00e1n erd\u00e9lyi fejedelem oldal\u00e1n volt \u00e9s kir\u00e1lyb\u00edr\u00f3v\u00e1 tette. <br \/><strong>Irod.:<\/strong> Kempelen; Nagy Iv\u00e1n; P\u00e1lmay, Sz\u00e9kelyk\u00e1l 800 \u00e9ves t\u00f6rt\u00e9net\u00e9b\u0151l, SzOkl \u00das 4<\/br><\/p>\n","protected":false},"excerpt":{"rendered":"<p>? \u2020 ?: f\u0151kir\u00e1lyb\u00edr\u00f3 Marossz\u00e9ken. \u2013 A f\u0151n\u00e9pn\u00e9l volt sz\u00e1montartva (1571), amikor pert vesz\u00edtett az iklandi Gy\u00f6rgy csal\u00e1ddal szemben. A kerel\u0151szentp\u00e1li csat\u00e1ban (1575) B\u00e1thori Istv\u00e1n erd\u00e9lyi fejedelem oldal\u00e1n volt \u00e9s kir\u00e1lyb\u00edr\u00f3v\u00e1 tette. Irod.: Kempelen; Nagy Iv\u00e1n; P\u00e1lmay, Sz\u00e9kelyk\u00e1l 800 \u00e9ves t\u00f6rt\u00e9net\u00e9b\u0151l, SzOkl \u00das 4<\/p>\n","protected":false},"featured_media":0,"comment_status":"open","ping_status":"closed","template":"","meta":[],"product_brand":[],"product_cat":[137],"product_tag":[],"class_list":{"0":"post-13320","1":"product","2":"type-product","3":"status-publish","5":"product_cat-maros-megyei-eletrajzi-lexikon","7":"first","8":"instock","9":"shipping-taxable","10":"product-type-simple"},"_links":{"self":[{"href":"https:\/\/uj.adatbank.ro\/lexikon\/wp-json\/wp\/v2\/product\/13320","targetHints":{"allow":["GET"]}}],"collection":[{"href":"https:\/\/uj.adatbank.ro\/lexikon\/wp-json\/wp\/v2\/product"}],"about":[{"href":"https:\/\/uj.adatbank.ro\/lexikon\/wp-json\/wp\/v2\/types\/product"}],"replies":[{"embeddable":true,"href":"https:\/\/uj.adatbank.ro\/lexikon\/wp-json\/wp\/v2\/comments?post=13320"}],"wp:attachment":[{"href":"https:\/\/uj.adatbank.ro\/lexikon\/wp-json\/wp\/v2\/media?parent=13320"}],"wp:term":[{"taxonomy":"product_brand","embeddable":true,"href":"https:\/\/uj.adatbank.ro\/lexikon\/wp-json\/wp\/v2\/product_brand?post=13320"},{"taxonomy":"product_cat","embeddable":true,"href":"https:\/\/uj.adatbank.ro\/lexikon\/wp-json\/wp\/v2\/product_cat?post=13320"},{"taxonomy":"product_tag","embeddable":true,"href":"https:\/\/uj.adatbank.ro\/lexikon\/wp-json\/wp\/v2\/product_tag?post=13320"}],"curies":[{"name":"wp","href":"https:\/\/api.w.org\/{rel}","templated":true}]}}

KÚN Benedek, kaali

<p>? † ?: főkirálybíró Marosszéken. – A főnépnél volt számontartva (1571), amikor pert veszített az iklandi György családdal szemben. A kerelőszentpáli csatában (1575) Báthori István erdélyi fejedelem oldalán volt és királybíróvá tette. <br /><strong>Irod.:</strong> Kempelen; Nagy Iván; Pálmay, Székelykál 800 éves történetéből, SzOkl Ús 4</br></p>

<p>? † ?: főkirálybíró Marosszéken. – A főnépnél volt számontartva (1571), amikor pert veszített az iklandi György családdal szemben. A kerelőszentpáli csatában (1575) Báthori István erdélyi fejedelem oldalán volt és királybíróvá tette. Irod.: Kempelen; Nagy Iván; Pálmay, Székelykál 800 éves történetéből, SzOkl Ús 4</p>
