{"id":13321,"date":"2025-06-29T14:57:33","date_gmt":"2025-06-29T12:57:33","guid":{"rendered":"https:\/\/uj.adatbank.ro\/lexikon\/termek\/kun-erzsebet-kaali-gr-kun-erzsebet-kuun-erzsebet-tancsi-gr-foldvary-ferencne\/"},"modified":"2025-06-29T14:57:33","modified_gmt":"2025-06-29T12:57:33","slug":"kun-erzsebet-kaali-gr-kun-erzsebet-kuun-erzsebet-tancsi-gr-foldvary-ferencne","status":"publish","type":"product","link":"https:\/\/uj.adatbank.ro\/lexikon\/termek\/kun-erzsebet-kaali-gr-kun-erzsebet-kuun-erzsebet-tancsi-gr-foldvary-ferencne\/","title":{"rendered":"K\u00daN Erzs\u00e9bet, ka\u00e1li gr.; Kun Erzs\u00e9bet, Ku\u00fan Erzs\u00e9bet, tancsi gr. F\u00f6ldv\u00e1ry Ferencn\u00e9"},"content":{"rendered":"<p>? \u2020 1770. dec.: tancsi f\u00f6ldbirtokos. \u2013 Istv\u00e1n ezredes \u00e9s borosjen\u0151i Keser\u0171 Zs\u00f3fia le\u00e1nya. F\u00e9rje tancsi gr. F\u00f6ldv\u00e1ry Ferenc. Tancson \u00e9lt. F\u00f6l\u00f6tte t\u00f6bben mondtak halotti besz\u00e9det, ezek egyike szathm\u00e1ri Pap Mih\u00e1ly, Verest\u00f3i Gy\u00f6rgy (1770. dec. 16.). Faragott k\u0151 sz\u00f3sz\u00e9ket adom\u00e1nyozott a tancsi ref. templomnak (1758). <br \/><strong>Irod.:<\/strong> B\u00e1lint Zsigmond 2010; Bir\u00f3 Don\u00e1t; Halotti besz\u00e9dek; Kelemen Lajos 1977; Nagy Iv\u00e1n<\/br><\/p>\n","protected":false},"excerpt":{"rendered":"<p>? \u2020 1770. dec.: tancsi f\u00f6ldbirtokos. \u2013 Istv\u00e1n ezredes \u00e9s borosjen\u0151i Keser\u0171 Zs\u00f3fia le\u00e1nya. F\u00e9rje tancsi gr. F\u00f6ldv\u00e1ry Ferenc. Tancson \u00e9lt. F\u00f6l\u00f6tte t\u00f6bben mondtak halotti besz\u00e9det, ezek egyike szathm\u00e1ri Pap Mih\u00e1ly, Verest\u00f3i Gy\u00f6rgy (1770. dec. 16.). Faragott k\u0151 sz\u00f3sz\u00e9ket adom\u00e1nyozott a tancsi ref. templomnak (1758). Irod.: B\u00e1lint Zsigmond 2010; Bir\u00f3 Don\u00e1t; Halotti besz\u00e9dek; Kelemen Lajos [&hellip;]<\/p>\n","protected":false},"featured_media":0,"comment_status":"open","ping_status":"closed","template":"","meta":[],"product_brand":[],"product_cat":[137],"product_tag":[],"class_list":{"0":"post-13321","1":"product","2":"type-product","3":"status-publish","5":"product_cat-maros-megyei-eletrajzi-lexikon","7":"first","8":"instock","9":"shipping-taxable","10":"product-type-simple"},"_links":{"self":[{"href":"https:\/\/uj.adatbank.ro\/lexikon\/wp-json\/wp\/v2\/product\/13321","targetHints":{"allow":["GET"]}}],"collection":[{"href":"https:\/\/uj.adatbank.ro\/lexikon\/wp-json\/wp\/v2\/product"}],"about":[{"href":"https:\/\/uj.adatbank.ro\/lexikon\/wp-json\/wp\/v2\/types\/product"}],"replies":[{"embeddable":true,"href":"https:\/\/uj.adatbank.ro\/lexikon\/wp-json\/wp\/v2\/comments?post=13321"}],"wp:attachment":[{"href":"https:\/\/uj.adatbank.ro\/lexikon\/wp-json\/wp\/v2\/media?parent=13321"}],"wp:term":[{"taxonomy":"product_brand","embeddable":true,"href":"https:\/\/uj.adatbank.ro\/lexikon\/wp-json\/wp\/v2\/product_brand?post=13321"},{"taxonomy":"product_cat","embeddable":true,"href":"https:\/\/uj.adatbank.ro\/lexikon\/wp-json\/wp\/v2\/product_cat?post=13321"},{"taxonomy":"product_tag","embeddable":true,"href":"https:\/\/uj.adatbank.ro\/lexikon\/wp-json\/wp\/v2\/product_tag?post=13321"}],"curies":[{"name":"wp","href":"https:\/\/api.w.org\/{rel}","templated":true}]}}

KÚN Erzsébet, kaáli gr.; Kun Erzsébet, Kuún Erzsébet, tancsi gr. Földváry Ferencné

<p>? † 1770. dec.: tancsi földbirtokos. – István ezredes és borosjenői Keserű Zsófia leánya. Férje tancsi gr. Földváry Ferenc. Tancson élt. Fölötte többen mondtak halotti beszédet, ezek egyike szathmári Pap Mihály, Verestói György (1770. dec. 16.). Faragott kő szószéket adományozott a tancsi ref. templomnak (1758). <br /><strong>Irod.:</strong> Bálint Zsigmond 2010; Biró Donát; Halotti beszédek; Kelemen Lajos 1977; Nagy Iván</br></p>

<p>? † 1770. dec.: tancsi földbirtokos. – István ezredes és borosjenői Keserű Zsófia leánya. Férje tancsi gr. Földváry Ferenc. Tancson élt. Fölötte többen mondtak halotti beszédet, ezek egyike szathmári Pap Mihály, Verestói György (1770. dec. 16.). Faragott kő szószéket adományozott a tancsi ref. templomnak (1758). Irod.: Bálint Zsigmond 2010; Biró Donát; Halotti beszédek; Kelemen Lajos [&hellip;]</p>
