{"id":13322,"date":"2025-06-29T14:57:35","date_gmt":"2025-06-29T12:57:35","guid":{"rendered":"https:\/\/uj.adatbank.ro\/lexikon\/termek\/kun-geza-karoly-kuun-osdolai-gr\/"},"modified":"2025-06-29T14:57:35","modified_gmt":"2025-06-29T12:57:35","slug":"kun-geza-karoly-kuun-osdolai-gr","status":"publish","type":"product","link":"https:\/\/uj.adatbank.ro\/lexikon\/termek\/kun-geza-karoly-kuun-osdolai-gr\/","title":{"rendered":"K\u00daN G\u00e9za K\u00e1roly, Ku\u00fan, osdolai gr."},"content":{"rendered":"<p>Bp., 1916. j\u00fan. 30., \u2020 Mv., 1959. okt. 5.: jog\u00e1sz, t\u00f6rt\u00e9n\u00e9sz. \u2013 Sz\u00fclei: Ku\u00fan Zsigmond (1882\u20131959)\u00e9s \u00e9rdszentkir\u00e1lyi Szentkir\u00e1lyi Ilona (1882\u20131957). K. Zsigmond testv\u00e9re. A csal\u00e1d Mez\u0151k\u00f6lp\u00e9nyben gazd\u00e1lkodott. K\u00f6z\u00e9piskolai tanulm\u00e1nyait a b\u00e9csi Therezi\u00e1numban v\u00e9gezte. Kv.-on a Ferdin\u00e1nd TE-en tanult, P\u00e1rizsban a Sorbonne-on szerzett jogi doktor\u00e1tust. Kanad\u00e1ban az University of New Brunswick \u00e1llamtan tansz\u00e9k\u00e9nek docense, a politikai gazdas\u00e1gtan professzora (1963\u2013). <br \/><strong>Irod.:<\/strong> \u00c1ll\u00f3- \u00e9s mozg\u00f3k\u00e9pek<\/br><\/p>\n","protected":false},"excerpt":{"rendered":"<p>Bp., 1916. j\u00fan. 30., \u2020 Mv., 1959. okt. 5.: jog\u00e1sz, t\u00f6rt\u00e9n\u00e9sz. \u2013 Sz\u00fclei: Ku\u00fan Zsigmond (1882\u20131959)\u00e9s \u00e9rdszentkir\u00e1lyi Szentkir\u00e1lyi Ilona (1882\u20131957). K. Zsigmond testv\u00e9re. A csal\u00e1d Mez\u0151k\u00f6lp\u00e9nyben gazd\u00e1lkodott. K\u00f6z\u00e9piskolai tanulm\u00e1nyait a b\u00e9csi Therezi\u00e1numban v\u00e9gezte. Kv.-on a Ferdin\u00e1nd TE-en tanult, P\u00e1rizsban a Sorbonne-on szerzett jogi doktor\u00e1tust. Kanad\u00e1ban az University of New Brunswick \u00e1llamtan tansz\u00e9k\u00e9nek docense, a politikai [&hellip;]<\/p>\n","protected":false},"featured_media":0,"comment_status":"open","ping_status":"closed","template":"","meta":[],"product_brand":[],"product_cat":[137],"product_tag":[],"class_list":{"0":"post-13322","1":"product","2":"type-product","3":"status-publish","5":"product_cat-maros-megyei-eletrajzi-lexikon","7":"first","8":"instock","9":"shipping-taxable","10":"product-type-simple"},"_links":{"self":[{"href":"https:\/\/uj.adatbank.ro\/lexikon\/wp-json\/wp\/v2\/product\/13322","targetHints":{"allow":["GET"]}}],"collection":[{"href":"https:\/\/uj.adatbank.ro\/lexikon\/wp-json\/wp\/v2\/product"}],"about":[{"href":"https:\/\/uj.adatbank.ro\/lexikon\/wp-json\/wp\/v2\/types\/product"}],"replies":[{"embeddable":true,"href":"https:\/\/uj.adatbank.ro\/lexikon\/wp-json\/wp\/v2\/comments?post=13322"}],"wp:attachment":[{"href":"https:\/\/uj.adatbank.ro\/lexikon\/wp-json\/wp\/v2\/media?parent=13322"}],"wp:term":[{"taxonomy":"product_brand","embeddable":true,"href":"https:\/\/uj.adatbank.ro\/lexikon\/wp-json\/wp\/v2\/product_brand?post=13322"},{"taxonomy":"product_cat","embeddable":true,"href":"https:\/\/uj.adatbank.ro\/lexikon\/wp-json\/wp\/v2\/product_cat?post=13322"},{"taxonomy":"product_tag","embeddable":true,"href":"https:\/\/uj.adatbank.ro\/lexikon\/wp-json\/wp\/v2\/product_tag?post=13322"}],"curies":[{"name":"wp","href":"https:\/\/api.w.org\/{rel}","templated":true}]}}

KÚN Géza Károly, Kuún, osdolai gr.

<p>Bp., 1916. jún. 30., † Mv., 1959. okt. 5.: jogász, történész. – Szülei: Kuún Zsigmond (1882–1959)és érdszentkirályi Szentkirályi Ilona (1882–1957). K. Zsigmond testvére. A család Mezőkölpényben gazdálkodott. Középiskolai tanulmányait a bécsi Thereziánumban végezte. Kv.-on a Ferdinánd TE-en tanult, Párizsban a Sorbonne-on szerzett jogi doktorátust. Kanadában az University of New Brunswick államtan tanszékének docense, a politikai gazdaságtan professzora (1963–). <br /><strong>Irod.:</strong> Álló- és mozgóképek</br></p>

<p>Bp., 1916. jún. 30., † Mv., 1959. okt. 5.: jogász, történész. – Szülei: Kuún Zsigmond (1882–1959)és érdszentkirályi Szentkirályi Ilona (1882–1957). K. Zsigmond testvére. A család Mezőkölpényben gazdálkodott. Középiskolai tanulmányait a bécsi Thereziánumban végezte. Kv.-on a Ferdinánd TE-en tanult, Párizsban a Sorbonne-on szerzett jogi doktorátust. Kanadában az University of New Brunswick államtan tanszékének docense, a politikai [&hellip;]</p>
