{"id":13324,"date":"2025-06-29T14:57:40","date_gmt":"2025-06-29T12:57:40","guid":{"rendered":"https:\/\/uj.adatbank.ro\/lexikon\/termek\/kun-ilona-kuun-osdolai-nems-gr-bethlen-miklosne\/"},"modified":"2025-06-29T14:57:40","modified_gmt":"2025-06-29T12:57:40","slug":"kun-ilona-kuun-osdolai-nems-gr-bethlen-miklosne","status":"publish","type":"product","link":"https:\/\/uj.adatbank.ro\/lexikon\/termek\/kun-ilona-kuun-osdolai-nems-gr-bethlen-miklosne\/","title":{"rendered":"K\u00daN Ilona, Ku\u00fan, osdolai nems, gr. Bethlen Mikl\u00f3sn\u00e9"},"content":{"rendered":"<p>1652 \u2020 1685. dec. 3: f\u00f6ldbirtokos. \u2013 Istv\u00e1n (\u2020 1690) f\u0151isp\u00e1n \u00e9s zabolai Basa Ilona (\u2020 1671) le\u00e1nya. F\u00e9rje Bethlen Mikl\u00f3s kancell\u00e1r (esk. 1667). Gyermekei: Zs\u00f3fia, Mikl\u00f3s, Mih\u00e1ly (1673\u20131706), Borb\u00e1la (1678\u20131712). \u0150k \u00e9p\u00edtett\u00e9k a betlenszentmikl\u00f3si kast\u00e9lyt (1668\u201383), tov\u00e1bb \u00e9p\u00edtett\u00e9k a keresdi kast\u00e9lyt (1670\u201380 k.), c\u00edmer\u00fck is ismeretes (1682). <br \/><strong>Irod.:<\/strong> Bicsok-Orb\u00e1n; Kov\u00e1cs Andr\u00e1s; Lukinich<\/br><\/p>\n","protected":false},"excerpt":{"rendered":"<p>1652 \u2020 1685. dec. 3: f\u00f6ldbirtokos. \u2013 Istv\u00e1n (\u2020 1690) f\u0151isp\u00e1n \u00e9s zabolai Basa Ilona (\u2020 1671) le\u00e1nya. F\u00e9rje Bethlen Mikl\u00f3s kancell\u00e1r (esk. 1667). Gyermekei: Zs\u00f3fia, Mikl\u00f3s, Mih\u00e1ly (1673\u20131706), Borb\u00e1la (1678\u20131712). \u0150k \u00e9p\u00edtett\u00e9k a betlenszentmikl\u00f3si kast\u00e9lyt (1668\u201383), tov\u00e1bb \u00e9p\u00edtett\u00e9k a keresdi kast\u00e9lyt (1670\u201380 k.), c\u00edmer\u00fck is ismeretes (1682). Irod.: Bicsok-Orb\u00e1n; Kov\u00e1cs Andr\u00e1s; Lukinich<\/p>\n","protected":false},"featured_media":0,"comment_status":"open","ping_status":"closed","template":"","meta":[],"product_brand":[],"product_cat":[137],"product_tag":[],"class_list":{"0":"post-13324","1":"product","2":"type-product","3":"status-publish","5":"product_cat-maros-megyei-eletrajzi-lexikon","7":"first","8":"instock","9":"shipping-taxable","10":"product-type-simple"},"_links":{"self":[{"href":"https:\/\/uj.adatbank.ro\/lexikon\/wp-json\/wp\/v2\/product\/13324","targetHints":{"allow":["GET"]}}],"collection":[{"href":"https:\/\/uj.adatbank.ro\/lexikon\/wp-json\/wp\/v2\/product"}],"about":[{"href":"https:\/\/uj.adatbank.ro\/lexikon\/wp-json\/wp\/v2\/types\/product"}],"replies":[{"embeddable":true,"href":"https:\/\/uj.adatbank.ro\/lexikon\/wp-json\/wp\/v2\/comments?post=13324"}],"wp:attachment":[{"href":"https:\/\/uj.adatbank.ro\/lexikon\/wp-json\/wp\/v2\/media?parent=13324"}],"wp:term":[{"taxonomy":"product_brand","embeddable":true,"href":"https:\/\/uj.adatbank.ro\/lexikon\/wp-json\/wp\/v2\/product_brand?post=13324"},{"taxonomy":"product_cat","embeddable":true,"href":"https:\/\/uj.adatbank.ro\/lexikon\/wp-json\/wp\/v2\/product_cat?post=13324"},{"taxonomy":"product_tag","embeddable":true,"href":"https:\/\/uj.adatbank.ro\/lexikon\/wp-json\/wp\/v2\/product_tag?post=13324"}],"curies":[{"name":"wp","href":"https:\/\/api.w.org\/{rel}","templated":true}]}}

KÚN Ilona, Kuún, osdolai nems, gr. Bethlen Miklósné

<p>1652 † 1685. dec. 3: földbirtokos. – István († 1690) főispán és zabolai Basa Ilona († 1671) leánya. Férje Bethlen Miklós kancellár (esk. 1667). Gyermekei: Zsófia, Miklós, Mihály (1673–1706), Borbála (1678–1712). Ők építették a betlenszentmiklósi kastélyt (1668–83), tovább építették a keresdi kastélyt (1670–80 k.), címerük is ismeretes (1682). <br /><strong>Irod.:</strong> Bicsok-Orbán; Kovács András; Lukinich</br></p>

<p>1652 † 1685. dec. 3: földbirtokos. – István († 1690) főispán és zabolai Basa Ilona († 1671) leánya. Férje Bethlen Miklós kancellár (esk. 1667). Gyermekei: Zsófia, Miklós, Mihály (1673–1706), Borbála (1678–1712). Ők építették a betlenszentmiklósi kastélyt (1668–83), tovább építették a keresdi kastélyt (1670–80 k.), címerük is ismeretes (1682). Irod.: Bicsok-Orbán; Kovács András; Lukinich</p>
