{"id":13327,"date":"2025-06-29T14:57:44","date_gmt":"2025-06-29T12:57:44","guid":{"rendered":"https:\/\/uj.adatbank.ro\/lexikon\/termek\/kun-istvan-kuun-osdolai\/"},"modified":"2025-06-29T14:57:44","modified_gmt":"2025-06-29T12:57:44","slug":"kun-istvan-kuun-osdolai","status":"publish","type":"product","link":"https:\/\/uj.adatbank.ro\/lexikon\/termek\/kun-istvan-kuun-osdolai\/","title":{"rendered":"K\u00daN Istv\u00e1n, Ku\u00fan, osdolai"},"content":{"rendered":"<p>? \u2020 Zernyest, 1690. aug. 21: f\u0151isp\u00e1n. \u2013 Istv\u00e1n \u00e9s Sulyok S\u00e1ra fia. Feles\u00e9ge zabolai Basa Ilona (\u2020 1671). L\u00e1nya: Ilona, Bethlen Mikl\u00f3sn\u00e9 (1652\u20131685). \u2013 A Fejedelmi T\u00e1bla \u00fcln\u00f6ke (1663\u201389), Hunyad (1666) \u00e9s Kis\u00fck\u00fcll\u0151 vm. (1667\u201370), majd K\u00fck\u00fcll\u0151 vm f\u0151isp\u00e1nja (1678\u201381), kv.-i f\u0151kapit\u00e1ny (1674). Barcsai, majd I. Apafi h\u00edve, ut\u00f3bb Th\u00f6k\u00f6lyhez \u00e1llt, kedv\u00e9\u00e9rt Buk. -be k\u00f6lt\u00f6z\u00f6tt. A zernyesti csat\u00e1ban halt meg. <br \/><strong>Irod.:<\/strong> Bicsok-Orb\u00e1n; Mo. f\u0151isp\u00e1njai<\/br><\/p>\n","protected":false},"excerpt":{"rendered":"<p>? \u2020 Zernyest, 1690. aug. 21: f\u0151isp\u00e1n. \u2013 Istv\u00e1n \u00e9s Sulyok S\u00e1ra fia. Feles\u00e9ge zabolai Basa Ilona (\u2020 1671). L\u00e1nya: Ilona, Bethlen Mikl\u00f3sn\u00e9 (1652\u20131685). \u2013 A Fejedelmi T\u00e1bla \u00fcln\u00f6ke (1663\u201389), Hunyad (1666) \u00e9s Kis\u00fck\u00fcll\u0151 vm. (1667\u201370), majd K\u00fck\u00fcll\u0151 vm f\u0151isp\u00e1nja (1678\u201381), kv.-i f\u0151kapit\u00e1ny (1674). Barcsai, majd I. Apafi h\u00edve, ut\u00f3bb Th\u00f6k\u00f6lyhez \u00e1llt, kedv\u00e9\u00e9rt Buk. -be [&hellip;]<\/p>\n","protected":false},"featured_media":0,"comment_status":"open","ping_status":"closed","template":"","meta":[],"product_brand":[],"product_cat":[137],"product_tag":[],"class_list":{"0":"post-13327","1":"product","2":"type-product","3":"status-publish","5":"product_cat-maros-megyei-eletrajzi-lexikon","7":"first","8":"instock","9":"shipping-taxable","10":"product-type-simple"},"_links":{"self":[{"href":"https:\/\/uj.adatbank.ro\/lexikon\/wp-json\/wp\/v2\/product\/13327","targetHints":{"allow":["GET"]}}],"collection":[{"href":"https:\/\/uj.adatbank.ro\/lexikon\/wp-json\/wp\/v2\/product"}],"about":[{"href":"https:\/\/uj.adatbank.ro\/lexikon\/wp-json\/wp\/v2\/types\/product"}],"replies":[{"embeddable":true,"href":"https:\/\/uj.adatbank.ro\/lexikon\/wp-json\/wp\/v2\/comments?post=13327"}],"wp:attachment":[{"href":"https:\/\/uj.adatbank.ro\/lexikon\/wp-json\/wp\/v2\/media?parent=13327"}],"wp:term":[{"taxonomy":"product_brand","embeddable":true,"href":"https:\/\/uj.adatbank.ro\/lexikon\/wp-json\/wp\/v2\/product_brand?post=13327"},{"taxonomy":"product_cat","embeddable":true,"href":"https:\/\/uj.adatbank.ro\/lexikon\/wp-json\/wp\/v2\/product_cat?post=13327"},{"taxonomy":"product_tag","embeddable":true,"href":"https:\/\/uj.adatbank.ro\/lexikon\/wp-json\/wp\/v2\/product_tag?post=13327"}],"curies":[{"name":"wp","href":"https:\/\/api.w.org\/{rel}","templated":true}]}}

KÚN István, Kuún, osdolai

<p>? † Zernyest, 1690. aug. 21: főispán. – István és Sulyok Sára fia. Felesége zabolai Basa Ilona († 1671). Lánya: Ilona, Bethlen Miklósné (1652–1685). – A Fejedelmi Tábla ülnöke (1663–89), Hunyad (1666) és Kisüküllő vm. (1667–70), majd Küküllő vm főispánja (1678–81), kv.-i főkapitány (1674). Barcsai, majd I. Apafi híve, utóbb Thökölyhez állt, kedvéért Buk. -be költözött. A zernyesti csatában halt meg. <br /><strong>Irod.:</strong> Bicsok-Orbán; Mo. főispánjai</br></p>

<p>? † Zernyest, 1690. aug. 21: főispán. – István és Sulyok Sára fia. Felesége zabolai Basa Ilona († 1671). Lánya: Ilona, Bethlen Miklósné (1652–1685). – A Fejedelmi Tábla ülnöke (1663–89), Hunyad (1666) és Kisüküllő vm. (1667–70), majd Küküllő vm főispánja (1678–81), kv.-i főkapitány (1674). Barcsai, majd I. Apafi híve, utóbb Thökölyhez állt, kedvéért Buk. -be [&hellip;]</p>
