{"id":13329,"date":"2025-06-29T14:57:49","date_gmt":"2025-06-29T12:57:49","guid":{"rendered":"https:\/\/uj.adatbank.ro\/lexikon\/termek\/kun-istvan-osdolai-gr\/"},"modified":"2025-06-29T14:57:49","modified_gmt":"2025-06-29T12:57:49","slug":"kun-istvan-osdolai-gr","status":"publish","type":"product","link":"https:\/\/uj.adatbank.ro\/lexikon\/termek\/kun-istvan-osdolai-gr\/","title":{"rendered":"K\u00daN Istv\u00e1n, osdolai, gr."},"content":{"rendered":"<p>? \u2020 ?: f\u00f6ldbirtokos. \u2013 K. Mikl\u00f3s \u00e9s Kem\u00e9ny Kata fia 1732-?). Feles\u00e9ge Bethlen Zsuzsanna ( esk. 1762). Fia Zsigmond. <br \/><strong>Irod.:<\/strong> \u00c1rva Bethlen K; Gudenus; Lukinich<\/br><\/p>\n","protected":false},"excerpt":{"rendered":"<p>? \u2020 ?: f\u00f6ldbirtokos. \u2013 K. Mikl\u00f3s \u00e9s Kem\u00e9ny Kata fia 1732-?). Feles\u00e9ge Bethlen Zsuzsanna ( esk. 1762). Fia Zsigmond. Irod.: \u00c1rva Bethlen K; Gudenus; Lukinich<\/p>\n","protected":false},"featured_media":0,"comment_status":"open","ping_status":"closed","template":"","meta":[],"product_brand":[],"product_cat":[137],"product_tag":[],"class_list":{"0":"post-13329","1":"product","2":"type-product","3":"status-publish","5":"product_cat-maros-megyei-eletrajzi-lexikon","7":"first","8":"instock","9":"shipping-taxable","10":"product-type-simple"},"_links":{"self":[{"href":"https:\/\/uj.adatbank.ro\/lexikon\/wp-json\/wp\/v2\/product\/13329","targetHints":{"allow":["GET"]}}],"collection":[{"href":"https:\/\/uj.adatbank.ro\/lexikon\/wp-json\/wp\/v2\/product"}],"about":[{"href":"https:\/\/uj.adatbank.ro\/lexikon\/wp-json\/wp\/v2\/types\/product"}],"replies":[{"embeddable":true,"href":"https:\/\/uj.adatbank.ro\/lexikon\/wp-json\/wp\/v2\/comments?post=13329"}],"wp:attachment":[{"href":"https:\/\/uj.adatbank.ro\/lexikon\/wp-json\/wp\/v2\/media?parent=13329"}],"wp:term":[{"taxonomy":"product_brand","embeddable":true,"href":"https:\/\/uj.adatbank.ro\/lexikon\/wp-json\/wp\/v2\/product_brand?post=13329"},{"taxonomy":"product_cat","embeddable":true,"href":"https:\/\/uj.adatbank.ro\/lexikon\/wp-json\/wp\/v2\/product_cat?post=13329"},{"taxonomy":"product_tag","embeddable":true,"href":"https:\/\/uj.adatbank.ro\/lexikon\/wp-json\/wp\/v2\/product_tag?post=13329"}],"curies":[{"name":"wp","href":"https:\/\/api.w.org\/{rel}","templated":true}]}}