{"id":13333,"date":"2025-06-29T14:57:56","date_gmt":"2025-06-29T12:57:56","guid":{"rendered":"https:\/\/uj.adatbank.ro\/lexikon\/termek\/kun-jozsef-ozsdolai-gr\/"},"modified":"2025-06-29T14:57:56","modified_gmt":"2025-06-29T12:57:56","slug":"kun-jozsef-ozsdolai-gr","status":"publish","type":"product","link":"https:\/\/uj.adatbank.ro\/lexikon\/termek\/kun-jozsef-ozsdolai-gr\/","title":{"rendered":"K\u00daN J\u00f3zsef, ozsdolai gr."},"content":{"rendered":"<p>Algy\u00f3gy, 1788. szept. 15., \u2020 Algy\u00f3gy 1851. szept. 21: f\u00f6ldbirtokos, cs. k. kamar\u00e1s, t\u00e1blab\u00edr\u00f3. \u2013 L\u00e1szl\u00f3 (1764\u20131827) \u00e9s br. Bruckenthal Zs\u00f3fia Zsuzsanna (1769\u20131814) fia. Feles\u00e9ge: magyar-gyer\u0151monostori gr. Kem\u00e9ny Kata (1788. m\u00e1rc. 19. &#8211; Kv., 1816 szept. 20. Marosbog\u00e1ton temett\u00e9k, 1816. szept. 28.). Gyermekeik: Katalin, Vilhelmina (\u2020 Gerend, 1840. aug. 10.); Jozefin, Karolina \u00e9s S\u00e1muel. \u2013 Gr. Kem\u00e9ny S\u00e1muel hal\u00e1la ut\u00e1n a Vajdaszentiv\u00e1nyi birtok \u00e9s kast\u00e9ly a feles\u00e9ge r\u00e9v\u00e9n ker\u00fclt a birtok\u00e1ba (1817), t\u0151l\u00f6k le\u00e1nyuk Jozefa \u00f6r\u00f6k\u00f6lte. <br \/><strong>Irod.:<\/strong> Bicsok-Orb\u00e1n; Gudenus; Halotti besz\u00e9dek; Lev\u00e9lt\u00e1ri gy\u00e1szj.<\/br><\/p>\n","protected":false},"excerpt":{"rendered":"<p>Algy\u00f3gy, 1788. szept. 15., \u2020 Algy\u00f3gy 1851. szept. 21: f\u00f6ldbirtokos, cs. k. kamar\u00e1s, t\u00e1blab\u00edr\u00f3. \u2013 L\u00e1szl\u00f3 (1764\u20131827) \u00e9s br. Bruckenthal Zs\u00f3fia Zsuzsanna (1769\u20131814) fia. Feles\u00e9ge: magyar-gyer\u0151monostori gr. Kem\u00e9ny Kata (1788. m\u00e1rc. 19. &#8211; Kv., 1816 szept. 20. Marosbog\u00e1ton temett\u00e9k, 1816. szept. 28.). Gyermekeik: Katalin, Vilhelmina (\u2020 Gerend, 1840. aug. 10.); Jozefin, Karolina \u00e9s S\u00e1muel. \u2013 [&hellip;]<\/p>\n","protected":false},"featured_media":0,"comment_status":"open","ping_status":"closed","template":"","meta":[],"product_brand":[],"product_cat":[137],"product_tag":[],"class_list":{"0":"post-13333","1":"product","2":"type-product","3":"status-publish","5":"product_cat-maros-megyei-eletrajzi-lexikon","7":"first","8":"instock","9":"shipping-taxable","10":"product-type-simple"},"_links":{"self":[{"href":"https:\/\/uj.adatbank.ro\/lexikon\/wp-json\/wp\/v2\/product\/13333","targetHints":{"allow":["GET"]}}],"collection":[{"href":"https:\/\/uj.adatbank.ro\/lexikon\/wp-json\/wp\/v2\/product"}],"about":[{"href":"https:\/\/uj.adatbank.ro\/lexikon\/wp-json\/wp\/v2\/types\/product"}],"replies":[{"embeddable":true,"href":"https:\/\/uj.adatbank.ro\/lexikon\/wp-json\/wp\/v2\/comments?post=13333"}],"wp:attachment":[{"href":"https:\/\/uj.adatbank.ro\/lexikon\/wp-json\/wp\/v2\/media?parent=13333"}],"wp:term":[{"taxonomy":"product_brand","embeddable":true,"href":"https:\/\/uj.adatbank.ro\/lexikon\/wp-json\/wp\/v2\/product_brand?post=13333"},{"taxonomy":"product_cat","embeddable":true,"href":"https:\/\/uj.adatbank.ro\/lexikon\/wp-json\/wp\/v2\/product_cat?post=13333"},{"taxonomy":"product_tag","embeddable":true,"href":"https:\/\/uj.adatbank.ro\/lexikon\/wp-json\/wp\/v2\/product_tag?post=13333"}],"curies":[{"name":"wp","href":"https:\/\/api.w.org\/{rel}","templated":true}]}}

KÚN József, ozsdolai gr.

<p>Algyógy, 1788. szept. 15., † Algyógy 1851. szept. 21: földbirtokos, cs. k. kamarás, táblabíró. – László (1764–1827) és br. Bruckenthal Zsófia Zsuzsanna (1769–1814) fia. Felesége: magyar-gyerőmonostori gr. Kemény Kata (1788. márc. 19. &#8211; Kv., 1816 szept. 20. Marosbogáton temették, 1816. szept. 28.). Gyermekeik: Katalin, Vilhelmina († Gerend, 1840. aug. 10.); Jozefin, Karolina és Sámuel. – Gr. Kemény Sámuel halála után a Vajdaszentiványi birtok és kastély a felesége révén került a birtokába (1817), tőlök leányuk Jozefa örökölte. <br /><strong>Irod.:</strong> Bicsok-Orbán; Gudenus; Halotti beszédek; Levéltári gyászj.</br></p>

<p>Algyógy, 1788. szept. 15., † Algyógy 1851. szept. 21: földbirtokos, cs. k. kamarás, táblabíró. – László (1764–1827) és br. Bruckenthal Zsófia Zsuzsanna (1769–1814) fia. Felesége: magyar-gyerőmonostori gr. Kemény Kata (1788. márc. 19. &#8211; Kv., 1816 szept. 20. Marosbogáton temették, 1816. szept. 28.). Gyermekeik: Katalin, Vilhelmina († Gerend, 1840. aug. 10.); Jozefin, Karolina és Sámuel. – [&hellip;]</p>
