{"id":13347,"date":"2025-06-29T14:58:25","date_gmt":"2025-06-29T12:58:25","guid":{"rendered":"https:\/\/uj.adatbank.ro\/lexikon\/termek\/kun-zsigmond\/"},"modified":"2025-06-29T14:58:25","modified_gmt":"2025-06-29T12:58:25","slug":"kun-zsigmond","status":"publish","type":"product","link":"https:\/\/uj.adatbank.ro\/lexikon\/termek\/kun-zsigmond\/","title":{"rendered":"KUN Zsigmond"},"content":{"rendered":"<p>? \u2020 ? : f\u00f6ldbirtokos, orsz\u00e1gb\u00edr\u00f3. \u2013 Pesty Frigyes eg\u00e9sz Mo.-ra \u00e9s Erd\u00e9lyre kiterjedt helyn\u00e9vgy\u0171jt\u00e9s\u00e9ben (1864\u201365), eml\u00edt\u00e9st tett K. Zs. birtok\u00e1ban l\u00e9v\u0151 disznaj\u00f3i ny\u00e1ri mulat\u00f3 kast\u00e9ly\u00e1r\u00f3l, Magyarr\u00e9genben volt protonotarius (1745), V\u00e1rhegyen a v\u00e1r templom\u00e1nak egyik harangja az\u0151 adom\u00e1nya (1754). <br \/><strong>Irod.:<\/strong> Pesty 2014<\/br><\/p>\n","protected":false},"excerpt":{"rendered":"<p>? \u2020 ? : f\u00f6ldbirtokos, orsz\u00e1gb\u00edr\u00f3. \u2013 Pesty Frigyes eg\u00e9sz Mo.-ra \u00e9s Erd\u00e9lyre kiterjedt helyn\u00e9vgy\u0171jt\u00e9s\u00e9ben (1864\u201365), eml\u00edt\u00e9st tett K. Zs. birtok\u00e1ban l\u00e9v\u0151 disznaj\u00f3i ny\u00e1ri mulat\u00f3 kast\u00e9ly\u00e1r\u00f3l, Magyarr\u00e9genben volt protonotarius (1745), V\u00e1rhegyen a v\u00e1r templom\u00e1nak egyik harangja az\u0151 adom\u00e1nya (1754). Irod.: Pesty 2014<\/p>\n","protected":false},"featured_media":0,"comment_status":"open","ping_status":"closed","template":"","meta":[],"product_brand":[],"product_cat":[137],"product_tag":[],"class_list":{"0":"post-13347","1":"product","2":"type-product","3":"status-publish","5":"product_cat-maros-megyei-eletrajzi-lexikon","7":"first","8":"instock","9":"shipping-taxable","10":"product-type-simple"},"_links":{"self":[{"href":"https:\/\/uj.adatbank.ro\/lexikon\/wp-json\/wp\/v2\/product\/13347","targetHints":{"allow":["GET"]}}],"collection":[{"href":"https:\/\/uj.adatbank.ro\/lexikon\/wp-json\/wp\/v2\/product"}],"about":[{"href":"https:\/\/uj.adatbank.ro\/lexikon\/wp-json\/wp\/v2\/types\/product"}],"replies":[{"embeddable":true,"href":"https:\/\/uj.adatbank.ro\/lexikon\/wp-json\/wp\/v2\/comments?post=13347"}],"wp:attachment":[{"href":"https:\/\/uj.adatbank.ro\/lexikon\/wp-json\/wp\/v2\/media?parent=13347"}],"wp:term":[{"taxonomy":"product_brand","embeddable":true,"href":"https:\/\/uj.adatbank.ro\/lexikon\/wp-json\/wp\/v2\/product_brand?post=13347"},{"taxonomy":"product_cat","embeddable":true,"href":"https:\/\/uj.adatbank.ro\/lexikon\/wp-json\/wp\/v2\/product_cat?post=13347"},{"taxonomy":"product_tag","embeddable":true,"href":"https:\/\/uj.adatbank.ro\/lexikon\/wp-json\/wp\/v2\/product_tag?post=13347"}],"curies":[{"name":"wp","href":"https:\/\/api.w.org\/{rel}","templated":true}]}}