{"id":13349,"date":"2025-06-29T14:58:30","date_gmt":"2025-06-29T12:58:30","guid":{"rendered":"https:\/\/uj.adatbank.ro\/lexikon\/termek\/kun-zsigmond-kuun-kun-kun-zsigmond-osdolai-gr\/"},"modified":"2025-06-29T14:58:30","modified_gmt":"2025-06-29T12:58:30","slug":"kun-zsigmond-kuun-kun-kun-zsigmond-osdolai-gr","status":"publish","type":"product","link":"https:\/\/uj.adatbank.ro\/lexikon\/termek\/kun-zsigmond-kuun-kun-kun-zsigmond-osdolai-gr\/","title":{"rendered":"K\u00daN Zsigmond, Kuun, Kun, K\u00fan Zsigmond, osdolai gr."},"content":{"rendered":"<p>Mv., 1920. jan. 22., vagy Mez\u0151k\u00f6lp\u00e9ny, 1920. febr. 23. \u2020 Mv., 2005. m\u00e1j. 27, temetve Mv. ref. temet\u0151: sz\u00e1zados, f\u00f6ldbirtokos. \u2013 Zsigmond (1882\u20131959) \u00e9s \u00e9rdszentkir\u00e1lyi Szentkir\u00e1lyi Ilona (1882\u20131957) fia, K. G\u00e9za K\u00e1roly \u00f6ccse. Feles\u00e9ge: Svaiczer Gabriella \/ Borka (Szatm\u00e1r, 1931., \u2020 Mv., 2006. nov. 21). Esk\u00fcv\u0151 (1951. m\u00e1j. 7). A fi\u00fak, Istv\u00e1n \u00e9p\u00edt\u00e9szm\u00e9rn\u00f6k (1952-?) Sv\u00e1jcban \u00e9l. A csal\u00e1d Mez\u0151k\u00f6lp\u00e9nyben gazd\u00e1lkodott. K\u00f6z\u00e9piskolai tanulm\u00e1nyait B\u00e9csben a Therezi\u00e1numban v\u00e9gezte, amely int\u00e9zm\u00e9ny \u00e1ttelep\u00fclt Sv\u00e1jcba, Sankt Gallenbe (1938), az Institut auf dem Roserbergenben Bregenzben \u00e9retts\u00e9gizett, a bp.-i Ludovika Akad\u00e9mi\u00e1n tanult (1939\u201342). Mv.-en t\u00fcz\u00e9rhadnagy (1943\u2013), alakulat\u00e1t a frontra vez\u00e9nyelt\u00e9k (1944\u2013), a keleti fronton harcolt, B\u00e9cs t\u00e9rs\u00e9g\u00e9ben szovjet hadifogs\u00e1gba esett (1945. \u00e1pr.), Szib\u00e9ri\u00e1ban, a Sztalinszk ma Novo-Kuznyeckk\u00f6rny\u00e9ki r\u00e9zb\u00e1ny\u00e1ban t\u00f6lt\u00f6tt n\u00e9gy \u00e9vet (1945\u201348). A csal\u00e1d Mez\u0151k\u00f6lp\u00e9nyben gazd\u00e1lkodott. Haza\u00e9rkezett Mez\u0151k\u00f6lp\u00e9nybe (1948. aug. 1.), ahol megpr\u00f3b\u00e1lta \u00fajrakezdeni a gazd\u00e1lkod\u00e1st. Mv. -re k\u00e9nyszerlakhelyre hurcolt\u00e1k (1949. m\u00e1rc. 2\u20133.). Itt tisztvisel\u0151 volt, egy p\u00e9ks\u00e9gbe ker\u00fclt, minden munk\u00e1t elv\u00e9gzett. Az 1956-os esem\u00e9nyek kapcs\u00e1n, fegyveres l\u00e1zad\u00e1st k\u00e9sz\u00edtettek el\u0151, letart\u00f3ztatt\u00e1k (1957. nov. 23.). A Szoboszlai-perben \u00e9letfogytiglani k\u00e9nyszermunk\u00e1ra \u00e9s szem\u00e9lyi vagyona elkobz\u00e1s\u00e1ra \u00edt\u00e9lt\u00e9k (1958. m\u00e1j. 30.). Temesv\u00e1ron, Aradon, Jilav\u00e1n, Galacon, Boto\u015faniban \u00e9s Szamos\u00fajv\u00e1ron raboskodott, amneszti\u00e1val szabadult (1964. j\u00fal. 30.). Kiszabadul\u00e1sa ut\u00e1n seg\u00e9dmunk\u00e1s, nyelv\u00f3r\u00e1kat tartott, n\u00e9metre tan\u00edtott di\u00e1kokat, majd a mv.-i Constructorul sz\u00f6vetkezetn\u00e9l tisztvisel\u0151k\u00e9nt dolgozott. Mez\u0151k\u00f6lp\u00e9nyben visszakapott t\u00edz hekt\u00e1r f\u00f6ldet \u00e9s t\u00edz hekt\u00e1r erd\u0151t, melynek rendbet\u00e9tel\u00e9vel pr\u00f3b\u00e1lkozott (1990-t\u0151l). Az utols\u00f3 a K\u00fanok k\u00f6z\u00fcl Erd\u00e9lyben. <br \/><strong>Irod.:<\/strong> 1956 Erd\u00e9lyben; \u00c1ldozatok; \u00c1ll\u00f3- \u00e9s mozg\u00f3k\u00e9pek; Berekm\u00e9ri; Berekm\u00e9ri: A mv.-i 27. hadoszt\u00e1ly; Bicsok-Orb\u00e1n; Bottoni 2006; Castellum \u00c9rtes\u00edt\u0151 (2005, 15\/1. sz); Gudenus; Mik\u00f3; Sepsisz\u00e9ki; T\u00f3falvi 1., 5.; T\u00f3falvi Zolt\u00e1n: A Szoboszlai-per (Sz\u00e9kelyf\u00f6ld, 9. sz., 2006) T\u00f3falvi Zolt\u00e1n szerint \u0151 K\u00fan n\u00e9ven \u00edrta al\u00e1 a kihallgat\u00e1si jegyz\u0151k\u00f6nyveket<\/br><\/p>\n","protected":false},"excerpt":{"rendered":"<p>Mv., 1920. jan. 22., vagy Mez\u0151k\u00f6lp\u00e9ny, 1920. febr. 23. \u2020 Mv., 2005. m\u00e1j. 27, temetve Mv. ref. temet\u0151: sz\u00e1zados, f\u00f6ldbirtokos. \u2013 Zsigmond (1882\u20131959) \u00e9s \u00e9rdszentkir\u00e1lyi Szentkir\u00e1lyi Ilona (1882\u20131957) fia, K. G\u00e9za K\u00e1roly \u00f6ccse. Feles\u00e9ge: Svaiczer Gabriella \/ Borka (Szatm\u00e1r, 1931., \u2020 Mv., 2006. nov. 21). Esk\u00fcv\u0151 (1951. m\u00e1j. 7). A fi\u00fak, Istv\u00e1n \u00e9p\u00edt\u00e9szm\u00e9rn\u00f6k (1952-?) Sv\u00e1jcban [&hellip;]<\/p>\n","protected":false},"featured_media":0,"comment_status":"open","ping_status":"closed","template":"","meta":[],"product_brand":[],"product_cat":[137],"product_tag":[],"class_list":{"0":"post-13349","1":"product","2":"type-product","3":"status-publish","5":"product_cat-maros-megyei-eletrajzi-lexikon","7":"first","8":"instock","9":"shipping-taxable","10":"product-type-simple"},"_links":{"self":[{"href":"https:\/\/uj.adatbank.ro\/lexikon\/wp-json\/wp\/v2\/product\/13349","targetHints":{"allow":["GET"]}}],"collection":[{"href":"https:\/\/uj.adatbank.ro\/lexikon\/wp-json\/wp\/v2\/product"}],"about":[{"href":"https:\/\/uj.adatbank.ro\/lexikon\/wp-json\/wp\/v2\/types\/product"}],"replies":[{"embeddable":true,"href":"https:\/\/uj.adatbank.ro\/lexikon\/wp-json\/wp\/v2\/comments?post=13349"}],"wp:attachment":[{"href":"https:\/\/uj.adatbank.ro\/lexikon\/wp-json\/wp\/v2\/media?parent=13349"}],"wp:term":[{"taxonomy":"product_brand","embeddable":true,"href":"https:\/\/uj.adatbank.ro\/lexikon\/wp-json\/wp\/v2\/product_brand?post=13349"},{"taxonomy":"product_cat","embeddable":true,"href":"https:\/\/uj.adatbank.ro\/lexikon\/wp-json\/wp\/v2\/product_cat?post=13349"},{"taxonomy":"product_tag","embeddable":true,"href":"https:\/\/uj.adatbank.ro\/lexikon\/wp-json\/wp\/v2\/product_tag?post=13349"}],"curies":[{"name":"wp","href":"https:\/\/api.w.org\/{rel}","templated":true}]}}

KÚN Zsigmond, Kuun, Kun, Kún Zsigmond, osdolai gr.

<p>Mv., 1920. jan. 22., vagy Mezőkölpény, 1920. febr. 23. † Mv., 2005. máj. 27, temetve Mv. ref. temető: százados, földbirtokos. – Zsigmond (1882–1959) és érdszentkirályi Szentkirályi Ilona (1882–1957) fia, K. Géza Károly öccse. Felesége: Svaiczer Gabriella / Borka (Szatmár, 1931., † Mv., 2006. nov. 21). Esküvő (1951. máj. 7). A fiúk, István építészmérnök (1952-?) Svájcban él. A család Mezőkölpényben gazdálkodott. Középiskolai tanulmányait Bécsben a Thereziánumban végezte, amely intézmény áttelepült Svájcba, Sankt Gallenbe (1938), az Institut auf dem Roserbergenben Bregenzben érettségizett, a bp.-i Ludovika Akadémián tanult (1939–42). Mv.-en tüzérhadnagy (1943–), alakulatát a frontra vezényelték (1944–), a keleti fronton harcolt, Bécs térségében szovjet hadifogságba esett (1945. ápr.), Szibériában, a Sztalinszk ma Novo-Kuznyeckkörnyéki rézbányában töltött négy évet (1945–48). A család Mezőkölpényben gazdálkodott. Hazaérkezett Mezőkölpénybe (1948. aug. 1.), ahol megpróbálta újrakezdeni a gazdálkodást. Mv. -re kényszerlakhelyre hurcolták (1949. márc. 2–3.). Itt tisztviselő volt, egy pékségbe került, minden munkát elvégzett. Az 1956-os események kapcsán, fegyveres lázadást készítettek elő, letartóztatták (1957. nov. 23.). A Szoboszlai-perben életfogytiglani kényszermunkára és személyi vagyona elkobzására ítélték (1958. máj. 30.). Temesváron, Aradon, Jilaván, Galacon, Botoşaniban és Szamosújváron raboskodott, amnesztiával szabadult (1964. júl. 30.). Kiszabadulása után segédmunkás, nyelvórákat tartott, németre tanított diákokat, majd a mv.-i Constructorul szövetkezetnél tisztviselőként dolgozott. Mezőkölpényben visszakapott tíz hektár földet és tíz hektár erdőt, melynek rendbetételével próbálkozott (1990-től). Az utolsó a Kúnok közül Erdélyben. <br /><strong>Irod.:</strong> 1956 Erdélyben; Áldozatok; Álló- és mozgóképek; Berekméri; Berekméri: A mv.-i 27. hadosztály; Bicsok-Orbán; Bottoni 2006; Castellum Értesítő (2005, 15/1. sz); Gudenus; Mikó; Sepsiszéki; Tófalvi 1., 5.; Tófalvi Zoltán: A Szoboszlai-per (Székelyföld, 9. sz., 2006) Tófalvi Zoltán szerint ő Kún néven írta alá a kihallgatási jegyzőkönyveket</br></p>

<p>Mv., 1920. jan. 22., vagy Mezőkölpény, 1920. febr. 23. † Mv., 2005. máj. 27, temetve Mv. ref. temető: százados, földbirtokos. – Zsigmond (1882–1959) és érdszentkirályi Szentkirályi Ilona (1882–1957) fia, K. Géza Károly öccse. Felesége: Svaiczer Gabriella / Borka (Szatmár, 1931., † Mv., 2006. nov. 21). Esküvő (1951. máj. 7). A fiúk, István építészmérnök (1952-?) Svájcban [&hellip;]</p>
