{"id":13350,"date":"2025-06-29T14:58:32","date_gmt":"2025-06-29T12:58:32","guid":{"rendered":"https:\/\/uj.adatbank.ro\/lexikon\/termek\/kun-zsigmond-osdolai-gr\/"},"modified":"2025-06-29T14:58:32","modified_gmt":"2025-06-29T12:58:32","slug":"kun-zsigmond-osdolai-gr","status":"publish","type":"product","link":"https:\/\/uj.adatbank.ro\/lexikon\/termek\/kun-zsigmond-osdolai-gr\/","title":{"rendered":"K\u00daN Zsigmond, osdolai gr."},"content":{"rendered":"<p>Mez\u0151k\u00f6lp\u00e9ny, 1882. \u00e1pr. 4., \u2020 Mv., 1959. okt. 15.: f\u00f6ldbirtokos, f\u0151hadnagy; f\u0151rendih\u00e1zi tag. \u2013 K\u00e1roly (1842. aug. 25\u20131889. jan. 26) \u00e9s K\u00e1szonyi Polix\u00e9nia (1842\u20131898) fia. Feles\u00e9ge \u00e9rdszentkir\u00e1lyi Szentkir\u00e1lyi Ilona (Mez\u0151pagocsa, 1882. dec. 2-Mv., 1957. jan. 17). Gyermekei: G\u00e9za K\u00e1roly Zsigmond (Bp., 1916. j\u00fan. 30- Kanada), Ilona (Mv. 1918. \u00e1pr, 12- USA), Zsigmond (Mv., 1920. jan. 22- Mv., 2005. m\u00e1j. 20). M\u00e1r 1506-ban primor sz\u00e9kely nemes volt a csal\u00e1d. Egyik \u0151se dr. Kunn Kocs\u00e1rd az EMK\u00c9-nek 2000 hold f\u00f6ldet adom\u00e1nyozott, Sz\u00e1szv\u00e1roson pedig a ref. Koll. -t alap\u00edtotta Tanulm\u00e1nyait Kv.-on \u00e9s Bp.-en v\u00e9gezte, majd a csal\u00e1di birtokot vezette Mez\u0151k\u00f6lp\u00e9nyben. 250 holdon folytatott korszer\u0171 gazd\u00e1lkod\u00e1st. A MP tagja, minden kultur\u00e1lis \u00e9s szoci\u00e1lis egyes\u00fclet \u00f6nzetlen t\u00e1mogat\u00f3ja volt. <br \/><strong>Irod.:<\/strong> Berekm\u00e9ri 2015; Gudenus; Sz\u00e9kelyf\u00f6ld \u00ed. k.<\/br><\/p>\n","protected":false},"excerpt":{"rendered":"<p>Mez\u0151k\u00f6lp\u00e9ny, 1882. \u00e1pr. 4., \u2020 Mv., 1959. okt. 15.: f\u00f6ldbirtokos, f\u0151hadnagy; f\u0151rendih\u00e1zi tag. \u2013 K\u00e1roly (1842. aug. 25\u20131889. jan. 26) \u00e9s K\u00e1szonyi Polix\u00e9nia (1842\u20131898) fia. Feles\u00e9ge \u00e9rdszentkir\u00e1lyi Szentkir\u00e1lyi Ilona (Mez\u0151pagocsa, 1882. dec. 2-Mv., 1957. jan. 17). Gyermekei: G\u00e9za K\u00e1roly Zsigmond (Bp., 1916. j\u00fan. 30- Kanada), Ilona (Mv. 1918. \u00e1pr, 12- USA), Zsigmond (Mv., 1920. jan. [&hellip;]<\/p>\n","protected":false},"featured_media":0,"comment_status":"open","ping_status":"closed","template":"","meta":[],"product_brand":[],"product_cat":[137],"product_tag":[],"class_list":{"0":"post-13350","1":"product","2":"type-product","3":"status-publish","5":"product_cat-maros-megyei-eletrajzi-lexikon","7":"first","8":"instock","9":"shipping-taxable","10":"product-type-simple"},"_links":{"self":[{"href":"https:\/\/uj.adatbank.ro\/lexikon\/wp-json\/wp\/v2\/product\/13350","targetHints":{"allow":["GET"]}}],"collection":[{"href":"https:\/\/uj.adatbank.ro\/lexikon\/wp-json\/wp\/v2\/product"}],"about":[{"href":"https:\/\/uj.adatbank.ro\/lexikon\/wp-json\/wp\/v2\/types\/product"}],"replies":[{"embeddable":true,"href":"https:\/\/uj.adatbank.ro\/lexikon\/wp-json\/wp\/v2\/comments?post=13350"}],"wp:attachment":[{"href":"https:\/\/uj.adatbank.ro\/lexikon\/wp-json\/wp\/v2\/media?parent=13350"}],"wp:term":[{"taxonomy":"product_brand","embeddable":true,"href":"https:\/\/uj.adatbank.ro\/lexikon\/wp-json\/wp\/v2\/product_brand?post=13350"},{"taxonomy":"product_cat","embeddable":true,"href":"https:\/\/uj.adatbank.ro\/lexikon\/wp-json\/wp\/v2\/product_cat?post=13350"},{"taxonomy":"product_tag","embeddable":true,"href":"https:\/\/uj.adatbank.ro\/lexikon\/wp-json\/wp\/v2\/product_tag?post=13350"}],"curies":[{"name":"wp","href":"https:\/\/api.w.org\/{rel}","templated":true}]}}