{"id":13355,"date":"2025-06-29T14:58:40","date_gmt":"2025-06-29T12:58:40","guid":{"rendered":"https:\/\/uj.adatbank.ro\/lexikon\/termek\/kun-kaali-szekely-primor-csalad\/"},"modified":"2025-06-29T14:58:40","modified_gmt":"2025-06-29T12:58:40","slug":"kun-kaali-szekely-primor-csalad","status":"publish","type":"product","link":"https:\/\/uj.adatbank.ro\/lexikon\/termek\/kun-kaali-szekely-primor-csalad\/","title":{"rendered":"KUN, ka\u00e1li sz\u00e9kely primor csal\u00e1d"},"content":{"rendered":"<p>Ismert t\u00f6rzse M\u00e1ty\u00e1s 1547-ben \u00e9l, neje g\u00e1ldt\u0151i Toldalaghi Magdolna volt. I. M\u00e1ty\u00e1snak unok\u00e1ja II. Benedek Marossz\u00e9kben \u2013 a csal\u00e1d f\u0151f\u00e9szk\u00e9ben \u2013 f\u0151 kir\u00e1lybir\u00f3 volt., II. Mih\u00e1lynak fia L\u00e1szl\u00f3 Enyed puszt\u00edt\u00e1sakor a R\u00e1k\u00f3czi forradalomban veszett el 1704-ben. Ugyan ez id\u0151t\u00e1jban III. M\u00e1ty\u00e1s marossz\u00e9ki al-kir\u00e1lybir\u00f3 volt ; II. Istv\u00e1nnak borosjen\u0151i Keser\u00fc Zs\u00f3fi\u00e1t\u00f3l sz\u00fcletett le\u00e1nya Erzs\u00e9bet tancsi gr\u00f3f F\u00f6ldv\u00e1ry Ferenc neje (meghalt 1770-ben), a mid\u0151n f\u00f6l\u00f6tte t\u00f6bben mond\u00e1nak halotti besz\u00e9deket, ezek egyik\u00e9ben (a V\u00f6r\u00f6st\u00f3i Gy\u00f6rgy\u00e9ben) k\u00f6zl\u00f6tt adatok szerint Erzs\u00e9bet \u00edgy sz\u00e1rmazik le: K\u00fan M\u00e1ty\u00e1snak Zacharias Zsuzsann\u00e1t\u00f3l fia volt K\u00fan L\u00e1szl\u00f3 marossz\u00e9ki f\u0151 kir\u00e1lybir\u00f3, ennek zabolai Mikes Ilon\u00e1t\u00f3l fia Istv\u00e1n, ki egy magyar ezred ezredese volt, \u00e9s borosjen\u0151i Keser\u00fc Zs\u00f3fi\u00e1t\u00f3l nemz\u00e9 K\u00fan Erzs\u00e9betet F\u00f6ldv\u00e1ry Ferencn\u00e9t. III. M\u00e1ty\u00e1s ellen 1720-ban az orsz\u00e1ggy\u00fcl\u00e9sen panasz emeltetett, hogy Marossz\u00e9kben k\u00e1li birtok\u00e1ban a helv. hitvall\u00e1suak egyh\u00e1z\u00e1t \u00f6nhatalmulag elfoglalta. A csal\u00e1d fi\u00e1gban e sz\u00e1zadik \u2013 mint kihal\u00e1saig j\u00f6ve le; sz\u00e9p birtokait a le\u00e1ny\u00e1gak \u00f6r\u00f6kl\u00e9k. Istv\u00e1n 1715. \u00e9vi c\u00edmerpecs\u00e9tje \u00e9s lesz\u00e1rmaz\u00e1si adatok a gr. Teleki-lev\u00e9lt\u00e1rban Mv. A 18. sz.-ban kihalt. <br \/><strong>Irod.:<\/strong> Kempelen; K\u0151v\u00e1ry; Nagy Iv\u00e1n; P\u00e1lmay<\/br><\/p>\n","protected":false},"excerpt":{"rendered":"<p>Ismert t\u00f6rzse M\u00e1ty\u00e1s 1547-ben \u00e9l, neje g\u00e1ldt\u0151i Toldalaghi Magdolna volt. I. M\u00e1ty\u00e1snak unok\u00e1ja II. Benedek Marossz\u00e9kben \u2013 a csal\u00e1d f\u0151f\u00e9szk\u00e9ben \u2013 f\u0151 kir\u00e1lybir\u00f3 volt., II. Mih\u00e1lynak fia L\u00e1szl\u00f3 Enyed puszt\u00edt\u00e1sakor a R\u00e1k\u00f3czi forradalomban veszett el 1704-ben. Ugyan ez id\u0151t\u00e1jban III. M\u00e1ty\u00e1s marossz\u00e9ki al-kir\u00e1lybir\u00f3 volt ; II. Istv\u00e1nnak borosjen\u0151i Keser\u00fc Zs\u00f3fi\u00e1t\u00f3l sz\u00fcletett le\u00e1nya Erzs\u00e9bet tancsi gr\u00f3f [&hellip;]<\/p>\n","protected":false},"featured_media":0,"comment_status":"open","ping_status":"closed","template":"","meta":[],"product_brand":[],"product_cat":[137],"product_tag":[],"class_list":{"0":"post-13355","1":"product","2":"type-product","3":"status-publish","5":"product_cat-maros-megyei-eletrajzi-lexikon","7":"first","8":"instock","9":"shipping-taxable","10":"product-type-simple"},"_links":{"self":[{"href":"https:\/\/uj.adatbank.ro\/lexikon\/wp-json\/wp\/v2\/product\/13355","targetHints":{"allow":["GET"]}}],"collection":[{"href":"https:\/\/uj.adatbank.ro\/lexikon\/wp-json\/wp\/v2\/product"}],"about":[{"href":"https:\/\/uj.adatbank.ro\/lexikon\/wp-json\/wp\/v2\/types\/product"}],"replies":[{"embeddable":true,"href":"https:\/\/uj.adatbank.ro\/lexikon\/wp-json\/wp\/v2\/comments?post=13355"}],"wp:attachment":[{"href":"https:\/\/uj.adatbank.ro\/lexikon\/wp-json\/wp\/v2\/media?parent=13355"}],"wp:term":[{"taxonomy":"product_brand","embeddable":true,"href":"https:\/\/uj.adatbank.ro\/lexikon\/wp-json\/wp\/v2\/product_brand?post=13355"},{"taxonomy":"product_cat","embeddable":true,"href":"https:\/\/uj.adatbank.ro\/lexikon\/wp-json\/wp\/v2\/product_cat?post=13355"},{"taxonomy":"product_tag","embeddable":true,"href":"https:\/\/uj.adatbank.ro\/lexikon\/wp-json\/wp\/v2\/product_tag?post=13355"}],"curies":[{"name":"wp","href":"https:\/\/api.w.org\/{rel}","templated":true}]}}