{"id":13366,"date":"2025-06-29T14:59:03","date_gmt":"2025-06-29T12:59:03","guid":{"rendered":"https:\/\/uj.adatbank.ro\/lexikon\/termek\/kupfer-karoly\/"},"modified":"2025-06-29T14:59:03","modified_gmt":"2025-06-29T12:59:03","slug":"kupfer-karoly","status":"publish","type":"product","link":"https:\/\/uj.adatbank.ro\/lexikon\/termek\/kupfer-karoly\/","title":{"rendered":"KUPFER K\u00e1roly"},"content":{"rendered":"<p>? \u2020 ?: igazgat\u00f3. \u2013 A dics\u0151szentm\u00e1rtoni Els\u0151 Erd\u00e9lyi \u00dcveggy\u00e1r RT (alap\u00edt\u00e1si \u00e9v 1925) vez\u00e9rigazgat\u00f3ja. J\u00f3l vezetett nagyipari v\u00e1llalat volt, melynek gy\u00e1rtm\u00e1nyai p\u00e1r \u00e9v alatt megh\u00f3d\u00edtott\u00e1k a belf\u00f6ldi piacot, ebben nagy r\u00e9sze volt az igazgat\u00f3 szak\u00e9rtelm\u00e9nek. <br \/><strong>Irod.:<\/strong> EBKL<\/br><\/p>\n","protected":false},"excerpt":{"rendered":"<p>? \u2020 ?: igazgat\u00f3. \u2013 A dics\u0151szentm\u00e1rtoni Els\u0151 Erd\u00e9lyi \u00dcveggy\u00e1r RT (alap\u00edt\u00e1si \u00e9v 1925) vez\u00e9rigazgat\u00f3ja. J\u00f3l vezetett nagyipari v\u00e1llalat volt, melynek gy\u00e1rtm\u00e1nyai p\u00e1r \u00e9v alatt megh\u00f3d\u00edtott\u00e1k a belf\u00f6ldi piacot, ebben nagy r\u00e9sze volt az igazgat\u00f3 szak\u00e9rtelm\u00e9nek. Irod.: EBKL<\/p>\n","protected":false},"featured_media":0,"comment_status":"open","ping_status":"closed","template":"","meta":[],"product_brand":[],"product_cat":[137],"product_tag":[],"class_list":{"0":"post-13366","1":"product","2":"type-product","3":"status-publish","5":"product_cat-maros-megyei-eletrajzi-lexikon","7":"first","8":"instock","9":"shipping-taxable","10":"product-type-simple"},"_links":{"self":[{"href":"https:\/\/uj.adatbank.ro\/lexikon\/wp-json\/wp\/v2\/product\/13366","targetHints":{"allow":["GET"]}}],"collection":[{"href":"https:\/\/uj.adatbank.ro\/lexikon\/wp-json\/wp\/v2\/product"}],"about":[{"href":"https:\/\/uj.adatbank.ro\/lexikon\/wp-json\/wp\/v2\/types\/product"}],"replies":[{"embeddable":true,"href":"https:\/\/uj.adatbank.ro\/lexikon\/wp-json\/wp\/v2\/comments?post=13366"}],"wp:attachment":[{"href":"https:\/\/uj.adatbank.ro\/lexikon\/wp-json\/wp\/v2\/media?parent=13366"}],"wp:term":[{"taxonomy":"product_brand","embeddable":true,"href":"https:\/\/uj.adatbank.ro\/lexikon\/wp-json\/wp\/v2\/product_brand?post=13366"},{"taxonomy":"product_cat","embeddable":true,"href":"https:\/\/uj.adatbank.ro\/lexikon\/wp-json\/wp\/v2\/product_cat?post=13366"},{"taxonomy":"product_tag","embeddable":true,"href":"https:\/\/uj.adatbank.ro\/lexikon\/wp-json\/wp\/v2\/product_tag?post=13366"}],"curies":[{"name":"wp","href":"https:\/\/api.w.org\/{rel}","templated":true}]}}