{"id":13368,"date":"2025-06-29T14:59:10","date_gmt":"2025-06-29T12:59:10","guid":{"rendered":"https:\/\/uj.adatbank.ro\/lexikon\/termek\/kurcsi-minya\/"},"modified":"2025-06-29T14:59:10","modified_gmt":"2025-06-29T12:59:10","slug":"kurcsi-minya","status":"publish","type":"product","link":"https:\/\/uj.adatbank.ro\/lexikon\/termek\/kurcsi-minya\/","title":{"rendered":"KURCSI Minya"},"content":{"rendered":"<p>Magyar\u00f3, 1897., \u2020 Magyar\u00f3, 1971 : mesemond\u00f3. \u2013 Erdei munk\u00e1s volt a Marosv\u00f6lgy\u00e9ben. \u2013 <strong>F. m.:<\/strong> Farag\u00f3 J\u00f3zsef : Kurcsi Minya havasi mesemond\u00f3 (Buk., 1969). <br \/><strong>Irod.:<\/strong> M\u00c9L<\/br><\/p>\n","protected":false},"excerpt":{"rendered":"<p>Magyar\u00f3, 1897., \u2020 Magyar\u00f3, 1971 : mesemond\u00f3. \u2013 Erdei munk\u00e1s volt a Marosv\u00f6lgy\u00e9ben. \u2013 F. m.: Farag\u00f3 J\u00f3zsef : Kurcsi Minya havasi mesemond\u00f3 (Buk., 1969). Irod.: M\u00c9L<\/p>\n","protected":false},"featured_media":0,"comment_status":"open","ping_status":"closed","template":"","meta":[],"product_brand":[],"product_cat":[137],"product_tag":[],"class_list":{"0":"post-13368","1":"product","2":"type-product","3":"status-publish","5":"product_cat-maros-megyei-eletrajzi-lexikon","7":"first","8":"instock","9":"shipping-taxable","10":"product-type-simple"},"_links":{"self":[{"href":"https:\/\/uj.adatbank.ro\/lexikon\/wp-json\/wp\/v2\/product\/13368","targetHints":{"allow":["GET"]}}],"collection":[{"href":"https:\/\/uj.adatbank.ro\/lexikon\/wp-json\/wp\/v2\/product"}],"about":[{"href":"https:\/\/uj.adatbank.ro\/lexikon\/wp-json\/wp\/v2\/types\/product"}],"replies":[{"embeddable":true,"href":"https:\/\/uj.adatbank.ro\/lexikon\/wp-json\/wp\/v2\/comments?post=13368"}],"wp:attachment":[{"href":"https:\/\/uj.adatbank.ro\/lexikon\/wp-json\/wp\/v2\/media?parent=13368"}],"wp:term":[{"taxonomy":"product_brand","embeddable":true,"href":"https:\/\/uj.adatbank.ro\/lexikon\/wp-json\/wp\/v2\/product_brand?post=13368"},{"taxonomy":"product_cat","embeddable":true,"href":"https:\/\/uj.adatbank.ro\/lexikon\/wp-json\/wp\/v2\/product_cat?post=13368"},{"taxonomy":"product_tag","embeddable":true,"href":"https:\/\/uj.adatbank.ro\/lexikon\/wp-json\/wp\/v2\/product_tag?post=13368"}],"curies":[{"name":"wp","href":"https:\/\/api.w.org\/{rel}","templated":true}]}}